{"id":706128,"date":"2025-08-27T15:52:53","date_gmt":"2025-08-27T12:52:53","guid":{"rendered":"https:\/\/roveyayinevi.com.tr\/index.php\/urun\/siyasi-dusunce-sozlugu\/"},"modified":"2026-04-16T02:14:53","modified_gmt":"2026-04-15T23:14:53","slug":"siyasi-dusunce-sozlugu","status":"publish","type":"product","link":"https:\/\/roveyayinevi.com.tr\/index.php\/urun\/siyasi-dusunce-sozlugu\/","title":{"rendered":"Siyasi D\u00fc\u015f\u00fcnce S\u00f6zl\u00fc\u011f\u00fc"},"content":{"rendered":"<p>Siyasi D\u00fc\u015f\u00fcnce S\u00f6zl\u00fc\u011f\u00fc, siyaset bilimi, siyaset teorisi, hukuk felsefesi, iktisad\u00ee d\u00fc\u015f\u00fcnce tarihi, bilgi teorisi, ahl\u00e2k gibi konularla ilgilenen herkese yard\u0131mc\u0131 olabilecek bir ba\u015fucu eseridir. S\u00f6zl\u00fck, benzer kitaplarda \u00e7o\u011fu zaman oldu\u011fu gibi, kavramlar\u0131n k\u0131sa anlamlar\u0131n\u0131 vermekle yetinmemekte, bir\u00e7ok kavram\u0131 derinlemesine ele alarak irdelemektedir. Bu, ona, ayn\u0131 zamanda, klasik bir s\u00f6zl\u00fck olmaya ilaveten, bir d\u00fc\u015f\u00fcnce ve ara\u015ft\u0131rma rehberi olma vasf\u0131n\u0131 kazand\u0131rmaktad\u0131r.Siyasi D\u00fc\u015f\u00fcnce S\u00f6zl\u00fc\u011f\u00fc T\u00fcrkiye&#8217;de az bulunan t\u00fcr\u00fcn\u00fcn en iyi \u00f6rneklerinden biri olarak okuyucuyla bulu\u015fuyor. <\/p>\n","protected":false},"excerpt":{"rendered":"<p>Siyasi D\u00fc\u015f\u00fcnce S\u00f6zl\u00fc\u011f\u00fc, siyaset bilimi, siyaset teorisi, hukuk felsefesi, iktisad\u00ee d\u00fc\u015f\u00fcnce tarihi, bilgi teorisi, ahl\u00e2k gibi konularla ilgilenen herkese yard\u0131mc\u0131 olabilecek bir ba\u015fucu eseridir. S\u00f6zl\u00fck, benzer<span class=\"excerpt-hellip\"> [\u2026]<\/span><\/p>\n","protected":false},"featured_media":0,"template":"","meta":{"_monsterinsights_skip_tracking":false,"_monsterinsights_sitenote_active":false,"_monsterinsights_sitenote_note":"","_monsterinsights_sitenote_category":0},"product_brand":[],"product_cat":[12337,14706],"product_tag":[],"class_list":{"0":"post-706128","1":"product","2":"type-product","3":"status-publish","5":"product_cat-politika-siyaset","6":"product_cat-siyaset-bilimi","7":"pa_cilt-ciltsiz","8":"pa_tur-kitap","9":"pa_yayinevi-adres-yayinlari","10":"pa_yazar-atilla-yayla","12":"first","13":"instock","14":"sale","15":"shipping-taxable","16":"purchasable","17":"product-type-simple"},"_links":{"self":[{"href":"https:\/\/roveyayinevi.com.tr\/index.php\/wp-json\/wp\/v2\/product\/706128","targetHints":{"allow":["GET"]}}],"collection":[{"href":"https:\/\/roveyayinevi.com.tr\/index.php\/wp-json\/wp\/v2\/product"}],"about":[{"href":"https:\/\/roveyayinevi.com.tr\/index.php\/wp-json\/wp\/v2\/types\/product"}],"wp:attachment":[{"href":"https:\/\/roveyayinevi.com.tr\/index.php\/wp-json\/wp\/v2\/media?parent=706128"}],"wp:term":[{"taxonomy":"product_brand","embeddable":true,"href":"https:\/\/roveyayinevi.com.tr\/index.php\/wp-json\/wp\/v2\/product_brand?post=706128"},{"taxonomy":"product_cat","embeddable":true,"href":"https:\/\/roveyayinevi.com.tr\/index.php\/wp-json\/wp\/v2\/product_cat?post=706128"},{"taxonomy":"product_tag","embeddable":true,"href":"https:\/\/roveyayinevi.com.tr\/index.php\/wp-json\/wp\/v2\/product_tag?post=706128"}],"curies":[{"name":"wp","href":"https:\/\/api.w.org\/{rel}","templated":true}]}}