{"id":706114,"date":"2025-08-27T15:52:47","date_gmt":"2025-08-27T12:52:47","guid":{"rendered":"https:\/\/roveyayinevi.com.tr\/index.php\/urun\/realiteyi-yaratma-rehberi\/"},"modified":"2026-04-16T02:14:52","modified_gmt":"2026-04-15T23:14:52","slug":"realiteyi-yaratma-rehberi","status":"publish","type":"product","link":"https:\/\/roveyayinevi.com.tr\/index.php\/urun\/realiteyi-yaratma-rehberi\/","title":{"rendered":"Realiteyi Yaratma Rehberi"},"content":{"rendered":"<p>Bu kitap, bu g\u00fcne dek verdi\u011fi ayd\u0131nlat\u0131c\u0131 \u00f6\u011fretilerle pek \u00e7ok insan\u0131 uyand\u0131rm\u0131\u015f ve ya\u015famlar\u0131n\u0131 ola\u011fan\u00fcst\u00fc bir bi\u00e7imde de\u011fi\u015ftirmi\u015f olan Ramtha&#8217;n\u0131n kendi kurdu\u011fu Ayd\u0131nlanma Okulu&#8217;nda \u00f6\u011frencilere giri\u015f dersi olarak sundu\u011fu \u00e7ok \u00f6nemli ve kadim bir bilgelik \u00f6\u011fretisini i\u00e7ermektedir. \ufffcTan\u0131t\u0131m Metni<\/p>\n","protected":false},"excerpt":{"rendered":"<p>Bu kitap, bu g\u00fcne dek verdi\u011fi ayd\u0131nlat\u0131c\u0131 \u00f6\u011fretilerle pek \u00e7ok insan\u0131 uyand\u0131rm\u0131\u015f ve ya\u015famlar\u0131n\u0131 ola\u011fan\u00fcst\u00fc bir bi\u00e7imde de\u011fi\u015ftirmi\u015f olan Ramtha&#8217;n\u0131n kendi kurdu\u011fu Ayd\u0131nlanma Okulu&#8217;nda \u00f6\u011frencilere giri\u015f<span class=\"excerpt-hellip\"> [\u2026]<\/span><\/p>\n","protected":false},"featured_media":0,"template":"","meta":{"_monsterinsights_skip_tracking":false,"_monsterinsights_sitenote_active":false,"_monsterinsights_sitenote_note":"","_monsterinsights_sitenote_category":0},"product_brand":[],"product_cat":[12364,16154],"product_tag":[],"class_list":{"0":"post-706114","1":"product","2":"type-product","3":"status-publish","5":"product_cat-genel-konular","6":"product_cat-parapsikoloji","7":"pa_tur-kitap","8":"pa_yayinevi-akasa-yayinlari","9":"pa_yazar-ramtha","11":"first","12":"instock","13":"sale","14":"shipping-taxable","15":"purchasable","16":"product-type-simple"},"_links":{"self":[{"href":"https:\/\/roveyayinevi.com.tr\/index.php\/wp-json\/wp\/v2\/product\/706114","targetHints":{"allow":["GET"]}}],"collection":[{"href":"https:\/\/roveyayinevi.com.tr\/index.php\/wp-json\/wp\/v2\/product"}],"about":[{"href":"https:\/\/roveyayinevi.com.tr\/index.php\/wp-json\/wp\/v2\/types\/product"}],"wp:attachment":[{"href":"https:\/\/roveyayinevi.com.tr\/index.php\/wp-json\/wp\/v2\/media?parent=706114"}],"wp:term":[{"taxonomy":"product_brand","embeddable":true,"href":"https:\/\/roveyayinevi.com.tr\/index.php\/wp-json\/wp\/v2\/product_brand?post=706114"},{"taxonomy":"product_cat","embeddable":true,"href":"https:\/\/roveyayinevi.com.tr\/index.php\/wp-json\/wp\/v2\/product_cat?post=706114"},{"taxonomy":"product_tag","embeddable":true,"href":"https:\/\/roveyayinevi.com.tr\/index.php\/wp-json\/wp\/v2\/product_tag?post=706114"}],"curies":[{"name":"wp","href":"https:\/\/api.w.org\/{rel}","templated":true}]}}