{"id":706107,"date":"2025-08-27T15:52:44","date_gmt":"2025-08-27T12:52:44","guid":{"rendered":"https:\/\/roveyayinevi.com.tr\/index.php\/urun\/modul-ve-halka-teori-latis-teorik-yaklasimlar\/"},"modified":"2026-04-16T02:14:52","modified_gmt":"2026-04-15T23:14:52","slug":"modul-ve-halka-teori-latis-teorik-yaklasimlar","status":"publish","type":"product","link":"https:\/\/roveyayinevi.com.tr\/index.php\/urun\/modul-ve-halka-teori-latis-teorik-yaklasimlar\/","title":{"rendered":"Mod\u00fcl ve Halka Teori Latis Teorik Yakla\u015f\u0131mlar"},"content":{"rendered":"<p>Yazarlar, bu \u00e7al\u0131\u015fmada temel soyut cebir \u00f6n bilgisi olan okuyucular\u0131n bile takip edebilece\u011fi a\u00e7\u0131kl\u0131kta ve katk\u0131s\u0131z olarak mod\u00fcl teoriyi sunmaktad\u0131rlar. Halkalar teorisinin yayg\u0131n olarak kullan\u0131lan \u00f6zel halka tipleri ve onlarla ilgili \u00e7ok a\u00e7\u0131k olmayan baz\u0131 ger\u00e7eklerin kan\u0131tlar\u0131 yap\u0131lmaktad\u0131r. \u0130leriki ara\u015ft\u0131rmalara taban olabilecek \u00f6zel mod\u00fcl ve alt mod\u00fcl s\u0131n\u0131flar\u0131 (g\u00f6receli injektif, tam de\u011fi\u015fmez, projeksiyon de\u011fi\u015fmez) ayr\u0131nt\u0131l\u0131 olarak verilmektedir. Son olarak, mod\u00fcl teori kavramlar\u0131n\u0131n latis teoriye bu cebirsel yap\u0131lar\u0131n kendine \u00f6zg\u00fc teknik yakla\u015f\u0131mlar\u0131 ile ge\u00e7i\u015f yap\u0131lm\u0131\u015f ve bu konuda literat\u00fcrde mevcut ya da g\u00fcncel olan sonu\u00e7lar vurgulanm\u0131\u015ft\u0131r. Kitab\u0131n ana metni bol \u00f6rnekler ve her kesim sonunda verilen farkl\u0131 seviyedeki problemlerle b\u00fct\u00fcnle\u015ftirilmi\u015ftir. <\/p>\n","protected":false},"excerpt":{"rendered":"<p>Yazarlar, bu \u00e7al\u0131\u015fmada temel soyut cebir \u00f6n bilgisi olan okuyucular\u0131n bile takip edebilece\u011fi a\u00e7\u0131kl\u0131kta ve katk\u0131s\u0131z olarak mod\u00fcl teoriyi sunmaktad\u0131rlar. Halkalar teorisinin yayg\u0131n olarak kullan\u0131lan \u00f6zel<span class=\"excerpt-hellip\"> [\u2026]<\/span><\/p>\n","protected":false},"featured_media":0,"template":"","meta":{"_monsterinsights_skip_tracking":false,"_monsterinsights_sitenote_active":false,"_monsterinsights_sitenote_note":"","_monsterinsights_sitenote_category":0},"product_brand":[],"product_cat":[12573,12566],"product_tag":[],"class_list":{"0":"post-706107","1":"product","2":"type-product","3":"status-publish","5":"product_cat-akademik-kitaplar","6":"product_cat-egitim","7":"pa_tur-kitap","8":"pa_yayinevi-efil-yayinevi","9":"pa_yazar-adnan-tercan","11":"first","12":"instock","13":"sale","14":"shipping-taxable","15":"purchasable","16":"product-type-simple"},"_links":{"self":[{"href":"https:\/\/roveyayinevi.com.tr\/index.php\/wp-json\/wp\/v2\/product\/706107","targetHints":{"allow":["GET"]}}],"collection":[{"href":"https:\/\/roveyayinevi.com.tr\/index.php\/wp-json\/wp\/v2\/product"}],"about":[{"href":"https:\/\/roveyayinevi.com.tr\/index.php\/wp-json\/wp\/v2\/types\/product"}],"wp:attachment":[{"href":"https:\/\/roveyayinevi.com.tr\/index.php\/wp-json\/wp\/v2\/media?parent=706107"}],"wp:term":[{"taxonomy":"product_brand","embeddable":true,"href":"https:\/\/roveyayinevi.com.tr\/index.php\/wp-json\/wp\/v2\/product_brand?post=706107"},{"taxonomy":"product_cat","embeddable":true,"href":"https:\/\/roveyayinevi.com.tr\/index.php\/wp-json\/wp\/v2\/product_cat?post=706107"},{"taxonomy":"product_tag","embeddable":true,"href":"https:\/\/roveyayinevi.com.tr\/index.php\/wp-json\/wp\/v2\/product_tag?post=706107"}],"curies":[{"name":"wp","href":"https:\/\/api.w.org\/{rel}","templated":true}]}}