{"id":706105,"date":"2025-08-27T15:52:43","date_gmt":"2025-08-27T12:52:43","guid":{"rendered":"https:\/\/roveyayinevi.com.tr\/index.php\/urun\/azgin-mevsimler\/"},"modified":"2026-04-16T02:14:52","modified_gmt":"2026-04-15T23:14:52","slug":"azgin-mevsimler","status":"publish","type":"product","link":"https:\/\/roveyayinevi.com.tr\/index.php\/urun\/azgin-mevsimler\/","title":{"rendered":"Azg\u0131n Mevsimler"},"content":{"rendered":"<p>Senden kalman\u0131 istemiyorum ya da seni buna zorlam\u0131yorum. Geminin kalkmas\u0131na daha be\u015f-alt\u0131 saat var, ondan \u00f6nce karar\u0131n\u0131 verebilirsin. Kalmak zorunda de\u011filsin. Paray\u0131 payla\u015ft\u0131r\u0131r\u0131m tabii. Bunun i\u00e7in \u00fczg\u00fcn\u00fcm. Kalmak istedi\u011finden emin de\u011filsen kalman\u0131 istemem. Ama san\u0131r\u0131m ben kalaca\u011f\u0131m. Hayat\u0131m\u0131n yar\u0131s\u0131 ge\u00e7ti, yar\u0131s\u0131ndan fazlas\u0131. Belki de y\u0131llard\u0131r ba\u015f\u0131ma gelen ger\u00e7ekten ola\u011fan\u00fcst\u00fc tek \u015fey, tek \u015fey sana a\u015f\u0131k olmakt\u0131. Y\u0131llard\u0131r olan ger\u00e7ekten ola\u011fan\u00fcst\u00fc tek \u015fey bu. <\/p>\n","protected":false},"excerpt":{"rendered":"<p>Senden kalman\u0131 istemiyorum ya da seni buna zorlam\u0131yorum. Geminin kalkmas\u0131na daha be\u015f-alt\u0131 saat var, ondan \u00f6nce karar\u0131n\u0131 verebilirsin. Kalmak zorunda de\u011filsin. Paray\u0131 payla\u015ft\u0131r\u0131r\u0131m tabii. Bunun i\u00e7in<span class=\"excerpt-hellip\"> [\u2026]<\/span><\/p>\n","protected":false},"featured_media":0,"template":"","meta":{"_monsterinsights_skip_tracking":false,"_monsterinsights_sitenote_active":false,"_monsterinsights_sitenote_note":"","_monsterinsights_sitenote_category":0},"product_brand":[],"product_cat":[12291,12711],"product_tag":[],"class_list":{"0":"post-706105","1":"product","2":"type-product","3":"status-publish","5":"product_cat-edebiyat","6":"product_cat-roman-oyku","7":"pa_cilt-ciltsiz","8":"pa_tur-kitap","9":"pa_yayinevi-can-yayinlari","10":"pa_yazar-raymond-carver","12":"first","13":"instock","14":"sale","15":"shipping-taxable","16":"purchasable","17":"product-type-simple"},"_links":{"self":[{"href":"https:\/\/roveyayinevi.com.tr\/index.php\/wp-json\/wp\/v2\/product\/706105","targetHints":{"allow":["GET"]}}],"collection":[{"href":"https:\/\/roveyayinevi.com.tr\/index.php\/wp-json\/wp\/v2\/product"}],"about":[{"href":"https:\/\/roveyayinevi.com.tr\/index.php\/wp-json\/wp\/v2\/types\/product"}],"wp:attachment":[{"href":"https:\/\/roveyayinevi.com.tr\/index.php\/wp-json\/wp\/v2\/media?parent=706105"}],"wp:term":[{"taxonomy":"product_brand","embeddable":true,"href":"https:\/\/roveyayinevi.com.tr\/index.php\/wp-json\/wp\/v2\/product_brand?post=706105"},{"taxonomy":"product_cat","embeddable":true,"href":"https:\/\/roveyayinevi.com.tr\/index.php\/wp-json\/wp\/v2\/product_cat?post=706105"},{"taxonomy":"product_tag","embeddable":true,"href":"https:\/\/roveyayinevi.com.tr\/index.php\/wp-json\/wp\/v2\/product_tag?post=706105"}],"curies":[{"name":"wp","href":"https:\/\/api.w.org\/{rel}","templated":true}]}}