{"id":706104,"date":"2025-08-27T15:52:43","date_gmt":"2025-08-27T12:52:43","guid":{"rendered":"https:\/\/roveyayinevi.com.tr\/index.php\/urun\/kimya-muhendisligine-giris-bugunden-yarina-temel-bilgiler\/"},"modified":"2026-04-16T02:14:52","modified_gmt":"2026-04-15T23:14:52","slug":"kimya-muhendisligine-giris-bugunden-yarina-temel-bilgiler","status":"publish","type":"product","link":"https:\/\/roveyayinevi.com.tr\/index.php\/urun\/kimya-muhendisligine-giris-bugunden-yarina-temel-bilgiler\/","title":{"rendered":"Kimya M\u00fchendisli\u011fine Giri\u015f: Bug\u00fcnden Yar\u0131na Temel Bilgiler"},"content":{"rendered":"<p>Kimya M\u00fchendisli\u011fine Giri\u015f, t\u00fcm kimya m\u00fchendisli\u011fi b\u00f6l\u00fcmlerinde birinci s\u0131n\u0131flara verilen zorunlu bir ders olup, kimya m\u00fchendisli\u011fi kapsam\u0131ndaki temel dersleri tan\u0131tmas\u0131 ve t\u00fcm disipline genel bir bak\u0131\u015f sa\u011flamas\u0131 a\u00e7\u0131s\u0131ndan \u00f6nemli bir kitapt\u0131r. \ufffcTan\u0131t\u0131m Metni<\/p>\n","protected":false},"excerpt":{"rendered":"<p>Kimya M\u00fchendisli\u011fine Giri\u015f, t\u00fcm kimya m\u00fchendisli\u011fi b\u00f6l\u00fcmlerinde birinci s\u0131n\u0131flara verilen zorunlu bir ders olup, kimya m\u00fchendisli\u011fi kapsam\u0131ndaki temel dersleri tan\u0131tmas\u0131 ve t\u00fcm disipline genel bir bak\u0131\u015f<span class=\"excerpt-hellip\"> [\u2026]<\/span><\/p>\n","protected":false},"featured_media":0,"template":"","meta":{"_monsterinsights_skip_tracking":false,"_monsterinsights_sitenote_active":false,"_monsterinsights_sitenote_note":"","_monsterinsights_sitenote_category":0},"product_brand":[],"product_cat":[12573,12566],"product_tag":[],"class_list":{"0":"post-706104","1":"product","2":"type-product","3":"status-publish","5":"product_cat-akademik-kitaplar","6":"product_cat-egitim","7":"pa_cilt-ciltsiz","8":"pa_tur-kitap","9":"pa_yayinevi-literatur-yayinevi-akademik","10":"pa_yazar-john-n-harb","11":"pa_yazar-kenneth-a-solen","13":"first","14":"instock","15":"sale","16":"shipping-taxable","17":"purchasable","18":"product-type-simple"},"_links":{"self":[{"href":"https:\/\/roveyayinevi.com.tr\/index.php\/wp-json\/wp\/v2\/product\/706104","targetHints":{"allow":["GET"]}}],"collection":[{"href":"https:\/\/roveyayinevi.com.tr\/index.php\/wp-json\/wp\/v2\/product"}],"about":[{"href":"https:\/\/roveyayinevi.com.tr\/index.php\/wp-json\/wp\/v2\/types\/product"}],"wp:attachment":[{"href":"https:\/\/roveyayinevi.com.tr\/index.php\/wp-json\/wp\/v2\/media?parent=706104"}],"wp:term":[{"taxonomy":"product_brand","embeddable":true,"href":"https:\/\/roveyayinevi.com.tr\/index.php\/wp-json\/wp\/v2\/product_brand?post=706104"},{"taxonomy":"product_cat","embeddable":true,"href":"https:\/\/roveyayinevi.com.tr\/index.php\/wp-json\/wp\/v2\/product_cat?post=706104"},{"taxonomy":"product_tag","embeddable":true,"href":"https:\/\/roveyayinevi.com.tr\/index.php\/wp-json\/wp\/v2\/product_tag?post=706104"}],"curies":[{"name":"wp","href":"https:\/\/api.w.org\/{rel}","templated":true}]}}