{"id":706102,"date":"2025-08-27T15:52:42","date_gmt":"2025-08-27T12:52:42","guid":{"rendered":"https:\/\/roveyayinevi.com.tr\/index.php\/urun\/oyun-ve-etkinliklerle-cografya-ogretimi\/"},"modified":"2026-04-16T02:14:52","modified_gmt":"2026-04-15T23:14:52","slug":"oyun-ve-etkinliklerle-cografya-ogretimi","status":"publish","type":"product","link":"https:\/\/roveyayinevi.com.tr\/index.php\/urun\/oyun-ve-etkinliklerle-cografya-ogretimi\/","title":{"rendered":"Oyun ve Etkinliklerle Co\u011frafya \u00d6\u011fretimi"},"content":{"rendered":"<p>Bu kitapta, ilk\u00f6\u011fretim okullar\u0131 4, 5, 6 ve 7. s\u0131n\u0131flar\u0131nda co\u011frafya \u00f6\u011fretimi s\u0131ras\u0131nda uygulanabilecek 80 \u00f6zg\u00fcn oyun ve etkinlik yer almaktad\u0131r. Kitap haz\u0131rlan\u0131rken \u00f6zellikle kazan\u0131mlar g\u00f6z \u00f6n\u00fcne al\u0131nm\u0131\u015ft\u0131r. Bir kazan\u0131m i\u00e7in \u00fcretilen oyunlar birka\u00e7 farkl\u0131 kazan\u0131ma da uygulanabilir niteliktedir. \ufffcTan\u0131t\u0131m Metni<\/p>\n","protected":false},"excerpt":{"rendered":"<p>Bu kitapta, ilk\u00f6\u011fretim okullar\u0131 4, 5, 6 ve 7. s\u0131n\u0131flar\u0131nda co\u011frafya \u00f6\u011fretimi s\u0131ras\u0131nda uygulanabilecek 80 \u00f6zg\u00fcn oyun ve etkinlik yer almaktad\u0131r. Kitap haz\u0131rlan\u0131rken \u00f6zellikle kazan\u0131mlar g\u00f6z<span class=\"excerpt-hellip\"> [\u2026]<\/span><\/p>\n","protected":false},"featured_media":0,"template":"","meta":{"_monsterinsights_skip_tracking":false,"_monsterinsights_sitenote_active":false,"_monsterinsights_sitenote_note":"","_monsterinsights_sitenote_category":0},"product_brand":[],"product_cat":[12573,12566],"product_tag":[],"class_list":{"0":"post-706102","1":"product","2":"type-product","3":"status-publish","5":"product_cat-akademik-kitaplar","6":"product_cat-egitim","7":"pa_cilt-ciltsiz","8":"pa_tur-kitap","9":"pa_yayinevi-ani-yayincilik","10":"pa_yazar-fatma-torun-reid","12":"first","13":"instock","14":"sale","15":"shipping-taxable","16":"purchasable","17":"product-type-simple"},"_links":{"self":[{"href":"https:\/\/roveyayinevi.com.tr\/index.php\/wp-json\/wp\/v2\/product\/706102","targetHints":{"allow":["GET"]}}],"collection":[{"href":"https:\/\/roveyayinevi.com.tr\/index.php\/wp-json\/wp\/v2\/product"}],"about":[{"href":"https:\/\/roveyayinevi.com.tr\/index.php\/wp-json\/wp\/v2\/types\/product"}],"wp:attachment":[{"href":"https:\/\/roveyayinevi.com.tr\/index.php\/wp-json\/wp\/v2\/media?parent=706102"}],"wp:term":[{"taxonomy":"product_brand","embeddable":true,"href":"https:\/\/roveyayinevi.com.tr\/index.php\/wp-json\/wp\/v2\/product_brand?post=706102"},{"taxonomy":"product_cat","embeddable":true,"href":"https:\/\/roveyayinevi.com.tr\/index.php\/wp-json\/wp\/v2\/product_cat?post=706102"},{"taxonomy":"product_tag","embeddable":true,"href":"https:\/\/roveyayinevi.com.tr\/index.php\/wp-json\/wp\/v2\/product_tag?post=706102"}],"curies":[{"name":"wp","href":"https:\/\/api.w.org\/{rel}","templated":true}]}}