{"id":706099,"date":"2025-08-27T15:52:41","date_gmt":"2025-08-27T12:52:41","guid":{"rendered":"https:\/\/roveyayinevi.com.tr\/index.php\/urun\/babil-yaratilis-destani\/"},"modified":"2026-04-16T02:14:52","modified_gmt":"2026-04-15T23:14:52","slug":"babil-yaratilis-destani","status":"publish","type":"product","link":"https:\/\/roveyayinevi.com.tr\/index.php\/urun\/babil-yaratilis-destani\/","title":{"rendered":"Babil Yarat\u0131l\u0131\u015f Destan\u0131"},"content":{"rendered":"<p>Evrenin, d\u00fcnyan\u0131n, kozmik b\u00f6lgelerin ve insan\u0131n yarat\u0131l\u0131\u015f\u0131, ard\u0131ndan da t\u00fcm bunlar\u0131 yaratan B\u00e2bil tanr\u0131s\u0131 Marduk\u2019un di\u011fer tanr\u0131lar taraf\u0131ndan zikredili\u015fini i\u00e7eren bu destan, G\u0131lgam\u0131\u015f Destan\u0131 ve Babil Hemeroloji Serisi\u2019nden sonra en iyi bilinen Mezopotamya eserleri aras\u0131nda yer al\u0131r. Bu destan okullarda, tap\u0131naklarda, y\u0131l\u0131n belli g\u00fcnlerinde belli ayinlerde okutulan kutsal bir kitap, edebi bir yap\u0131t ayn\u0131 zamanda da bir k\u00fclt\u00fcr hazinesi olarak Babil\u2019de, Babil Devleti\u2019nin Tanr\u0131 Marduk\u2019u temel alan dini, k\u00fclt\u00fcrel ve siyasi miras\u0131 sayesinde de t\u00fcm Mezopotamya\u2019da b\u00fcy\u00fck sayg\u0131 g\u00f6rm\u00fc\u015ft\u00fcr. B\u00e2bilceden T\u00fcrk\u00e7eye ilk kez \u00e7evrilen Babil Yarat\u0131l\u0131\u015f Destan\u0131 Hasan Ali Y\u00fccel Klasikler Dizisi\u2019nde. \ufffcTan\u0131t\u0131m Metni<\/p>\n","protected":false},"excerpt":{"rendered":"<p>Evrenin, d\u00fcnyan\u0131n, kozmik b\u00f6lgelerin ve insan\u0131n yarat\u0131l\u0131\u015f\u0131, ard\u0131ndan da t\u00fcm bunlar\u0131 yaratan B\u00e2bil tanr\u0131s\u0131 Marduk\u2019un di\u011fer tanr\u0131lar taraf\u0131ndan zikredili\u015fini i\u00e7eren bu destan, G\u0131lgam\u0131\u015f Destan\u0131 ve Babil<span class=\"excerpt-hellip\"> [\u2026]<\/span><\/p>\n","protected":false},"featured_media":0,"template":"","meta":{"_monsterinsights_skip_tracking":false,"_monsterinsights_sitenote_active":false,"_monsterinsights_sitenote_note":"","_monsterinsights_sitenote_category":0},"product_brand":[],"product_cat":[13661,12291],"product_tag":[],"class_list":{"0":"post-706099","1":"product","2":"type-product","3":"status-publish","5":"product_cat-diger-ulke-edebiyatlari","6":"product_cat-edebiyat","7":"pa_cilt-ciltsiz","8":"pa_tur-kitap","9":"pa_yayinevi-is-bankasi-kultur-yayinlari","10":"pa_yazar-kolektif","12":"first","13":"instock","14":"sale","15":"shipping-taxable","16":"purchasable","17":"product-type-simple"},"_links":{"self":[{"href":"https:\/\/roveyayinevi.com.tr\/index.php\/wp-json\/wp\/v2\/product\/706099","targetHints":{"allow":["GET"]}}],"collection":[{"href":"https:\/\/roveyayinevi.com.tr\/index.php\/wp-json\/wp\/v2\/product"}],"about":[{"href":"https:\/\/roveyayinevi.com.tr\/index.php\/wp-json\/wp\/v2\/types\/product"}],"wp:attachment":[{"href":"https:\/\/roveyayinevi.com.tr\/index.php\/wp-json\/wp\/v2\/media?parent=706099"}],"wp:term":[{"taxonomy":"product_brand","embeddable":true,"href":"https:\/\/roveyayinevi.com.tr\/index.php\/wp-json\/wp\/v2\/product_brand?post=706099"},{"taxonomy":"product_cat","embeddable":true,"href":"https:\/\/roveyayinevi.com.tr\/index.php\/wp-json\/wp\/v2\/product_cat?post=706099"},{"taxonomy":"product_tag","embeddable":true,"href":"https:\/\/roveyayinevi.com.tr\/index.php\/wp-json\/wp\/v2\/product_tag?post=706099"}],"curies":[{"name":"wp","href":"https:\/\/api.w.org\/{rel}","templated":true}]}}