{"id":706078,"date":"2025-08-27T15:52:33","date_gmt":"2025-08-27T12:52:33","guid":{"rendered":"https:\/\/roveyayinevi.com.tr\/index.php\/urun\/alise-kardes-geliyor\/"},"modified":"2025-11-11T03:50:43","modified_gmt":"2025-11-11T00:50:43","slug":"alise-kardes-geliyor","status":"publish","type":"product","link":"https:\/\/roveyayinevi.com.tr\/index.php\/urun\/alise-kardes-geliyor\/","title":{"rendered":"Ali\u015f&#8217;e Karde\u015f Geliyor"},"content":{"rendered":"<p>Ali\u015f\u2019in karde\u015fi olacakt\u0131.T\u00fcm aile \u00e7ok heyecanl\u0131yd\u0131.Ama Ali\u015f\u2019in korktu\u011fu bir \u015fey vard\u0131: Payla\u015fmak\u2026Oyuncaklar\u0131n\u0131, e\u015fyalar\u0131n\u0131\u2026Annesini, babas\u0131n\u0131, sevdiklerini; onlar\u0131n sevgisini\u2026Ali\u015f\u2019in bu yeni duruma al\u0131\u015fmas\u0131 pek kolay olmayacak gibi g\u00f6r\u00fcn\u00fcyordu.Ama sonra, neler oldu neler! <\/p>\n","protected":false},"excerpt":{"rendered":"<p>Ali\u015f\u2019in karde\u015fi olacakt\u0131.T\u00fcm aile \u00e7ok heyecanl\u0131yd\u0131.Ama Ali\u015f\u2019in korktu\u011fu bir \u015fey vard\u0131: Payla\u015fmak\u2026Oyuncaklar\u0131n\u0131, e\u015fyalar\u0131n\u0131\u2026Annesini, babas\u0131n\u0131, sevdiklerini; onlar\u0131n sevgisini\u2026Ali\u015f\u2019in bu yeni duruma al\u0131\u015fmas\u0131 pek kolay olmayacak gibi g\u00f6r\u00fcn\u00fcyordu.Ama<span class=\"excerpt-hellip\"> [\u2026]<\/span><\/p>\n","protected":false},"featured_media":0,"template":"","meta":{"_monsterinsights_skip_tracking":false,"_monsterinsights_sitenote_active":false,"_monsterinsights_sitenote_note":"","_monsterinsights_sitenote_category":0},"product_brand":[],"product_cat":[12274,12284],"product_tag":[],"class_list":{"0":"post-706078","1":"product","2":"type-product","3":"status-publish","5":"product_cat-cocuk-ve-genclik-kitaplari","6":"product_cat-hikayeler","7":"pa_cilt-ciltsiz","8":"pa_tur-kitap","9":"pa_yayinevi-dogan-egmont-yayincilik","10":"pa_yazar-canan-tan","12":"first","13":"instock","14":"sale","15":"shipping-taxable","16":"purchasable","17":"product-type-simple"},"_links":{"self":[{"href":"https:\/\/roveyayinevi.com.tr\/index.php\/wp-json\/wp\/v2\/product\/706078","targetHints":{"allow":["GET"]}}],"collection":[{"href":"https:\/\/roveyayinevi.com.tr\/index.php\/wp-json\/wp\/v2\/product"}],"about":[{"href":"https:\/\/roveyayinevi.com.tr\/index.php\/wp-json\/wp\/v2\/types\/product"}],"wp:attachment":[{"href":"https:\/\/roveyayinevi.com.tr\/index.php\/wp-json\/wp\/v2\/media?parent=706078"}],"wp:term":[{"taxonomy":"product_brand","embeddable":true,"href":"https:\/\/roveyayinevi.com.tr\/index.php\/wp-json\/wp\/v2\/product_brand?post=706078"},{"taxonomy":"product_cat","embeddable":true,"href":"https:\/\/roveyayinevi.com.tr\/index.php\/wp-json\/wp\/v2\/product_cat?post=706078"},{"taxonomy":"product_tag","embeddable":true,"href":"https:\/\/roveyayinevi.com.tr\/index.php\/wp-json\/wp\/v2\/product_tag?post=706078"}],"curies":[{"name":"wp","href":"https:\/\/api.w.org\/{rel}","templated":true}]}}