{"id":706067,"date":"2025-08-27T15:52:29","date_gmt":"2025-08-27T12:52:29","guid":{"rendered":"https:\/\/roveyayinevi.com.tr\/index.php\/urun\/nitel-arastirma-yontem-teknik-analiz-ve-yaklasimlari\/"},"modified":"2026-04-16T02:14:51","modified_gmt":"2026-04-15T23:14:51","slug":"nitel-arastirma-yontem-teknik-analiz-ve-yaklasimlari","status":"publish","type":"product","link":"https:\/\/roveyayinevi.com.tr\/index.php\/urun\/nitel-arastirma-yontem-teknik-analiz-ve-yaklasimlari\/","title":{"rendered":"Nitel Ara\u015ft\u0131rma Y\u00f6ntem, Teknik, Analiz Ve Yakla\u015f\u0131mlar\u0131"},"content":{"rendered":"<p>Bu kitapta nitel \u00e7al\u0131\u015fmalara a\u011f\u0131rl\u0131kl\u0131 olarak e\u011fitim bilimleri, yabanc\u0131 dil e\u011fitimi ve ba\u011flant\u0131l\u0131 \u00e7al\u0131\u015fmalardan yola \u00e7\u0131karak farkl\u0131 bir bak\u0131\u015f a\u00e7\u0131s\u0131 getirilmektedir. Ayr\u0131ca burada anlat\u0131lan t\u00fcm y\u00f6ntem ve tekniklerin t\u00fcm sosyal bilimler alanlar\u0131na uyarlanabilece\u011fi a\u00e7\u0131k\u00e7a her k\u0131s\u0131mda g\u00f6r\u00fclmektedir. Bu ba\u011flamda, bu kitap nitel \u00e7al\u0131\u015fmalar \u00fczerine yaz\u0131lm\u0131\u015f di\u011fer eserlerle birlikte T\u00fcrkiye\u2019de yap\u0131lan nitel ara\u015ft\u0131rmalar konusunda ara\u015ft\u0131rmac\u0131lar\u0131 ayd\u0131nlat\u0131c\u0131 bir \u00f6zellik ta\u015f\u0131makta ve ara\u015ft\u0131rma alan\u0131na \u00f6nemli bir katk\u0131 yapmaktad\u0131r. Bu kitab\u0131n amac\u0131 nitel ara\u015ft\u0131rma \u00f6\u011fretimi ve uygulamas\u0131nda ara\u015ft\u0131rmac\u0131lara, \u00f6\u011fretim elemanlar\u0131 ve \u00f6\u011frencilere yard\u0131mc\u0131 olmakt\u0131r. Kitap, post modern d\u00fcnyada etkili nitel ara\u015ft\u0131rma yapma konusunda \u00e7ok \u00e7e\u015fitli ara\u015ft\u0131rma y\u00f6ntemlerini sunmaktad\u0131r. Buna ek olarak, kitap, yukar\u0131da \u00f6zetlenen k\u0131s\u0131mlar\u0131nda, nitel ara\u015ft\u0131rman\u0131n g\u00f6z ard\u0131 edilmi\u015f veya pek kullan\u0131lmayan alanlar\u0131n\u0131 ve uygulama \u015fekillerini (i\u00e7erik analizi, anlat\u0131 vs.) sunarak bilim insanlar\u0131n\u0131 nitel ara\u015ft\u0131rma konusunda \u00e7al\u0131\u015fmaya te\u015fvik etmektedir (Ritchie, Lewis, Nicholls, ve Ormston, 2013).  Bu kitap, ayn\u0131 zamanda, \u201c\u2019iyi\u2019 veya \u2018kaliteli\u2019 bir nitel \u00e7al\u0131\u015fman\u0131n nas\u0131l olmas\u0131 gerekti\u011fini de anlatmaktad\u0131r (Potter, 2013).Ayr\u0131ca bu kitapta, nitel ara\u015ft\u0131rman\u0131n de\u011ferlendirilmesi ve nitel ara\u015ft\u0131rmaya de\u011fer bi\u00e7ilmesi konular\u0131na odaklan\u0131lmaktad\u0131r. Belirli bir ara\u015ft\u0131rma sorunu tespit edip bulgular\u0131 sunmaktan, tart\u0131\u015fma b\u00f6l\u00fcm\u00fcn\u00fc yazmaya kadar nitel bir \u00e7al\u0131\u015fman\u0131n temel bile\u015fenlerine \u0131\u015f\u0131k tutulmaktad\u0131r. Genel olarak, kitap, nitel ara\u015ft\u0131rma s\u0131ras\u0131nda kullan\u0131lan yakla\u015f\u0131mlar\u0131 anlamay\u0131 sa\u011flayacak bir mant\u0131k \u00e7er\u00e7evesini ara\u015ft\u0131rmac\u0131lara sunmaktad\u0131r.  <\/p>\n","protected":false},"excerpt":{"rendered":"<p>Bu kitapta nitel \u00e7al\u0131\u015fmalara a\u011f\u0131rl\u0131kl\u0131 olarak e\u011fitim bilimleri, yabanc\u0131 dil e\u011fitimi ve ba\u011flant\u0131l\u0131 \u00e7al\u0131\u015fmalardan yola \u00e7\u0131karak farkl\u0131 bir bak\u0131\u015f a\u00e7\u0131s\u0131 getirilmektedir. Ayr\u0131ca burada anlat\u0131lan t\u00fcm y\u00f6ntem<span class=\"excerpt-hellip\"> [\u2026]<\/span><\/p>\n","protected":false},"featured_media":0,"template":"","meta":{"_monsterinsights_skip_tracking":false,"_monsterinsights_sitenote_active":false,"_monsterinsights_sitenote_note":"","_monsterinsights_sitenote_category":0},"product_brand":[],"product_cat":[12573,12566],"product_tag":[],"class_list":{"0":"post-706067","1":"product","2":"type-product","3":"status-publish","5":"product_cat-akademik-kitaplar","6":"product_cat-egitim","7":"pa_cilt-ciltsiz","8":"pa_tur-kitap","9":"pa_yayinevi-ani-yayincilik","10":"pa_yazar-fatma-nevra-seggie","12":"first","13":"instock","14":"sale","15":"shipping-taxable","16":"purchasable","17":"product-type-simple"},"_links":{"self":[{"href":"https:\/\/roveyayinevi.com.tr\/index.php\/wp-json\/wp\/v2\/product\/706067","targetHints":{"allow":["GET"]}}],"collection":[{"href":"https:\/\/roveyayinevi.com.tr\/index.php\/wp-json\/wp\/v2\/product"}],"about":[{"href":"https:\/\/roveyayinevi.com.tr\/index.php\/wp-json\/wp\/v2\/types\/product"}],"wp:attachment":[{"href":"https:\/\/roveyayinevi.com.tr\/index.php\/wp-json\/wp\/v2\/media?parent=706067"}],"wp:term":[{"taxonomy":"product_brand","embeddable":true,"href":"https:\/\/roveyayinevi.com.tr\/index.php\/wp-json\/wp\/v2\/product_brand?post=706067"},{"taxonomy":"product_cat","embeddable":true,"href":"https:\/\/roveyayinevi.com.tr\/index.php\/wp-json\/wp\/v2\/product_cat?post=706067"},{"taxonomy":"product_tag","embeddable":true,"href":"https:\/\/roveyayinevi.com.tr\/index.php\/wp-json\/wp\/v2\/product_tag?post=706067"}],"curies":[{"name":"wp","href":"https:\/\/api.w.org\/{rel}","templated":true}]}}