{"id":706064,"date":"2025-08-27T15:52:28","date_gmt":"2025-08-27T12:52:28","guid":{"rendered":"https:\/\/roveyayinevi.com.tr\/index.php\/urun\/siirler-karsisiirler-baska-siirler\/"},"modified":"2026-04-16T02:14:51","modified_gmt":"2026-04-15T23:14:51","slug":"siirler-karsisiirler-baska-siirler","status":"publish","type":"product","link":"https:\/\/roveyayinevi.com.tr\/index.php\/urun\/siirler-karsisiirler-baska-siirler\/","title":{"rendered":"\u015eiirler Kar\u015f\u0131\u015fiirler Ba\u015fka \u015eiirler"},"content":{"rendered":"<p>Nicanor Parra (1914) Latin Amerika ve \u015eili\u2019nin ya\u015fayan en \u00f6nemli \u015fairlerinden Nicanor Parra ilk kez \u015eili\u2019de ortaya \u00e7\u0131kan ve \u00e7o\u011fu kez kendi ad\u0131yla an\u0131lan \u201cKar\u015f\u0131\u015fiir\u201d ak\u0131m\u0131n\u0131n \u00f6nc\u00fcs\u00fcd\u00fcr. Kar\u015f\u0131\u015fiir\u2019ini insan\u0131n, hayat\u0131n, d\u00fcnyan\u0131n g\u00fcl\u00fcn\u00e7 ve anlams\u0131z yan\u0131n\u0131 g\u00f6stermek \u00fczerine kuran Parra, insanl\u0131\u011f\u0131n yazg\u0131s\u0131n\u0131 karartan ak\u0131ld\u0131\u015f\u0131\u2019n\u0131n bas\u0131nc\u0131na kar\u015f\u0131 s\u00fcss\u00fcz, do\u011frudan, k\u00f6kten bir tonu tercih etmi\u015f ve lirizmden olabildi\u011fince uzakla\u015fmay\u0131 denemi\u015ftir. Kar\u015f\u0131\u015fiiri de karakterize eden a\u00e7\u0131k alayc\u0131l\u0131\u011f\u0131n k\u0131lavuzlu\u011funda, naz\u0131mdan \u00e7ok nesre meylederek, tek bir \u015fiirsel hedefe do\u011fru ilerlemeyi g\u00fctmeyen, zaman, kurgu ve anlamda yer yer keskin darbeli k\u0131r\u0131lmalar sergileyen, kopuk anlat\u0131larla akan sert bir \u015fiir geli\u015ftirir. Yaz\u0131l\u0131 ve s\u00f6zl\u00fc halk edebiyat\u0131 gelene\u011fi, 20. y\u00fczy\u0131l\u0131n ba\u015flar\u0131ndaki avangard ve modernist ak\u0131mlar ba\u015fta olmak \u00fczere, h\u00e2kim oldu\u011fu geni\u015f \u015fiirsel ve k\u00fclt\u00fcrel spektrumu, kendi ifadesiyle bu \u201cg\u00fcndo\u011fumu \u015fiiri\u201d i\u00e7in harekete ge\u00e7irir. \u015eairin edebiyat d\u00fcnyas\u0131nda b\u00fcy\u00fck yank\u0131 uyand\u0131ran ilk Kar\u015f\u0131\u015fiir \u00f6rneklerinden ba\u015flayarak 1970\u2019e kadarki en verimli d\u00f6nemine ait t\u00fcm \u015fiirlerini bir araya getiren \u015eiirler Kar\u015f\u0131\u015fiirler Ba\u015fka \u015eiirler Parra\u2019n\u0131n T\u00fcrk\u00e7e\u2019de yay\u0131mlanan ilk eseridir. <\/p>\n","protected":false},"excerpt":{"rendered":"<p>Nicanor Parra (1914) Latin Amerika ve \u015eili\u2019nin ya\u015fayan en \u00f6nemli \u015fairlerinden Nicanor Parra ilk kez \u015eili\u2019de ortaya \u00e7\u0131kan ve \u00e7o\u011fu kez kendi ad\u0131yla an\u0131lan \u201cKar\u015f\u0131\u015fiir\u201d ak\u0131m\u0131n\u0131n<span class=\"excerpt-hellip\"> [\u2026]<\/span><\/p>\n","protected":false},"featured_media":0,"template":"","meta":{"_monsterinsights_skip_tracking":false,"_monsterinsights_sitenote_active":false,"_monsterinsights_sitenote_note":"","_monsterinsights_sitenote_category":0},"product_brand":[],"product_cat":[12291,12509],"product_tag":[],"class_list":{"0":"post-706064","1":"product","2":"type-product","3":"status-publish","5":"product_cat-edebiyat","6":"product_cat-siir","7":"pa_cilt-ciltsiz","8":"pa_tur-kitap","9":"pa_yayinevi-ayrinti-yayinlari","10":"pa_yazar-nicanor-parra","12":"first","13":"instock","14":"sale","15":"shipping-taxable","16":"purchasable","17":"product-type-simple"},"_links":{"self":[{"href":"https:\/\/roveyayinevi.com.tr\/index.php\/wp-json\/wp\/v2\/product\/706064","targetHints":{"allow":["GET"]}}],"collection":[{"href":"https:\/\/roveyayinevi.com.tr\/index.php\/wp-json\/wp\/v2\/product"}],"about":[{"href":"https:\/\/roveyayinevi.com.tr\/index.php\/wp-json\/wp\/v2\/types\/product"}],"wp:attachment":[{"href":"https:\/\/roveyayinevi.com.tr\/index.php\/wp-json\/wp\/v2\/media?parent=706064"}],"wp:term":[{"taxonomy":"product_brand","embeddable":true,"href":"https:\/\/roveyayinevi.com.tr\/index.php\/wp-json\/wp\/v2\/product_brand?post=706064"},{"taxonomy":"product_cat","embeddable":true,"href":"https:\/\/roveyayinevi.com.tr\/index.php\/wp-json\/wp\/v2\/product_cat?post=706064"},{"taxonomy":"product_tag","embeddable":true,"href":"https:\/\/roveyayinevi.com.tr\/index.php\/wp-json\/wp\/v2\/product_tag?post=706064"}],"curies":[{"name":"wp","href":"https:\/\/api.w.org\/{rel}","templated":true}]}}