{"id":706058,"date":"2025-08-27T15:52:26","date_gmt":"2025-08-27T12:52:26","guid":{"rendered":"https:\/\/roveyayinevi.com.tr\/index.php\/urun\/bebek-annem\/"},"modified":"2026-04-16T02:14:36","modified_gmt":"2026-04-15T23:14:36","slug":"bebek-annem","status":"publish","type":"product","link":"https:\/\/roveyayinevi.com.tr\/index.php\/urun\/bebek-annem\/","title":{"rendered":"Bebek Annem"},"content":{"rendered":"<p>El \u00f6rg\u00fcs\u00fc bir kazak ka\u00e7 ki\u015fiyi \u0131s\u0131tabilir?\u00c7ok sevilen mizah ustas\u0131, yazar Behi\u00e7 Ak, Ya\u015fas\u0131n \u00c7 Harfi Karde\u015fli\u011fi, Postayla Gelen Deniz Kabu\u011fu ve Eve Giden K\u00fc\u00e7\u00fck Trenadl\u0131 \u00e7ocuk romanlar\u0131ndan olu\u015fan koleksiyonuna yenisini ekledi. Arkada\u015f\u0131n\u0131n y\u00fcz\u00fcn\u00fc g\u00fcld\u00fcrmek i\u00e7in k\u00fc\u00e7\u00fcc\u00fck bir kalbin ne b\u00fcy\u00fck i\u015fler yapabilece\u011fini muzip bir dille anlatan yazar, \u00f6zg\u00fcn desenleriyle de birbirinden ilgin\u00e7 karakterlere hayat verdi. Toplukonut k\u00fclt\u00fcr\u00fcne, t\u00fcketim toplumuna ele\u015ftirel bir bak\u0131\u015f getiren roman, modern zamanlar\u0131n \u201cnormal\u201d kavram\u0131n\u0131 da \u00e7ocuklar\u0131n d\u00fc\u015fsel penceresinden tart\u0131\u015fmaya a\u00e7\u0131yor. Unutulan de\u011ferleri hat\u0131rlatan, dayan\u0131\u015fmay\u0131 ve sevgiyi y\u00fccelten kitap, yeti\u015fkinlerin s\u0131k\u0131c\u0131 d\u00fcnyas\u0131n\u0131n d\u0131\u015f\u0131nda, kendi dillerini konu\u015fan \u00e7ocuklara hediye niteli\u011finde.Yeni s\u0131n\u0131f\u0131na al\u0131\u015fmaya \u00e7al\u0131\u015fan Ziya, okula hi\u00e7 gelmeyen s\u0131ra arkada\u015f\u0131 \u015eule\u2019yi her ge\u00e7en g\u00fcn daha \u00e7ok merak etmektedir. Ge\u00e7 de olsa tan\u0131\u015fan ikili, \u015eule\u2019nin annesinin sa\u011fl\u0131\u011f\u0131na kavu\u015fmas\u0131 i\u00e7in sevginin iyile\u015ftirici g\u00fcc\u00fcn\u00fc ilmek ilmek \u00f6rmeye ba\u015flar. \u00c7ocuklar; esrarengiz K\u0131p\u0131rdamayan Adam, tambaki bal\u0131\u011f\u0131 ve \u00f6rg\u00fc kursundakilerin yard\u0131m\u0131yla bir anneyi yeniden g\u00fcl\u00fcmsetebilecek midir?.. <\/p>\n","protected":false},"excerpt":{"rendered":"<p>El \u00f6rg\u00fcs\u00fc bir kazak ka\u00e7 ki\u015fiyi \u0131s\u0131tabilir?\u00c7ok sevilen mizah ustas\u0131, yazar Behi\u00e7 Ak, Ya\u015fas\u0131n \u00c7 Harfi Karde\u015fli\u011fi, Postayla Gelen Deniz Kabu\u011fu ve Eve Giden K\u00fc\u00e7\u00fck Trenadl\u0131<span class=\"excerpt-hellip\"> [\u2026]<\/span><\/p>\n","protected":false},"featured_media":0,"template":"","meta":{"_monsterinsights_skip_tracking":false,"_monsterinsights_sitenote_active":false,"_monsterinsights_sitenote_note":"","_monsterinsights_sitenote_category":0},"product_brand":[],"product_cat":[12274,12284],"product_tag":[],"class_list":{"0":"post-706058","1":"product","2":"type-product","3":"status-publish","5":"product_cat-cocuk-ve-genclik-kitaplari","6":"product_cat-hikayeler","7":"pa_cilt-ciltsiz","8":"pa_tur-kitap","9":"pa_yayinevi-gunisigi-kitapligi","10":"pa_yazar-behic-ak","12":"first","13":"instock","14":"sale","15":"shipping-taxable","16":"purchasable","17":"product-type-simple"},"_links":{"self":[{"href":"https:\/\/roveyayinevi.com.tr\/index.php\/wp-json\/wp\/v2\/product\/706058","targetHints":{"allow":["GET"]}}],"collection":[{"href":"https:\/\/roveyayinevi.com.tr\/index.php\/wp-json\/wp\/v2\/product"}],"about":[{"href":"https:\/\/roveyayinevi.com.tr\/index.php\/wp-json\/wp\/v2\/types\/product"}],"wp:attachment":[{"href":"https:\/\/roveyayinevi.com.tr\/index.php\/wp-json\/wp\/v2\/media?parent=706058"}],"wp:term":[{"taxonomy":"product_brand","embeddable":true,"href":"https:\/\/roveyayinevi.com.tr\/index.php\/wp-json\/wp\/v2\/product_brand?post=706058"},{"taxonomy":"product_cat","embeddable":true,"href":"https:\/\/roveyayinevi.com.tr\/index.php\/wp-json\/wp\/v2\/product_cat?post=706058"},{"taxonomy":"product_tag","embeddable":true,"href":"https:\/\/roveyayinevi.com.tr\/index.php\/wp-json\/wp\/v2\/product_tag?post=706058"}],"curies":[{"name":"wp","href":"https:\/\/api.w.org\/{rel}","templated":true}]}}