{"id":706051,"date":"2025-08-27T15:52:23","date_gmt":"2025-08-27T12:52:23","guid":{"rendered":"https:\/\/roveyayinevi.com.tr\/index.php\/urun\/degisen-hayatim-zehir\/"},"modified":"2026-04-08T02:19:29","modified_gmt":"2026-04-07T23:19:29","slug":"degisen-hayatim-zehir","status":"publish","type":"product","link":"https:\/\/roveyayinevi.com.tr\/index.php\/urun\/degisen-hayatim-zehir\/","title":{"rendered":"De\u011fi\u015fen Hayat\u0131m: Zehir"},"content":{"rendered":"<p>&#8220;Ben onu i\u00e7ine d\u00fc\u015ft\u00fc\u011f\u00fc durumdan kurtarmak isterken, asl\u0131nda bir batakl\u0131\u011f\u0131n ortas\u0131nda oldu\u011fumun fark\u0131na varamam\u0131\u015ft\u0131m. Onu kurtarmak i\u00e7in \u00e7\u0131rp\u0131nd\u0131k\u00e7a daha da g\u00f6m\u00fcl\u00fcyordum.&#8221; Ge\u00e7mi\u015finde yapt\u0131\u011f\u0131 bir hatayla hayat\u0131n\u0131 mahveden Ayaz, kendisi gibi sorunlu \u00e7ocuklardan olu\u015fturdu\u011fu grubuyla yasad\u0131\u015f\u0131 i\u015flere bula\u015f\u0131r. Kavgac\u0131 ve tehlikeli biri olan Ayaz, adeta kendi hayat\u0131yla kumar oynamaktad\u0131r. Her ge\u00e7en g\u00fcn biraz daha kaybolup kendini g\u00fcnden g\u00fcne zehirlemeye devam ederken, uzun zamand\u0131r hissetmedi\u011fi bir duyguyla afallar: Sevgi tek ba\u015f\u0131na oynad\u0131\u011f\u0131 bu \u00f6l\u00fcm kal\u0131m oyununda art\u0131k yaln\u0131z de\u011fildir. <\/p>\n","protected":false},"excerpt":{"rendered":"<p>&#8220;Ben onu i\u00e7ine d\u00fc\u015ft\u00fc\u011f\u00fc durumdan kurtarmak isterken, asl\u0131nda bir batakl\u0131\u011f\u0131n ortas\u0131nda oldu\u011fumun fark\u0131na varamam\u0131\u015ft\u0131m. Onu kurtarmak i\u00e7in \u00e7\u0131rp\u0131nd\u0131k\u00e7a daha da g\u00f6m\u00fcl\u00fcyordum.&#8221; Ge\u00e7mi\u015finde yapt\u0131\u011f\u0131 bir hatayla hayat\u0131n\u0131<span class=\"excerpt-hellip\"> [\u2026]<\/span><\/p>\n","protected":false},"featured_media":0,"template":"","meta":{"_monsterinsights_skip_tracking":false,"_monsterinsights_sitenote_active":false,"_monsterinsights_sitenote_note":"","_monsterinsights_sitenote_category":0},"product_brand":[],"product_cat":[12291,12711],"product_tag":[],"class_list":{"0":"post-706051","1":"product","2":"type-product","3":"status-publish","5":"product_cat-edebiyat","6":"product_cat-roman-oyku","7":"pa_cilt-ciltsiz","8":"pa_tur-kitap","9":"pa_yayinevi-epsilon-yayinlari","10":"pa_yazar-neslihan-gedik","12":"first","13":"instock","14":"sale","15":"shipping-taxable","16":"purchasable","17":"product-type-simple"},"_links":{"self":[{"href":"https:\/\/roveyayinevi.com.tr\/index.php\/wp-json\/wp\/v2\/product\/706051","targetHints":{"allow":["GET"]}}],"collection":[{"href":"https:\/\/roveyayinevi.com.tr\/index.php\/wp-json\/wp\/v2\/product"}],"about":[{"href":"https:\/\/roveyayinevi.com.tr\/index.php\/wp-json\/wp\/v2\/types\/product"}],"wp:attachment":[{"href":"https:\/\/roveyayinevi.com.tr\/index.php\/wp-json\/wp\/v2\/media?parent=706051"}],"wp:term":[{"taxonomy":"product_brand","embeddable":true,"href":"https:\/\/roveyayinevi.com.tr\/index.php\/wp-json\/wp\/v2\/product_brand?post=706051"},{"taxonomy":"product_cat","embeddable":true,"href":"https:\/\/roveyayinevi.com.tr\/index.php\/wp-json\/wp\/v2\/product_cat?post=706051"},{"taxonomy":"product_tag","embeddable":true,"href":"https:\/\/roveyayinevi.com.tr\/index.php\/wp-json\/wp\/v2\/product_tag?post=706051"}],"curies":[{"name":"wp","href":"https:\/\/api.w.org\/{rel}","templated":true}]}}