{"id":706042,"date":"2025-08-27T15:52:19","date_gmt":"2025-08-27T12:52:19","guid":{"rendered":"https:\/\/roveyayinevi.com.tr\/index.php\/urun\/harbi-yiyorum\/"},"modified":"2026-04-16T02:14:36","modified_gmt":"2026-04-15T23:14:36","slug":"harbi-yiyorum","status":"publish","type":"product","link":"https:\/\/roveyayinevi.com.tr\/index.php\/urun\/harbi-yiyorum\/","title":{"rendered":"Harbi Yiyorum"},"content":{"rendered":"<p>&#8220;Do\u011frusu yeme i\u00e7me konular\u0131yla u\u011fra\u015fan biri olarak onun el att\u0131\u011f\u0131 alanlardaki derinli\u011fine, ara\u015ft\u0131rmalar\u0131na \u015fapka \u00e7\u0131kard\u0131m.&#8221;Ahmet \u00d6rs &#8211; Sabah&#8221;Bir \u015fehri gezeceksiniz ve nerede ne yenir bilmiyorsan\u0131z Harbi Yiyorum var. Bir nev-i yeme-i\u00e7me k\u00fclliyat\u0131.&#8221;\u0130nci Tulpar &#8211; Posta&#8221;Onu takip etmemin nedeni bir felsefesinin olmas\u0131. Kendisine halk gurmesi diyor ve arka sokak lezzetlerini ke\u015ffediyor. \u00c7ok g\u00fczel foto\u011fraflar e\u015fli\u011finde mekan ve sahibinin hikayesini yaz\u0131yor.&#8221;Sava\u015f \u00d6zbey &#8211; H\u00fcrriyet&#8221;\u0130ster sanat i\u00e7in yiyorum, ister toplum i\u00e7in yiyorum deyin, T\u00fcrkiye&#8217;de yeme-i\u00e7me ile ilgili arad\u0131\u011f\u0131n\u0131z\u0131 bulaca\u011f\u0131n\u0131z yer buras\u0131.&#8221;Ek\u015fis\u00f6zl\u00fckModern \u00e7a\u011f\u0131n avc\u0131l\u0131\u011f\u0131d\u0131r lezzet pe\u015finde ko\u015fmak. \u00d6l\u00e7e\u011fi evrensel ebata getirdi\u011fimiz zaman \u015funun \u015furas\u0131nda yery\u00fcz\u00fcnde daha birinci g\u00fcn\u00fcn\u00fc ya\u015fayan insan i\u00e7in avc\u0131-toplay\u0131c\u0131 atalar\u0131n\u0131n i\u00e7 g\u00fcd\u00fclerinden pek de uzakla\u015ft\u0131\u011f\u0131 s\u00f6ylenemez. \u0130\u015fte bu kitap modern zaman avc\u0131lar\u0131na adanm\u0131\u015ft\u0131r.Harbi Yiyorum&#8217;da Salih Se\u00e7kin Sevin\u00e7&#8217;in T\u00fcrkiye&#8217;de 6 y\u0131lda ke\u015ffetti\u011fi 130 ayr\u0131 lezzeti ve bu lezzeti nerede avlayaca\u011f\u0131n\u0131z\u0131 bulacaks\u0131n\u0131z! <\/p>\n","protected":false},"excerpt":{"rendered":"<p>&#8220;Do\u011frusu yeme i\u00e7me konular\u0131yla u\u011fra\u015fan biri olarak onun el att\u0131\u011f\u0131 alanlardaki derinli\u011fine, ara\u015ft\u0131rmalar\u0131na \u015fapka \u00e7\u0131kard\u0131m.&#8221;Ahmet \u00d6rs &#8211; Sabah&#8221;Bir \u015fehri gezeceksiniz ve nerede ne yenir bilmiyorsan\u0131z Harbi<span class=\"excerpt-hellip\"> [\u2026]<\/span><\/p>\n","protected":false},"featured_media":0,"template":"","meta":{"_monsterinsights_skip_tracking":false,"_monsterinsights_sitenote_active":false,"_monsterinsights_sitenote_note":"","_monsterinsights_sitenote_category":0},"product_brand":[],"product_cat":[13402,13365],"product_tag":[],"class_list":{"0":"post-706042","1":"product","2":"type-product","3":"status-publish","5":"product_cat-beslenme-ve-diyet","6":"product_cat-saglik","7":"pa_cilt-ciltsiz","8":"pa_tur-kitap","9":"pa_yayinevi-hayykitap","10":"pa_yazar-salih-seckin-sevinc","12":"first","13":"instock","14":"sale","15":"shipping-taxable","16":"purchasable","17":"product-type-simple"},"_links":{"self":[{"href":"https:\/\/roveyayinevi.com.tr\/index.php\/wp-json\/wp\/v2\/product\/706042","targetHints":{"allow":["GET"]}}],"collection":[{"href":"https:\/\/roveyayinevi.com.tr\/index.php\/wp-json\/wp\/v2\/product"}],"about":[{"href":"https:\/\/roveyayinevi.com.tr\/index.php\/wp-json\/wp\/v2\/types\/product"}],"wp:attachment":[{"href":"https:\/\/roveyayinevi.com.tr\/index.php\/wp-json\/wp\/v2\/media?parent=706042"}],"wp:term":[{"taxonomy":"product_brand","embeddable":true,"href":"https:\/\/roveyayinevi.com.tr\/index.php\/wp-json\/wp\/v2\/product_brand?post=706042"},{"taxonomy":"product_cat","embeddable":true,"href":"https:\/\/roveyayinevi.com.tr\/index.php\/wp-json\/wp\/v2\/product_cat?post=706042"},{"taxonomy":"product_tag","embeddable":true,"href":"https:\/\/roveyayinevi.com.tr\/index.php\/wp-json\/wp\/v2\/product_tag?post=706042"}],"curies":[{"name":"wp","href":"https:\/\/api.w.org\/{rel}","templated":true}]}}