{"id":706017,"date":"2025-08-27T15:51:30","date_gmt":"2025-08-27T12:51:30","guid":{"rendered":"https:\/\/roveyayinevi.com.tr\/index.php\/urun\/fomenta\/"},"modified":"2026-04-16T02:14:35","modified_gmt":"2026-04-15T23:14:35","slug":"fomenta","status":"publish","type":"product","link":"https:\/\/roveyayinevi.com.tr\/index.php\/urun\/fomenta\/","title":{"rendered":"Fomenta"},"content":{"rendered":"<p>Hayat\u0131n\u0131n a\u015fk\u0131 bu evrene ama bu zamana ait olmasayd\u0131 hal\u00fcsinasyon g\u00f6rd\u00fc\u011f\u00fcn\u00fc m\u00fc d\u00fc\u015f\u00fcn\u00fcrd\u00fcn?Sevdi\u011fin ki\u015fiyi g\u00f6rebilmenin tek yolu olan ruhsal hastal\u0131klar\u0131n\u0131n iyile\u015ftirilmesine izin verir miydin?Akl\u0131 ba\u015f\u0131nda insanlar d\u00fcnyevi hal\u00fcsinasyonlara inananlar m\u0131d\u0131r?Bedensel nezaretten kurtulup i\u00e7inde evrenlerin y\u00fczd\u00fc\u011f\u00fc Fomenta\u2019ya ula\u015ft\u0131\u011f\u0131nda ya\u015fam eskisinden daha b\u00fcy\u00fcleyici olacak. \u00d6nceki ya\u015famlar\u0131n\u0131 hat\u0131rlamaya \u00e7al\u0131\u015f karde\u015fim ve y\u00fczlerce ya\u015fam tecr\u00fcbenle \u00f6l\u00fcm sonras\u0131nda kavu\u015faca\u011f\u0131n yeni bedenine haz\u0131rlan. Korkma karde\u015fim, gel i\u00e7eri. <\/p>\n","protected":false},"excerpt":{"rendered":"<p>Hayat\u0131n\u0131n a\u015fk\u0131 bu evrene ama bu zamana ait olmasayd\u0131 hal\u00fcsinasyon g\u00f6rd\u00fc\u011f\u00fcn\u00fc m\u00fc d\u00fc\u015f\u00fcn\u00fcrd\u00fcn?Sevdi\u011fin ki\u015fiyi g\u00f6rebilmenin tek yolu olan ruhsal hastal\u0131klar\u0131n\u0131n iyile\u015ftirilmesine izin verir miydin?Akl\u0131 ba\u015f\u0131nda insanlar<span class=\"excerpt-hellip\"> [\u2026]<\/span><\/p>\n","protected":false},"featured_media":0,"template":"","meta":{"_monsterinsights_skip_tracking":false,"_monsterinsights_sitenote_active":false,"_monsterinsights_sitenote_note":"","_monsterinsights_sitenote_category":0},"product_brand":[],"product_cat":[12291,12711],"product_tag":[],"class_list":{"0":"post-706017","1":"product","2":"type-product","3":"status-publish","5":"product_cat-edebiyat","6":"product_cat-roman-oyku","7":"pa_cilt-ciltsiz","8":"pa_tur-kitap","9":"pa_yayinevi-bencekitap","10":"pa_yazar-erim-sisman","12":"first","13":"instock","14":"sale","15":"shipping-taxable","16":"purchasable","17":"product-type-simple"},"_links":{"self":[{"href":"https:\/\/roveyayinevi.com.tr\/index.php\/wp-json\/wp\/v2\/product\/706017","targetHints":{"allow":["GET"]}}],"collection":[{"href":"https:\/\/roveyayinevi.com.tr\/index.php\/wp-json\/wp\/v2\/product"}],"about":[{"href":"https:\/\/roveyayinevi.com.tr\/index.php\/wp-json\/wp\/v2\/types\/product"}],"wp:attachment":[{"href":"https:\/\/roveyayinevi.com.tr\/index.php\/wp-json\/wp\/v2\/media?parent=706017"}],"wp:term":[{"taxonomy":"product_brand","embeddable":true,"href":"https:\/\/roveyayinevi.com.tr\/index.php\/wp-json\/wp\/v2\/product_brand?post=706017"},{"taxonomy":"product_cat","embeddable":true,"href":"https:\/\/roveyayinevi.com.tr\/index.php\/wp-json\/wp\/v2\/product_cat?post=706017"},{"taxonomy":"product_tag","embeddable":true,"href":"https:\/\/roveyayinevi.com.tr\/index.php\/wp-json\/wp\/v2\/product_tag?post=706017"}],"curies":[{"name":"wp","href":"https:\/\/api.w.org\/{rel}","templated":true}]}}