{"id":706003,"date":"2025-08-27T15:51:24","date_gmt":"2025-08-27T12:51:24","guid":{"rendered":"https:\/\/roveyayinevi.com.tr\/index.php\/urun\/birinci-cogul-sarki\/"},"modified":"2026-04-16T02:14:35","modified_gmt":"2026-04-15T23:14:35","slug":"birinci-cogul-sarki","status":"publish","type":"product","link":"https:\/\/roveyayinevi.com.tr\/index.php\/urun\/birinci-cogul-sarki\/","title":{"rendered":"Birinci \u00c7o\u011ful \u015eark\u0131"},"content":{"rendered":"<p>Antik \u00c7a\u011f Anadolusu\u2019nun \u201c\u0130nsan Manzaralar\u0131\u201d\u2026AlovaBirinci \u00c7o\u011ful \u015eark\u0131\u2019da Kibele\u2019den Mithras\u2019a, Anadolu Gizemleri\u2019nin etkili oldu\u011fu bir co\u011frafyada ya\u015fanan gizli Tarih\u2019i resmi Tarih kar\u015f\u0131s\u0131nda \u015fiirle de\u015fifre ederek, \u00f6zel adlar\u0131n ve tarihlerin yer almad\u0131\u011f\u0131 bir Kar\u015f\u0131 Tarih yarat\u0131yor. B\u00f6ylece, tarihsel \u00f6nyarg\u0131lardan, verili resmi bilgiden uzak bir d\u00fczlemde Anadolu uygarl\u0131klar\u0131na yeni bir taraftan bak\u0131yoruz. Bu \u015fiir-kent\u2019in giri\u015f kap\u0131s\u0131n\u0131n al\u0131nl\u0131\u011f\u0131nda Octavio Paz\u2019\u0131n \u015fu s\u00f6zleri kaz\u0131l\u0131d\u0131r: \u201cKalabal\u0131k Ge\u00e7mi\u015f\u2019le \u0131ss\u0131z Gelecek aras\u0131nda, \u00c7a\u011f\u0131m\u0131z\u0131n en b\u00fcy\u00fck gizemi, hi\u00e7 ku\u015fkusuz, de\u011fi\u015fim i\u00e7inde de\u011fi\u015fmeyeni bulmakt\u0131r.\u201d <\/p>\n","protected":false},"excerpt":{"rendered":"<p>Antik \u00c7a\u011f Anadolusu\u2019nun \u201c\u0130nsan Manzaralar\u0131\u201d\u2026AlovaBirinci \u00c7o\u011ful \u015eark\u0131\u2019da Kibele\u2019den Mithras\u2019a, Anadolu Gizemleri\u2019nin etkili oldu\u011fu bir co\u011frafyada ya\u015fanan gizli Tarih\u2019i resmi Tarih kar\u015f\u0131s\u0131nda \u015fiirle de\u015fifre ederek, \u00f6zel adlar\u0131n<span class=\"excerpt-hellip\"> [\u2026]<\/span><\/p>\n","protected":false},"featured_media":0,"template":"","meta":{"_monsterinsights_skip_tracking":false,"_monsterinsights_sitenote_active":false,"_monsterinsights_sitenote_note":"","_monsterinsights_sitenote_category":0},"product_brand":[],"product_cat":[12777,12291],"product_tag":[],"class_list":{"0":"post-706003","1":"product","2":"type-product","3":"status-publish","5":"product_cat-deneme","6":"product_cat-edebiyat","7":"pa_cilt-ciltsiz","8":"pa_tur-kitap","9":"pa_yayinevi-is-bankasi-kultur-yayinlari","10":"pa_yazar-alova","12":"first","13":"instock","14":"sale","15":"shipping-taxable","16":"purchasable","17":"product-type-simple"},"_links":{"self":[{"href":"https:\/\/roveyayinevi.com.tr\/index.php\/wp-json\/wp\/v2\/product\/706003","targetHints":{"allow":["GET"]}}],"collection":[{"href":"https:\/\/roveyayinevi.com.tr\/index.php\/wp-json\/wp\/v2\/product"}],"about":[{"href":"https:\/\/roveyayinevi.com.tr\/index.php\/wp-json\/wp\/v2\/types\/product"}],"wp:attachment":[{"href":"https:\/\/roveyayinevi.com.tr\/index.php\/wp-json\/wp\/v2\/media?parent=706003"}],"wp:term":[{"taxonomy":"product_brand","embeddable":true,"href":"https:\/\/roveyayinevi.com.tr\/index.php\/wp-json\/wp\/v2\/product_brand?post=706003"},{"taxonomy":"product_cat","embeddable":true,"href":"https:\/\/roveyayinevi.com.tr\/index.php\/wp-json\/wp\/v2\/product_cat?post=706003"},{"taxonomy":"product_tag","embeddable":true,"href":"https:\/\/roveyayinevi.com.tr\/index.php\/wp-json\/wp\/v2\/product_tag?post=706003"}],"curies":[{"name":"wp","href":"https:\/\/api.w.org\/{rel}","templated":true}]}}