{"id":705995,"date":"2025-08-27T15:51:21","date_gmt":"2025-08-27T12:51:21","guid":{"rendered":"https:\/\/roveyayinevi.com.tr\/index.php\/urun\/tavsan-bidibik-ozur-diliyor\/"},"modified":"2026-04-16T02:14:35","modified_gmt":"2026-04-15T23:14:35","slug":"tavsan-bidibik-ozur-diliyor","status":"publish","type":"product","link":"https:\/\/roveyayinevi.com.tr\/index.php\/urun\/tavsan-bidibik-ozur-diliyor\/","title":{"rendered":"Tav\u015fan B\u0131d\u0131b\u0131k \u00d6z\u00fcr Diliyor"},"content":{"rendered":"<p>K\u00f6ye, \u00c7\u0131t\u0131rc\u0131k ad\u0131nda, \u00e7ok kitap okuyan, bilgili, k\u00fc\u00e7\u00fck bir tav\u015fan ta\u015f\u0131n\u0131r. B\u0131d\u0131b\u0131k ve arkada\u015flar\u0131, \u00c7\u0131t\u0131rc\u0131k ile tan\u0131\u015f\u0131p arkada\u015f olurlar. Bir g\u00fcn \u00c7\u0131t\u0131rc\u0131k, oyun oynamaya g\u00f6zl\u00fck takarak gelir ve B\u0131d\u0131b\u0131k, d\u00f6rt g\u00f6z diyerek \u00c7\u0131t\u0131rc\u0131k&#8217;la alay eder. <\/p>\n","protected":false},"excerpt":{"rendered":"<p>K\u00f6ye, \u00c7\u0131t\u0131rc\u0131k ad\u0131nda, \u00e7ok kitap okuyan, bilgili, k\u00fc\u00e7\u00fck bir tav\u015fan ta\u015f\u0131n\u0131r. B\u0131d\u0131b\u0131k ve arkada\u015flar\u0131, \u00c7\u0131t\u0131rc\u0131k ile tan\u0131\u015f\u0131p arkada\u015f olurlar. Bir g\u00fcn \u00c7\u0131t\u0131rc\u0131k, oyun oynamaya g\u00f6zl\u00fck takarak<span class=\"excerpt-hellip\"> [\u2026]<\/span><\/p>\n","protected":false},"featured_media":0,"template":"","meta":{"_monsterinsights_skip_tracking":false,"_monsterinsights_sitenote_active":false,"_monsterinsights_sitenote_note":"","_monsterinsights_sitenote_category":0},"product_brand":[],"product_cat":[12274,12518],"product_tag":[],"class_list":{"0":"post-705995","1":"product","2":"type-product","3":"status-publish","5":"product_cat-cocuk-ve-genclik-kitaplari","6":"product_cat-okul-oncesi-kitaplar","7":"pa_cilt-ciltsiz","8":"pa_tur-kitap","9":"pa_yayinevi-fom-kitap","10":"pa_yazar-seher-cesur-kilicaslan","12":"first","13":"instock","14":"sale","15":"shipping-taxable","16":"purchasable","17":"product-type-simple"},"_links":{"self":[{"href":"https:\/\/roveyayinevi.com.tr\/index.php\/wp-json\/wp\/v2\/product\/705995","targetHints":{"allow":["GET"]}}],"collection":[{"href":"https:\/\/roveyayinevi.com.tr\/index.php\/wp-json\/wp\/v2\/product"}],"about":[{"href":"https:\/\/roveyayinevi.com.tr\/index.php\/wp-json\/wp\/v2\/types\/product"}],"wp:attachment":[{"href":"https:\/\/roveyayinevi.com.tr\/index.php\/wp-json\/wp\/v2\/media?parent=705995"}],"wp:term":[{"taxonomy":"product_brand","embeddable":true,"href":"https:\/\/roveyayinevi.com.tr\/index.php\/wp-json\/wp\/v2\/product_brand?post=705995"},{"taxonomy":"product_cat","embeddable":true,"href":"https:\/\/roveyayinevi.com.tr\/index.php\/wp-json\/wp\/v2\/product_cat?post=705995"},{"taxonomy":"product_tag","embeddable":true,"href":"https:\/\/roveyayinevi.com.tr\/index.php\/wp-json\/wp\/v2\/product_tag?post=705995"}],"curies":[{"name":"wp","href":"https:\/\/api.w.org\/{rel}","templated":true}]}}