{"id":705987,"date":"2025-08-27T15:51:17","date_gmt":"2025-08-27T12:51:17","guid":{"rendered":"https:\/\/roveyayinevi.com.tr\/index.php\/urun\/okumanin-gucu\/"},"modified":"2026-04-15T02:19:31","modified_gmt":"2026-04-14T23:19:31","slug":"okumanin-gucu","status":"publish","type":"product","link":"https:\/\/roveyayinevi.com.tr\/index.php\/urun\/okumanin-gucu\/","title":{"rendered":"Okuman\u0131n G\u00fcc\u00fc"},"content":{"rendered":"<p>Okuma Stratejileri, Al\u0131\u015fkanl\u0131k Kazand\u0131rma Yollar\u0131, Etkili Okuma Teknikleri, Okuyarak Ba\u015faranlar. Okumak her kap\u0131y\u0131 a\u00e7an sihirli bir anahtar gibidir; her alanda sizi donan\u0131ml\u0131 h\u00e2le getirir, potansiyelinizi art\u0131r\u0131r. G\u00fcne\u015f gibidir; da\u011flar\u0131, ovalar\u0131, \u00fclkeleri ayd\u0131nlat\u0131r. Suyun kayna\u011f\u0131 gibidir; her \u015feye hayat verir, canl\u0131l\u0131k ve renk katar. M\u00fcrekkebin kurudu\u011fu yerde cehalet ba\u015f g\u00f6sterir. Bu kitapla, okuman\u0131n ba\u015far\u0131 \u00fczerindeki inan\u0131lmaz etkisini ke\u015ffederken;  \u00e7ok okuyarak b\u00fcy\u00fck ba\u015far\u0131lar kazanm\u0131\u015f ki\u015filerin ger\u00e7ek ya\u015famlar\u0131ndan  kesitler bulacaks\u0131n\u0131z. <\/p>\n","protected":false},"excerpt":{"rendered":"<p>Okuma Stratejileri, Al\u0131\u015fkanl\u0131k Kazand\u0131rma Yollar\u0131, Etkili Okuma Teknikleri, Okuyarak Ba\u015faranlar. Okumak her kap\u0131y\u0131 a\u00e7an sihirli bir anahtar gibidir; her alanda sizi donan\u0131ml\u0131 h\u00e2le getirir, potansiyelinizi art\u0131r\u0131r.<span class=\"excerpt-hellip\"> [\u2026]<\/span><\/p>\n","protected":false},"featured_media":0,"template":"","meta":{"_monsterinsights_skip_tracking":false,"_monsterinsights_sitenote_active":false,"_monsterinsights_sitenote_note":"","_monsterinsights_sitenote_category":0},"product_brand":[],"product_cat":[12364,12376],"product_tag":[],"class_list":{"0":"post-705987","1":"product","2":"type-product","3":"status-publish","5":"product_cat-genel-konular","6":"product_cat-kisisel-gelisim","7":"pa_cilt-ciltsiz","8":"pa_tur-kitap","9":"pa_yayinevi-hayat-yayinlari","10":"pa_yazar-ahmet-altintas","12":"first","13":"instock","14":"sale","15":"shipping-taxable","16":"purchasable","17":"product-type-simple"},"_links":{"self":[{"href":"https:\/\/roveyayinevi.com.tr\/index.php\/wp-json\/wp\/v2\/product\/705987","targetHints":{"allow":["GET"]}}],"collection":[{"href":"https:\/\/roveyayinevi.com.tr\/index.php\/wp-json\/wp\/v2\/product"}],"about":[{"href":"https:\/\/roveyayinevi.com.tr\/index.php\/wp-json\/wp\/v2\/types\/product"}],"wp:attachment":[{"href":"https:\/\/roveyayinevi.com.tr\/index.php\/wp-json\/wp\/v2\/media?parent=705987"}],"wp:term":[{"taxonomy":"product_brand","embeddable":true,"href":"https:\/\/roveyayinevi.com.tr\/index.php\/wp-json\/wp\/v2\/product_brand?post=705987"},{"taxonomy":"product_cat","embeddable":true,"href":"https:\/\/roveyayinevi.com.tr\/index.php\/wp-json\/wp\/v2\/product_cat?post=705987"},{"taxonomy":"product_tag","embeddable":true,"href":"https:\/\/roveyayinevi.com.tr\/index.php\/wp-json\/wp\/v2\/product_tag?post=705987"}],"curies":[{"name":"wp","href":"https:\/\/api.w.org\/{rel}","templated":true}]}}