{"id":705975,"date":"2025-08-27T15:51:12","date_gmt":"2025-08-27T12:51:12","guid":{"rendered":"https:\/\/roveyayinevi.com.tr\/index.php\/urun\/melegin-curuyusu\/"},"modified":"2026-04-16T02:14:34","modified_gmt":"2026-04-15T23:14:34","slug":"melegin-curuyusu","status":"publish","type":"product","link":"https:\/\/roveyayinevi.com.tr\/index.php\/urun\/melegin-curuyusu\/","title":{"rendered":"Mele\u011fin \u00c7\u00fcr\u00fcy\u00fc\u015f\u00fc"},"content":{"rendered":"<p>Mele\u011fin \u00c7\u00fcr\u00fcy\u00fc\u015f\u00fc ile birlikte Yukio Mi\u015fima n\u0131n d\u00fcnyaca \u00fcnl\u00fc Bereket Denizi d\u00f6rtlemesi tamamlan\u0131yor. Japonya&#8217;n\u0131n yirminci y\u00fczy\u0131l deneyiminin bir \u00f6zeti olarak nitelenen d\u00f6rtlemenin, ele\u015ftirmenler, bir epik, toplumsal bir belge, bir s\u0131zlanma, bir a\u011f\u0131t oldu\u011fu kan\u0131s\u0131ndalar. Bahar Karlar\u0131 ndaki gen\u00e7 \u00f6\u011frenci, Ka\u00e7ak Atlar \u0131n sayg\u0131n hakimi, \u015eafak Tap\u0131na\u011f\u0131 ndaki filozof Honda, son roman olan Mele\u011fin \u00c7\u00fcr\u00fcy\u00fc\u015f\u00fc nde 1960&#8217;l\u0131 y\u0131llarda ya\u015fam\u0131n\u0131n sonuna yakla\u015fm\u0131\u015f ya\u015fl\u0131 ve zengin bir adamd\u0131r. D\u00f6rtlemeyi noktalayan son sahnede Honda, Ge\u015fu Tap\u0131na\u011f\u0131na t\u0131rman\u0131rken Bereket Denizi d\u00f6rtlemesi de son e\u011fretilemesel anlat\u0131m\u0131n\u0131 bulur: Yaln\u0131zca Honda&#8217;n\u0131n \u00f6l\u00fcm\u00fcn\u00fc de\u011fil Mi\u015fima&#8217;n\u0131n kendisinin intihar\u0131n\u0131 haber veren \u00e7\u0131r\u0131l\u00e7\u0131plak g\u00fcne\u015f \u0131\u015f\u0131\u011f\u0131 seli bir bo\u015flu\u011fu ayd\u0131nlatmaktad\u0131r. B\u00fct\u00fcn d\u00fc\u015f\u00fcncelerini, duygular\u0131n\u0131 bu d\u00f6rtlemeye aktard\u0131ktan sonra kendini bombo\u015f hissetti\u011fini dostlar\u0131na s\u00f6yleyen Mi\u015fima, d\u00f6rtl\u00fcn\u00fcn son s\u00f6zc\u00fc\u011f\u00fcn\u00fc yazd\u0131\u011f\u0131 25 Kas\u0131m 1970 sabah\u0131 intihar etmi\u015fti. \ufffcTan\u0131t\u0131m Metni<\/p>\n","protected":false},"excerpt":{"rendered":"<p>Mele\u011fin \u00c7\u00fcr\u00fcy\u00fc\u015f\u00fc ile birlikte Yukio Mi\u015fima n\u0131n d\u00fcnyaca \u00fcnl\u00fc Bereket Denizi d\u00f6rtlemesi tamamlan\u0131yor. Japonya&#8217;n\u0131n yirminci y\u00fczy\u0131l deneyiminin bir \u00f6zeti olarak nitelenen d\u00f6rtlemenin, ele\u015ftirmenler, bir epik, toplumsal<span class=\"excerpt-hellip\"> [\u2026]<\/span><\/p>\n","protected":false},"featured_media":0,"template":"","meta":{"_monsterinsights_skip_tracking":false,"_monsterinsights_sitenote_active":false,"_monsterinsights_sitenote_note":"","_monsterinsights_sitenote_category":0},"product_brand":[],"product_cat":[13661,12291],"product_tag":[],"class_list":{"0":"post-705975","1":"product","2":"type-product","3":"status-publish","5":"product_cat-diger-ulke-edebiyatlari","6":"product_cat-edebiyat","7":"pa_cilt-ciltsiz","8":"pa_tur-kitap","9":"pa_yayinevi-can-yayinlari","10":"pa_yazar-yukio-misima","12":"first","13":"instock","14":"sale","15":"shipping-taxable","16":"purchasable","17":"product-type-simple"},"_links":{"self":[{"href":"https:\/\/roveyayinevi.com.tr\/index.php\/wp-json\/wp\/v2\/product\/705975","targetHints":{"allow":["GET"]}}],"collection":[{"href":"https:\/\/roveyayinevi.com.tr\/index.php\/wp-json\/wp\/v2\/product"}],"about":[{"href":"https:\/\/roveyayinevi.com.tr\/index.php\/wp-json\/wp\/v2\/types\/product"}],"wp:attachment":[{"href":"https:\/\/roveyayinevi.com.tr\/index.php\/wp-json\/wp\/v2\/media?parent=705975"}],"wp:term":[{"taxonomy":"product_brand","embeddable":true,"href":"https:\/\/roveyayinevi.com.tr\/index.php\/wp-json\/wp\/v2\/product_brand?post=705975"},{"taxonomy":"product_cat","embeddable":true,"href":"https:\/\/roveyayinevi.com.tr\/index.php\/wp-json\/wp\/v2\/product_cat?post=705975"},{"taxonomy":"product_tag","embeddable":true,"href":"https:\/\/roveyayinevi.com.tr\/index.php\/wp-json\/wp\/v2\/product_tag?post=705975"}],"curies":[{"name":"wp","href":"https:\/\/api.w.org\/{rel}","templated":true}]}}