{"id":705949,"date":"2025-08-27T15:51:01","date_gmt":"2025-08-27T12:51:01","guid":{"rendered":"https:\/\/roveyayinevi.com.tr\/index.php\/urun\/efendinin-guzeli\/"},"modified":"2026-04-16T02:14:33","modified_gmt":"2026-04-15T23:14:33","slug":"efendinin-guzeli","status":"publish","type":"product","link":"https:\/\/roveyayinevi.com.tr\/index.php\/urun\/efendinin-guzeli\/","title":{"rendered":"Efendinin G\u00fczeli"},"content":{"rendered":"<p>Albert Cohen Efendinin G\u00fczeli\u2019ni 1930\u2019larda yazmaya ba\u015flam\u0131\u015ft\u0131. \u0130kinci D\u00fcnya Sava\u015f\u0131\u2019n\u0131n araya girmesiyle roman ancak 1968\u2019te yay\u0131mlanabildi ve derhal Joseph Kessel, Fran\u00e7ois Nourissier gibi isimler taraf\u0131ndan bir dilin bir as\u0131rda belki on tane \u00e7\u0131karabilece\u011fi t\u00fcrden, tart\u0131\u015fmas\u0131z bir ba\u015fyap\u0131t olarak de\u011ferlendirildi. Nitekim ayn\u0131 y\u0131l Frans\u0131z Akademisi\u2019nin B\u00fcy\u00fck Roman \u00d6d\u00fcl\u00fc\u2019n\u00fc ald\u0131. Efendinin G\u00fczeli, edebiyat d\u00fcnyas\u0131nda \u00f6nemli d\u00f6n\u00fcm noktalar\u0131ndan biri. Bu, o g\u00fcnden beri konu oldu\u011fu tart\u0131\u015fmalardan da anla\u015f\u0131labilir. Albert Cohen, Solal, Mangeclous gibi ba\u015fka romanlar\u0131nda yaratt\u0131\u011f\u0131, kendi hayat\u0131ndan izler ta\u015f\u0131yan kahramanlar\u0131n\u0131 yenileriyle beraber destans\u0131 bir romanda bir araya getirmi\u015fti: Kefalonya adas\u0131nda do\u011fmu\u015f, ard\u0131ndan Frans\u0131z vatanda\u015fl\u0131\u011f\u0131na ge\u00e7mi\u015f, Cenevre\u2019de, Milletler Cemiyeti\u2019nde y\u00fcksek bir g\u00f6rev edinmi\u015f olan Solal ve onun alt\u0131nda \u00e7al\u0131\u015fan memurlardan Adrien Deume\u2019\u00fcn kar\u0131s\u0131, evlenmeden \u00f6nceki ad\u0131yla Ariane Corisande d\u2019Auble. Solal ve Ariane adeta beden g\u00fczelli\u011finin simgesi, kusursuz a\u015fk\u0131 ta\u015f\u0131mak i\u00e7in yarat\u0131lm\u0131\u015f birer zarft\u0131r. Fakat Solal, a\u015fk\u0131n kutsall\u0131\u011f\u0131 denen olgunun, d\u0131\u015f g\u00f6r\u00fcn\u00fc\u015f\u00fc bozacak en ufak bir ayr\u0131nt\u0131ya bile dayanamayacak kadar temelsiz oldu\u011funu hisseder. Bir tabutta \u00e7\u00fcr\u00fcmeye mahk\u00fbm fani varl\u0131klar\u0131yla kutsiyetin bir araya gelemeyece\u011fi fikri onda bir saplant\u0131d\u0131r. Ariane ise Cenevre\u2019nin k\u00f6kl\u00fc, Protestan ailelerinden birine mensuptur. Hayatla ili\u015fkisi y\u00fcksek ahlak, y\u00fcksek de\u011ferler, y\u00fcksek sanat, asalet tarifleriyle kurulmu\u015ftur. Nihayet birbirlerine duyduklar\u0131 \u00e7ekim b\u00fct\u00fcn \u00e7ekincelerin, yasaklar\u0131n \u00fczerine \u00e7\u0131kar; sonunda sadece a\u015fklar\u0131n\u0131 ya\u015fayacaklar\u0131, asalet ta\u015f\u0131mayan hi\u00e7bir davran\u0131\u015f\u0131n, insani durumun kabul edilmedi\u011fi, \u00f6tekinden \u00f6zenle sakland\u0131\u011f\u0131 bir d\u00fcnya kurarlar. Onlar kozalar\u0131n\u0131 \u00f6r\u00fcp a\u015fklar\u0131yla beraber bir eve kapan\u0131rken Almanya\u2019da Hitler y\u00fckseli\u015ftedir ve Avrupa\u2019da Yahudilerin konumu h\u0131zla de\u011fi\u015fmektedir. Yahudi olan Solal i\u00e7in de bu bir devrin sonu, b\u00fcy\u00fck \u0131st\u0131raplar\u0131n, sorgulamalar\u0131n kayna\u011f\u0131d\u0131r, ancak a\u015fklar\u0131n\u0131n devam edebilmesi i\u00e7in Ariane\u2019\u0131 bu d\u00fcnyan\u0131n d\u0131\u015f\u0131nda tutmaya kararl\u0131d\u0131r. \ufffcTan\u0131t\u0131m Metni<\/p>\n","protected":false},"excerpt":{"rendered":"<p>Albert Cohen Efendinin G\u00fczeli\u2019ni 1930\u2019larda yazmaya ba\u015flam\u0131\u015ft\u0131. \u0130kinci D\u00fcnya Sava\u015f\u0131\u2019n\u0131n araya girmesiyle roman ancak 1968\u2019te yay\u0131mlanabildi ve derhal Joseph Kessel, Fran\u00e7ois Nourissier gibi isimler taraf\u0131ndan bir<span class=\"excerpt-hellip\"> [\u2026]<\/span><\/p>\n","protected":false},"featured_media":0,"template":"","meta":{"_monsterinsights_skip_tracking":false,"_monsterinsights_sitenote_active":false,"_monsterinsights_sitenote_note":"","_monsterinsights_sitenote_category":0},"product_brand":[],"product_cat":[12777,12291],"product_tag":[],"class_list":{"0":"post-705949","1":"product","2":"type-product","3":"status-publish","5":"product_cat-deneme","6":"product_cat-edebiyat","7":"pa_cilt-ciltsiz","8":"pa_tur-kitap","9":"pa_yayinevi-ayrinti-yayinlari","10":"pa_yazar-albert-cohen","12":"first","13":"instock","14":"sale","15":"shipping-taxable","16":"purchasable","17":"product-type-simple"},"_links":{"self":[{"href":"https:\/\/roveyayinevi.com.tr\/index.php\/wp-json\/wp\/v2\/product\/705949","targetHints":{"allow":["GET"]}}],"collection":[{"href":"https:\/\/roveyayinevi.com.tr\/index.php\/wp-json\/wp\/v2\/product"}],"about":[{"href":"https:\/\/roveyayinevi.com.tr\/index.php\/wp-json\/wp\/v2\/types\/product"}],"wp:attachment":[{"href":"https:\/\/roveyayinevi.com.tr\/index.php\/wp-json\/wp\/v2\/media?parent=705949"}],"wp:term":[{"taxonomy":"product_brand","embeddable":true,"href":"https:\/\/roveyayinevi.com.tr\/index.php\/wp-json\/wp\/v2\/product_brand?post=705949"},{"taxonomy":"product_cat","embeddable":true,"href":"https:\/\/roveyayinevi.com.tr\/index.php\/wp-json\/wp\/v2\/product_cat?post=705949"},{"taxonomy":"product_tag","embeddable":true,"href":"https:\/\/roveyayinevi.com.tr\/index.php\/wp-json\/wp\/v2\/product_tag?post=705949"}],"curies":[{"name":"wp","href":"https:\/\/api.w.org\/{rel}","templated":true}]}}