{"id":705931,"date":"2025-08-27T15:50:54","date_gmt":"2025-08-27T12:50:54","guid":{"rendered":"https:\/\/roveyayinevi.com.tr\/index.php\/urun\/kazanan-yalnizdir\/"},"modified":"2026-04-16T02:14:33","modified_gmt":"2026-04-15T23:14:33","slug":"kazanan-yalnizdir","status":"publish","type":"product","link":"https:\/\/roveyayinevi.com.tr\/index.php\/urun\/kazanan-yalnizdir\/","title":{"rendered":"Kazanan Yaln\u0131zd\u0131r"},"content":{"rendered":"<p>Kazanan Yaln\u0131zd\u0131r\u2019da Paulo Coelho, On Bir Dakika ve Z\u00e2hir\u2019de \u00f6ne \u00e7\u0131kan temalara geri d\u00f6n\u00fcyor. \u0130\u00e7inde ya\u015fad\u0131\u011f\u0131m\u0131z d\u00fcnyada, l\u00fckse ve ne pahas\u0131na olursa olsun ba\u015far\u0131ya olan ba\u011f\u0131ml\u0131l\u0131\u011f\u0131m\u0131z\u0131n, y\u00fcre\u011fimizin sesine kulak vermemizi engelledi\u011fini anlat\u0131yor bize. \ufffcTan\u0131t\u0131m Metni<\/p>\n","protected":false},"excerpt":{"rendered":"<p>Kazanan Yaln\u0131zd\u0131r\u2019da Paulo Coelho, On Bir Dakika ve Z\u00e2hir\u2019de \u00f6ne \u00e7\u0131kan temalara geri d\u00f6n\u00fcyor. \u0130\u00e7inde ya\u015fad\u0131\u011f\u0131m\u0131z d\u00fcnyada, l\u00fckse ve ne pahas\u0131na olursa olsun ba\u015far\u0131ya olan ba\u011f\u0131ml\u0131l\u0131\u011f\u0131m\u0131z\u0131n,<span class=\"excerpt-hellip\"> [\u2026]<\/span><\/p>\n","protected":false},"featured_media":0,"template":"","meta":{"_monsterinsights_skip_tracking":false,"_monsterinsights_sitenote_active":false,"_monsterinsights_sitenote_note":"","_monsterinsights_sitenote_category":0},"product_brand":[],"product_cat":[12291,12711],"product_tag":[],"class_list":{"0":"post-705931","1":"product","2":"type-product","3":"status-publish","5":"product_cat-edebiyat","6":"product_cat-roman-oyku","7":"pa_cilt-ciltsiz","8":"pa_tur-kitap","9":"pa_yayinevi-can-yayinlari","10":"pa_yazar-paulo-coelho","12":"first","13":"instock","14":"sale","15":"shipping-taxable","16":"purchasable","17":"product-type-simple"},"_links":{"self":[{"href":"https:\/\/roveyayinevi.com.tr\/index.php\/wp-json\/wp\/v2\/product\/705931","targetHints":{"allow":["GET"]}}],"collection":[{"href":"https:\/\/roveyayinevi.com.tr\/index.php\/wp-json\/wp\/v2\/product"}],"about":[{"href":"https:\/\/roveyayinevi.com.tr\/index.php\/wp-json\/wp\/v2\/types\/product"}],"wp:attachment":[{"href":"https:\/\/roveyayinevi.com.tr\/index.php\/wp-json\/wp\/v2\/media?parent=705931"}],"wp:term":[{"taxonomy":"product_brand","embeddable":true,"href":"https:\/\/roveyayinevi.com.tr\/index.php\/wp-json\/wp\/v2\/product_brand?post=705931"},{"taxonomy":"product_cat","embeddable":true,"href":"https:\/\/roveyayinevi.com.tr\/index.php\/wp-json\/wp\/v2\/product_cat?post=705931"},{"taxonomy":"product_tag","embeddable":true,"href":"https:\/\/roveyayinevi.com.tr\/index.php\/wp-json\/wp\/v2\/product_tag?post=705931"}],"curies":[{"name":"wp","href":"https:\/\/api.w.org\/{rel}","templated":true}]}}