{"id":705923,"date":"2025-08-27T15:50:50","date_gmt":"2025-08-27T12:50:50","guid":{"rendered":"https:\/\/roveyayinevi.com.tr\/index.php\/urun\/aclik-oyunlari-serisi-2-atesi-yakalamak\/"},"modified":"2026-04-16T02:14:32","modified_gmt":"2026-04-15T23:14:32","slug":"aclik-oyunlari-serisi-2-atesi-yakalamak","status":"publish","type":"product","link":"https:\/\/roveyayinevi.com.tr\/index.php\/urun\/aclik-oyunlari-serisi-2-atesi-yakalamak\/","title":{"rendered":"A\u00e7l\u0131k Oyunlar\u0131 Serisi 2 &#8211; Ate\u015fi Yakalamak"},"content":{"rendered":"<p>Cehennem Ate\u015finin K\u0131v\u0131lc\u0131m\u0131 Katn\u0131ss Parl\u0131yor. Alevler Yay\u0131l\u0131yor. Ve \u0130syan Ba\u015fl\u0131yor ! \ufffc<\/p>\n","protected":false},"excerpt":{"rendered":"<p>Cehennem Ate\u015finin K\u0131v\u0131lc\u0131m\u0131 Katn\u0131ss Parl\u0131yor. Alevler Yay\u0131l\u0131yor. Ve \u0130syan Ba\u015fl\u0131yor ! \ufffc<\/p>\n","protected":false},"featured_media":0,"template":"","meta":{"_monsterinsights_skip_tracking":false,"_monsterinsights_sitenote_active":false,"_monsterinsights_sitenote_note":"","_monsterinsights_sitenote_category":0},"product_brand":[],"product_cat":[12291,14777],"product_tag":[],"class_list":{"0":"post-705923","1":"product","2":"type-product","3":"status-publish","5":"product_cat-edebiyat","6":"product_cat-fantastik","7":"pa_cilt-ciltsiz","8":"pa_tur-kitap","9":"pa_yayinevi-dex-yayinevi","10":"pa_yazar-suzanne-collins","12":"first","13":"instock","14":"sale","15":"shipping-taxable","16":"purchasable","17":"product-type-simple"},"_links":{"self":[{"href":"https:\/\/roveyayinevi.com.tr\/index.php\/wp-json\/wp\/v2\/product\/705923","targetHints":{"allow":["GET"]}}],"collection":[{"href":"https:\/\/roveyayinevi.com.tr\/index.php\/wp-json\/wp\/v2\/product"}],"about":[{"href":"https:\/\/roveyayinevi.com.tr\/index.php\/wp-json\/wp\/v2\/types\/product"}],"wp:attachment":[{"href":"https:\/\/roveyayinevi.com.tr\/index.php\/wp-json\/wp\/v2\/media?parent=705923"}],"wp:term":[{"taxonomy":"product_brand","embeddable":true,"href":"https:\/\/roveyayinevi.com.tr\/index.php\/wp-json\/wp\/v2\/product_brand?post=705923"},{"taxonomy":"product_cat","embeddable":true,"href":"https:\/\/roveyayinevi.com.tr\/index.php\/wp-json\/wp\/v2\/product_cat?post=705923"},{"taxonomy":"product_tag","embeddable":true,"href":"https:\/\/roveyayinevi.com.tr\/index.php\/wp-json\/wp\/v2\/product_tag?post=705923"}],"curies":[{"name":"wp","href":"https:\/\/api.w.org\/{rel}","templated":true}]}}