{"id":705910,"date":"2025-08-27T15:50:45","date_gmt":"2025-08-27T12:50:45","guid":{"rendered":"https:\/\/roveyayinevi.com.tr\/index.php\/urun\/masal-parki\/"},"modified":"2026-04-16T02:14:32","modified_gmt":"2026-04-15T23:14:32","slug":"masal-parki","status":"publish","type":"product","link":"https:\/\/roveyayinevi.com.tr\/index.php\/urun\/masal-parki\/","title":{"rendered":"Masal Park\u0131"},"content":{"rendered":"<p>Heey \u00c7ocuklar!Masal Park\u0131\u2019nda e\u011flenmeye ne dersiniz? Birbirinden g\u00fczel La Fonten ve Andersen Masallar\u0131 \u201cMasal Park\u0131\u201dnda topland\u0131. Zaman ve k\u00fclt\u00fcr farkl\u0131l\u0131klar\u0131n\u0131 a\u015farak klasikle\u015fmeyi ba\u015faran bu masallar, g\u00fcn\u00fcm\u00fcze gelene kadar pek \u00e7ok \u00e7ocu\u011fun hayal d\u00fcnyas\u0131n\u0131 s\u00fcsledi ve onlara arkada\u015fl\u0131k etti. \u015eimdi s\u0131ra siz de\u2026 Haydi ne duruyorsunuz, \u201cMasal Park\u0131\u201d sizleri bekliyor.<\/p>\n","protected":false},"excerpt":{"rendered":"<p>Heey \u00c7ocuklar!Masal Park\u0131\u2019nda e\u011flenmeye ne dersiniz? Birbirinden g\u00fczel La Fonten ve Andersen Masallar\u0131 \u201cMasal Park\u0131\u201dnda topland\u0131. Zaman ve k\u00fclt\u00fcr farkl\u0131l\u0131klar\u0131n\u0131 a\u015farak klasikle\u015fmeyi ba\u015faran bu masallar, g\u00fcn\u00fcm\u00fcze<span class=\"excerpt-hellip\"> [\u2026]<\/span><\/p>\n","protected":false},"featured_media":0,"template":"","meta":{"_monsterinsights_skip_tracking":false,"_monsterinsights_sitenote_active":false,"_monsterinsights_sitenote_note":"","_monsterinsights_sitenote_category":0},"product_brand":[],"product_cat":[12492,12274],"product_tag":[],"class_list":{"0":"post-705910","1":"product","2":"type-product","3":"status-publish","5":"product_cat-bilmece-bulmaca","6":"product_cat-cocuk-ve-genclik-kitaplari","7":"pa_cilt-ciltsiz","8":"pa_tur-kitap","9":"pa_yayinevi-timas-cocuk","10":"pa_yazar-nefise-atcakarlar","12":"first","13":"instock","14":"sale","15":"shipping-taxable","16":"purchasable","17":"product-type-simple"},"_links":{"self":[{"href":"https:\/\/roveyayinevi.com.tr\/index.php\/wp-json\/wp\/v2\/product\/705910","targetHints":{"allow":["GET"]}}],"collection":[{"href":"https:\/\/roveyayinevi.com.tr\/index.php\/wp-json\/wp\/v2\/product"}],"about":[{"href":"https:\/\/roveyayinevi.com.tr\/index.php\/wp-json\/wp\/v2\/types\/product"}],"wp:attachment":[{"href":"https:\/\/roveyayinevi.com.tr\/index.php\/wp-json\/wp\/v2\/media?parent=705910"}],"wp:term":[{"taxonomy":"product_brand","embeddable":true,"href":"https:\/\/roveyayinevi.com.tr\/index.php\/wp-json\/wp\/v2\/product_brand?post=705910"},{"taxonomy":"product_cat","embeddable":true,"href":"https:\/\/roveyayinevi.com.tr\/index.php\/wp-json\/wp\/v2\/product_cat?post=705910"},{"taxonomy":"product_tag","embeddable":true,"href":"https:\/\/roveyayinevi.com.tr\/index.php\/wp-json\/wp\/v2\/product_tag?post=705910"}],"curies":[{"name":"wp","href":"https:\/\/api.w.org\/{rel}","templated":true}]}}