{"id":705822,"date":"2025-08-27T15:49:27","date_gmt":"2025-08-27T12:49:27","guid":{"rendered":"https:\/\/roveyayinevi.com.tr\/index.php\/urun\/doktorlar-canin-sag-olsun\/"},"modified":"2026-04-16T02:14:30","modified_gmt":"2026-04-15T23:14:30","slug":"doktorlar-canin-sag-olsun","status":"publish","type":"product","link":"https:\/\/roveyayinevi.com.tr\/index.php\/urun\/doktorlar-canin-sag-olsun\/","title":{"rendered":"Doktorlar &#8211; Can\u0131n Sa\u011f Olsun"},"content":{"rendered":"<p>G\u00fcn\u00fcm\u00fczde geli\u015fen bilim ve teknoloji sayesinde beynimizin \u00f6zelliklerinden insan gen haritas\u0131na kadar v\u00fccudumuzla ilgili pek \u00e7ok bilinmeyeni ke\u015ffediyoruz. T\u0131p biliminde ula\u015f\u0131lan bu y\u00fcksek seviyeyi bundan binlerce y\u0131l \u00f6nce ilk ad\u0131mlar\u0131 atan \u00fcnl\u00fc bilim insanlar\u0131na bor\u00e7luyuz.Hastal\u0131klar\u0131 iyile\u015ftirmeye \u00e7al\u0131\u015f\u0131rken insan v\u00fccudunun s\u0131rlar\u0131n\u0131 da ke\u015ffetmeye ba\u015flayan on bir \u00fcnl\u00fc doktorun hayranl\u0131k uyand\u0131ran hayat hik\u00e2yesini okurken ayn\u0131 zamanda t\u0131bb\u0131n \u00f6yk\u00fcs\u00fcn\u00fc de \u00f6\u011frenmi\u015f olacaks\u0131n\u0131z.<\/p>\n","protected":false},"excerpt":{"rendered":"<p>G\u00fcn\u00fcm\u00fczde geli\u015fen bilim ve teknoloji sayesinde beynimizin \u00f6zelliklerinden insan gen haritas\u0131na kadar v\u00fccudumuzla ilgili pek \u00e7ok bilinmeyeni ke\u015ffediyoruz. T\u0131p biliminde ula\u015f\u0131lan bu y\u00fcksek seviyeyi bundan binlerce<span class=\"excerpt-hellip\"> [\u2026]<\/span><\/p>\n","protected":false},"featured_media":0,"template":"","meta":{"_monsterinsights_skip_tracking":false,"_monsterinsights_sitenote_active":false,"_monsterinsights_sitenote_note":"","_monsterinsights_sitenote_category":0},"product_brand":[],"product_cat":[12274,12284],"product_tag":[],"class_list":{"0":"post-705822","1":"product","2":"type-product","3":"status-publish","5":"product_cat-cocuk-ve-genclik-kitaplari","6":"product_cat-hikayeler","7":"pa_cilt-ciltsiz","8":"pa_tur-kitap","9":"pa_yayinevi-timas-cocuk","10":"pa_yazar-duygu-kacaranoglu","12":"first","13":"instock","14":"sale","15":"shipping-taxable","16":"purchasable","17":"product-type-simple"},"_links":{"self":[{"href":"https:\/\/roveyayinevi.com.tr\/index.php\/wp-json\/wp\/v2\/product\/705822","targetHints":{"allow":["GET"]}}],"collection":[{"href":"https:\/\/roveyayinevi.com.tr\/index.php\/wp-json\/wp\/v2\/product"}],"about":[{"href":"https:\/\/roveyayinevi.com.tr\/index.php\/wp-json\/wp\/v2\/types\/product"}],"wp:attachment":[{"href":"https:\/\/roveyayinevi.com.tr\/index.php\/wp-json\/wp\/v2\/media?parent=705822"}],"wp:term":[{"taxonomy":"product_brand","embeddable":true,"href":"https:\/\/roveyayinevi.com.tr\/index.php\/wp-json\/wp\/v2\/product_brand?post=705822"},{"taxonomy":"product_cat","embeddable":true,"href":"https:\/\/roveyayinevi.com.tr\/index.php\/wp-json\/wp\/v2\/product_cat?post=705822"},{"taxonomy":"product_tag","embeddable":true,"href":"https:\/\/roveyayinevi.com.tr\/index.php\/wp-json\/wp\/v2\/product_tag?post=705822"}],"curies":[{"name":"wp","href":"https:\/\/api.w.org\/{rel}","templated":true}]}}