{"id":705815,"date":"2025-08-27T15:49:24","date_gmt":"2025-08-27T12:49:24","guid":{"rendered":"https:\/\/roveyayinevi.com.tr\/index.php\/urun\/deme-kis-yaz-oku-yaz\/"},"modified":"2026-04-16T02:14:30","modified_gmt":"2026-04-15T23:14:30","slug":"deme-kis-yaz-oku-yaz","status":"publish","type":"product","link":"https:\/\/roveyayinevi.com.tr\/index.php\/urun\/deme-kis-yaz-oku-yaz\/","title":{"rendered":"Deme K\u0131\u015f Yaz, Oku Yaz"},"content":{"rendered":"<p>\u201cBu kitapta edebiyat d\u0131\u015f\u0131nda yemek \u00fczerine, m\u00fczik \u00fczerine, kent tarihleri gibi kitaplara yer verdim: Se\u00e7erken hayat\u0131n\/hayat\u0131m\u0131n \u00e7e\u015fitlili\u011fe d\u00fc\u015fk\u00fcn yan\u0131n\u0131 yans\u0131tt\u0131m.\u201d <\/p>\n","protected":false},"excerpt":{"rendered":"<p>\u201cBu kitapta edebiyat d\u0131\u015f\u0131nda yemek \u00fczerine, m\u00fczik \u00fczerine, kent tarihleri gibi kitaplara yer verdim: Se\u00e7erken hayat\u0131n\/hayat\u0131m\u0131n \u00e7e\u015fitlili\u011fe d\u00fc\u015fk\u00fcn yan\u0131n\u0131 yans\u0131tt\u0131m.\u201d<\/p>\n","protected":false},"featured_media":0,"template":"","meta":{"_monsterinsights_skip_tracking":false,"_monsterinsights_sitenote_active":false,"_monsterinsights_sitenote_note":"","_monsterinsights_sitenote_category":0},"product_brand":[],"product_cat":[12291,12610],"product_tag":[],"class_list":{"0":"post-705815","1":"product","2":"type-product","3":"status-publish","5":"product_cat-edebiyat","6":"product_cat-elestiri-inceleme-kuram","7":"pa_tur-kitap","8":"pa_yayinevi-dogan-kitap","9":"pa_yazar-dogan-hizlan","11":"first","12":"instock","13":"sale","14":"shipping-taxable","15":"purchasable","16":"product-type-simple"},"_links":{"self":[{"href":"https:\/\/roveyayinevi.com.tr\/index.php\/wp-json\/wp\/v2\/product\/705815","targetHints":{"allow":["GET"]}}],"collection":[{"href":"https:\/\/roveyayinevi.com.tr\/index.php\/wp-json\/wp\/v2\/product"}],"about":[{"href":"https:\/\/roveyayinevi.com.tr\/index.php\/wp-json\/wp\/v2\/types\/product"}],"wp:attachment":[{"href":"https:\/\/roveyayinevi.com.tr\/index.php\/wp-json\/wp\/v2\/media?parent=705815"}],"wp:term":[{"taxonomy":"product_brand","embeddable":true,"href":"https:\/\/roveyayinevi.com.tr\/index.php\/wp-json\/wp\/v2\/product_brand?post=705815"},{"taxonomy":"product_cat","embeddable":true,"href":"https:\/\/roveyayinevi.com.tr\/index.php\/wp-json\/wp\/v2\/product_cat?post=705815"},{"taxonomy":"product_tag","embeddable":true,"href":"https:\/\/roveyayinevi.com.tr\/index.php\/wp-json\/wp\/v2\/product_tag?post=705815"}],"curies":[{"name":"wp","href":"https:\/\/api.w.org\/{rel}","templated":true}]}}