{"id":705808,"date":"2025-08-27T15:49:21","date_gmt":"2025-08-27T12:49:21","guid":{"rendered":"https:\/\/roveyayinevi.com.tr\/index.php\/urun\/padisahlarin-kadinlari-ve-kizlari\/"},"modified":"2026-03-03T02:23:40","modified_gmt":"2026-03-02T23:23:40","slug":"padisahlarin-kadinlari-ve-kizlari","status":"publish","type":"product","link":"https:\/\/roveyayinevi.com.tr\/index.php\/urun\/padisahlarin-kadinlari-ve-kizlari\/","title":{"rendered":"Padi\u015fahlar\u0131n Kad\u0131nlar\u0131 ve K\u0131zlar\u0131"},"content":{"rendered":"<p>Harem kitab\u0131n\u0131n \u00f6ns\u00f6z\u00fcnde bu eserleri neden yazd\u0131\u011f\u0131m\u0131 a\u00e7\u0131klamaya \u00e7al\u0131\u015fm\u0131\u015ft\u0131m. Bu kitapta, onlara ek olarak \u015funlar\u0131 da \u00f6ne s\u00fcrece\u011fiz. Osmanl\u0131 padi\u015fahlar\u0131n\u0131n kad\u0131nlar\u0131n\u0131, ikballerini ve k\u0131zlar\u0131n\u0131 i\u00e7ine alan m\u00fcstakil bir eser yoktur. Bunlar hakk\u0131ndaki bilgilerimiz, Mehmed S\u00fcreyya Bey&#8217;in Sicilli-i Osman\u00ee&#8217;sinin I. cildinde verdi\u011fi bilginin \u00f6tesine pek ge\u00e7memektedir. H\u00e2lbuki Osmanl\u0131 Hanedan\u0131&#8217;n\u0131n tarih\u00e7i i\u00e7in, padi\u015fahlar\u0131n evi say\u0131lan haremin ve haremde ya\u015fayanlar\u0131n genel durumlar\u0131n\u0131 padi\u015fah\u0131n devlet adamlar\u0131yla m\u00fcnasebetleri bak\u0131m\u0131ndan bilmemiz icap etmektedir.<\/p>\n","protected":false},"excerpt":{"rendered":"<p>Harem kitab\u0131n\u0131n \u00f6ns\u00f6z\u00fcnde bu eserleri neden yazd\u0131\u011f\u0131m\u0131 a\u00e7\u0131klamaya \u00e7al\u0131\u015fm\u0131\u015ft\u0131m. Bu kitapta, onlara ek olarak \u015funlar\u0131 da \u00f6ne s\u00fcrece\u011fiz. Osmanl\u0131 padi\u015fahlar\u0131n\u0131n kad\u0131nlar\u0131n\u0131, ikballerini ve k\u0131zlar\u0131n\u0131 i\u00e7ine alan<span class=\"excerpt-hellip\"> [\u2026]<\/span><\/p>\n","protected":false},"featured_media":0,"template":"","meta":{"_monsterinsights_skip_tracking":false,"_monsterinsights_sitenote_active":false,"_monsterinsights_sitenote_note":"","_monsterinsights_sitenote_category":0},"product_brand":[],"product_cat":[13517,12304],"product_tag":[],"class_list":{"0":"post-705808","1":"product","2":"type-product","3":"status-publish","5":"product_cat-osmanli-tarihi","6":"product_cat-tarih","7":"pa_tur-kitap","8":"pa_yayinevi-otuken-nesriyat","9":"pa_yazar-m-cagatay-ulucay","11":"first","12":"instock","13":"sale","14":"shipping-taxable","15":"purchasable","16":"product-type-simple"},"_links":{"self":[{"href":"https:\/\/roveyayinevi.com.tr\/index.php\/wp-json\/wp\/v2\/product\/705808","targetHints":{"allow":["GET"]}}],"collection":[{"href":"https:\/\/roveyayinevi.com.tr\/index.php\/wp-json\/wp\/v2\/product"}],"about":[{"href":"https:\/\/roveyayinevi.com.tr\/index.php\/wp-json\/wp\/v2\/types\/product"}],"wp:attachment":[{"href":"https:\/\/roveyayinevi.com.tr\/index.php\/wp-json\/wp\/v2\/media?parent=705808"}],"wp:term":[{"taxonomy":"product_brand","embeddable":true,"href":"https:\/\/roveyayinevi.com.tr\/index.php\/wp-json\/wp\/v2\/product_brand?post=705808"},{"taxonomy":"product_cat","embeddable":true,"href":"https:\/\/roveyayinevi.com.tr\/index.php\/wp-json\/wp\/v2\/product_cat?post=705808"},{"taxonomy":"product_tag","embeddable":true,"href":"https:\/\/roveyayinevi.com.tr\/index.php\/wp-json\/wp\/v2\/product_tag?post=705808"}],"curies":[{"name":"wp","href":"https:\/\/api.w.org\/{rel}","templated":true}]}}