{"id":705806,"date":"2025-08-27T15:49:21","date_gmt":"2025-08-27T12:49:21","guid":{"rendered":"https:\/\/roveyayinevi.com.tr\/index.php\/urun\/cagdas-hukuk-dusuncesine-giris\/"},"modified":"2026-03-17T02:18:33","modified_gmt":"2026-03-16T23:18:33","slug":"cagdas-hukuk-dusuncesine-giris","status":"publish","type":"product","link":"https:\/\/roveyayinevi.com.tr\/index.php\/urun\/cagdas-hukuk-dusuncesine-giris\/","title":{"rendered":"\u00c7a\u011fda\u015f Hukuk D\u00fc\u015f\u00fcncesine Giri\u015f"},"content":{"rendered":"<p>Amac\u0131m\u0131z, belli bir bak\u0131\u015f a\u00e7\u0131s\u0131n\u0131n yorumlad\u0131\u011f\u0131 okullar\u0131n, ak\u0131mlar\u0131n, felsefecilerin takdim edilmesi de\u011fil, okuyucuyla orijinal metinleri bulu\u015fturmak. Yarg\u0131lardan ziyade yarg\u0131lar\u0131n gerek\u00e7elerini ve muhakeme zincirini g\u00f6stermeye \u00e7al\u0131\u015f\u0131yoruz. Bunu yaparken de orijinal metinlerden al\u0131nt\u0131 yapmaktan \u00e7ekinmedik. \u0130nceledi\u011fimiz alanlardaki kurucu metinlerin pek az bir k\u0131sm\u0131n\u0131n T\u00fcrk\u00e7ede bulunabildi\u011fini d\u00fc\u015f\u00fcnecek olursak, bu yaz\u0131m tarz\u0131n\u0131n \u00f6nemi ortaya \u00e7\u0131kacakt\u0131r. \ufffcTan\u0131t\u0131m Metni<\/p>\n","protected":false},"excerpt":{"rendered":"<p>Amac\u0131m\u0131z, belli bir bak\u0131\u015f a\u00e7\u0131s\u0131n\u0131n yorumlad\u0131\u011f\u0131 okullar\u0131n, ak\u0131mlar\u0131n, felsefecilerin takdim edilmesi de\u011fil, okuyucuyla orijinal metinleri bulu\u015fturmak. Yarg\u0131lardan ziyade yarg\u0131lar\u0131n gerek\u00e7elerini ve muhakeme zincirini g\u00f6stermeye \u00e7al\u0131\u015f\u0131yoruz. Bunu<span class=\"excerpt-hellip\"> [\u2026]<\/span><\/p>\n","protected":false},"featured_media":0,"template":"","meta":{"_monsterinsights_skip_tracking":false,"_monsterinsights_sitenote_active":false,"_monsterinsights_sitenote_note":"","_monsterinsights_sitenote_category":0},"product_brand":[],"product_cat":[12573,12566],"product_tag":[],"class_list":{"0":"post-705806","1":"product","2":"type-product","3":"status-publish","5":"product_cat-akademik-kitaplar","6":"product_cat-egitim","7":"pa_cilt-ciltsiz","8":"pa_tur-kitap","9":"pa_yayinevi-ithaki-yayinlari","10":"pa_yazar-ertugrul-uzun","11":"pa_yazar-kasim-akbas","12":"pa_yazar-melike-belkis-aydin","13":"pa_yazar-sevtap-metin","15":"first","16":"instock","17":"sale","18":"shipping-taxable","19":"purchasable","20":"product-type-simple"},"_links":{"self":[{"href":"https:\/\/roveyayinevi.com.tr\/index.php\/wp-json\/wp\/v2\/product\/705806","targetHints":{"allow":["GET"]}}],"collection":[{"href":"https:\/\/roveyayinevi.com.tr\/index.php\/wp-json\/wp\/v2\/product"}],"about":[{"href":"https:\/\/roveyayinevi.com.tr\/index.php\/wp-json\/wp\/v2\/types\/product"}],"wp:attachment":[{"href":"https:\/\/roveyayinevi.com.tr\/index.php\/wp-json\/wp\/v2\/media?parent=705806"}],"wp:term":[{"taxonomy":"product_brand","embeddable":true,"href":"https:\/\/roveyayinevi.com.tr\/index.php\/wp-json\/wp\/v2\/product_brand?post=705806"},{"taxonomy":"product_cat","embeddable":true,"href":"https:\/\/roveyayinevi.com.tr\/index.php\/wp-json\/wp\/v2\/product_cat?post=705806"},{"taxonomy":"product_tag","embeddable":true,"href":"https:\/\/roveyayinevi.com.tr\/index.php\/wp-json\/wp\/v2\/product_tag?post=705806"}],"curies":[{"name":"wp","href":"https:\/\/api.w.org\/{rel}","templated":true}]}}