{"id":705770,"date":"2025-08-27T15:49:06","date_gmt":"2025-08-27T12:49:06","guid":{"rendered":"https:\/\/roveyayinevi.com.tr\/index.php\/urun\/artik-kendim-okuyabilirim-ilk-okuma-seti-20-kitap-set\/"},"modified":"2026-04-16T02:14:29","modified_gmt":"2026-04-15T23:14:29","slug":"artik-kendim-okuyabilirim-ilk-okuma-seti-20-kitap-set","status":"publish","type":"product","link":"https:\/\/roveyayinevi.com.tr\/index.php\/urun\/artik-kendim-okuyabilirim-ilk-okuma-seti-20-kitap-set\/","title":{"rendered":"Art\u0131k Kendim Okuyabilirim (\u0130lk Okuma Seti &#8211; 20 Kitap Set)"},"content":{"rendered":"<p>Tamam\u0131n\u0131 Fatih Erdo\u011fan&#8217;\u0131n yaz\u0131p resimledi\u011fi, her biri 32 sayfa, renkli, 20 kitaptan olu\u015fan bu set 30 y\u0131ld\u0131r miniklere kitap okumay\u0131 sevdiriyor&#8230; \ufffcTan\u0131t\u0131m Metni<\/p>\n","protected":false},"excerpt":{"rendered":"<p>Tamam\u0131n\u0131 Fatih Erdo\u011fan&#8217;\u0131n yaz\u0131p resimledi\u011fi, her biri 32 sayfa, renkli, 20 kitaptan olu\u015fan bu set 30 y\u0131ld\u0131r miniklere kitap okumay\u0131 sevdiriyor&#8230; \ufffcTan\u0131t\u0131m Metni<\/p>\n","protected":false},"featured_media":0,"template":"","meta":{"_monsterinsights_skip_tracking":false,"_monsterinsights_sitenote_active":false,"_monsterinsights_sitenote_note":"","_monsterinsights_sitenote_category":0},"product_brand":[],"product_cat":[12274,12284],"product_tag":[],"class_list":{"0":"post-705770","1":"product","2":"type-product","3":"status-publish","5":"product_cat-cocuk-ve-genclik-kitaplari","6":"product_cat-hikayeler","7":"pa_cilt-ciltsiz","8":"pa_tur-kitap","9":"pa_yayinevi-mavi-bulut-yayinlari","10":"pa_yazar-fatih-erdogan","12":"first","13":"instock","14":"sale","15":"shipping-taxable","16":"purchasable","17":"product-type-simple"},"_links":{"self":[{"href":"https:\/\/roveyayinevi.com.tr\/index.php\/wp-json\/wp\/v2\/product\/705770","targetHints":{"allow":["GET"]}}],"collection":[{"href":"https:\/\/roveyayinevi.com.tr\/index.php\/wp-json\/wp\/v2\/product"}],"about":[{"href":"https:\/\/roveyayinevi.com.tr\/index.php\/wp-json\/wp\/v2\/types\/product"}],"wp:attachment":[{"href":"https:\/\/roveyayinevi.com.tr\/index.php\/wp-json\/wp\/v2\/media?parent=705770"}],"wp:term":[{"taxonomy":"product_brand","embeddable":true,"href":"https:\/\/roveyayinevi.com.tr\/index.php\/wp-json\/wp\/v2\/product_brand?post=705770"},{"taxonomy":"product_cat","embeddable":true,"href":"https:\/\/roveyayinevi.com.tr\/index.php\/wp-json\/wp\/v2\/product_cat?post=705770"},{"taxonomy":"product_tag","embeddable":true,"href":"https:\/\/roveyayinevi.com.tr\/index.php\/wp-json\/wp\/v2\/product_tag?post=705770"}],"curies":[{"name":"wp","href":"https:\/\/api.w.org\/{rel}","templated":true}]}}