{"id":705748,"date":"2025-08-27T15:48:57","date_gmt":"2025-08-27T12:48:57","guid":{"rendered":"https:\/\/roveyayinevi.com.tr\/index.php\/urun\/kurganlar-eski-turklerin-kutsal-mezarlari\/"},"modified":"2026-04-16T02:14:29","modified_gmt":"2026-04-15T23:14:29","slug":"kurganlar-eski-turklerin-kutsal-mezarlari","status":"publish","type":"product","link":"https:\/\/roveyayinevi.com.tr\/index.php\/urun\/kurganlar-eski-turklerin-kutsal-mezarlari\/","title":{"rendered":"Kurganlar: Eski T\u00fcrklerin Kutsal Mezarlar\u0131"},"content":{"rendered":"<p>Bu \u00e7al\u0131\u015fma, \u0130slamiyetin Orta Asya\u2019da yay\u0131l\u0131\u015f\u0131ndan \u00f6nce ve \u0130slamiyetin geli\u015finden sonra da hen\u00fcz M\u00fcsl\u00fcman olmam\u0131\u015f T\u00fcrk topluluklar\u0131n\u0131n \u201ckurgan\u201d denilen mezar yap\u0131lar\u0131n\u0131 kapsamaktad\u0131r. B\u00f6ylece Proto-T\u00fcrklerden (\u00d6n T\u00fcrkler) itibaren kurganlar\u0131n ele al\u0131naca\u011f\u0131 bu ara\u015ft\u0131rmayla, T\u00fcrkiye\u2019de ve D\u00fcnya bilim \u00e7evrelerinde konuya T\u00fcrkler a\u00e7\u0131s\u0131ndan bakan b\u00fct\u00fcnc\u00fcl bir yakla\u015f\u0131m ilk kez sergilenmi\u015f olacakt\u0131r. Bir k\u0131s\u0131m Avrupal\u0131 ara\u015ft\u0131rmac\u0131lar\u0131n Hind-Avrupa k\u00fclt\u00fcrlerinin bir \u00fcr\u00fcn\u00fc olarak yakla\u015ft\u0131\u011f\u0131 bu mezar yap\u0131lar\u0131n\u0131n as\u0131l sahiplerinin, T\u00fcrkler ve di\u011fer bozk\u0131r topluluklar\u0131n\u0131n olu\u015fturdu\u011fu Bozk\u0131r kavimleri oldu\u011fu b\u00f6ylece vurgulanm\u0131\u015f olacakt\u0131r. \u00d6te yandan T\u00fcrk-\u0130slam mezar yap\u0131lar\u0131n\u0131n kaynaklar\u0131n\u0131n ayd\u0131nl\u0131\u011fa \u00e7\u0131kar\u0131lmas\u0131 bak\u0131m\u0131ndan da bu konunun bilim d\u00fcnyas\u0131na sunulmas\u0131n\u0131n faydal\u0131 olaca\u011f\u0131 d\u00fc\u015f\u00fcn\u00fclm\u00fc\u015ft\u00fcr. Ara\u015ft\u0131rman\u0131n ayn\u0131 zamanda b\u00fcy\u00fck oranda Avrasya k\u00fclt\u00fcr\u00fcn\u00fcn bir par\u00e7as\u0131 olan T\u00fcrkiye\u2019deki kurgan yap\u0131lar\u0131n\u0131n ke\u015ffini h\u0131zland\u0131raca\u011f\u0131n\u0131 ve bu konuda \u00e7al\u0131\u015facaklara da temel kitap vazifesi g\u00f6rece\u011fini umuyoruz. \u00c7\u00fcnk\u00fc bu \u00e7al\u0131\u015fmayla yaln\u0131zca T\u00fcrklerin in\u015fa etti\u011fi kurganlara de\u011finilmemi\u015f, b\u00fct\u00fcn Bozk\u0131r b\u00f6lgesindeki halklarla ili\u015fkiler de ele al\u0131nmaya \u00e7al\u0131\u015f\u0131larak, konunun genel Avrasya k\u00fclt\u00fcr\u00fc a\u00e7\u0131s\u0131ndan da kavranmas\u0131 sa\u011flanmaya \u00e7al\u0131\u015f\u0131lm\u0131\u015ft\u0131r. Kitab\u0131m\u0131zda kurganlar\u0131n mimari \u00f6zellikleri, yerle\u015fim d\u00fczeni ve mezar sembol ve rit\u00fcelleri \u00f6n plana al\u0131nm\u0131\u015f, bu konudaki bilgiler kendi y\u00f6ntem-s\u0131n\u0131fland\u0131rma anlay\u0131\u015f\u0131m\u0131za g\u00f6re derlenmi\u015f ve de\u011ferlendirilmi\u015ftir. Kurgan mezarlar\u0131 i\u00e7erisindeki sanat ve arkeoloji ve ba\u015fka alanlar\u0131n buluntular\u0131n\u0131n \u00f6nemli \u00f6rneklerinin neler oldu\u011fu ve mezarda bulunduklar\u0131 yerler ifade edilmi\u015ftir. T\u00fcrkiye\u2019de bu konu ve kapsamda kaleme al\u0131nm\u0131\u015f hen\u00fcz ilk kitap olmas\u0131 sebebiyle, bu \u00e7al\u0131\u015fman\u0131n T\u00fcrk ara\u015ft\u0131rmac\u0131, bilim insanlar\u0131 ve merakl\u0131lar\u0131na \u00f6nemli bir kaynak te\u015fkil edece\u011fini d\u00fc\u015f\u00fcn\u00fcyoruz. \ufffcTan\u0131t\u0131m Metni<\/p>\n","protected":false},"excerpt":{"rendered":"<p>Bu \u00e7al\u0131\u015fma, \u0130slamiyetin Orta Asya\u2019da yay\u0131l\u0131\u015f\u0131ndan \u00f6nce ve \u0130slamiyetin geli\u015finden sonra da hen\u00fcz M\u00fcsl\u00fcman olmam\u0131\u015f T\u00fcrk topluluklar\u0131n\u0131n \u201ckurgan\u201d denilen mezar yap\u0131lar\u0131n\u0131 kapsamaktad\u0131r. B\u00f6ylece Proto-T\u00fcrklerden (\u00d6n T\u00fcrkler)<span class=\"excerpt-hellip\"> [\u2026]<\/span><\/p>\n","protected":false},"featured_media":0,"template":"","meta":{"_monsterinsights_skip_tracking":false,"_monsterinsights_sitenote_active":false,"_monsterinsights_sitenote_note":"","_monsterinsights_sitenote_category":0},"product_brand":[],"product_cat":[12312,12304],"product_tag":[],"class_list":{"0":"post-705748","1":"product","2":"type-product","3":"status-publish","5":"product_cat-diger","6":"product_cat-tarih","7":"pa_cilt-ciltsiz","8":"pa_tur-kitap","9":"pa_yayinevi-otuken-nesriyat","10":"pa_yazar-yasar-coruhlu","12":"first","13":"instock","14":"sale","15":"shipping-taxable","16":"purchasable","17":"product-type-simple"},"_links":{"self":[{"href":"https:\/\/roveyayinevi.com.tr\/index.php\/wp-json\/wp\/v2\/product\/705748","targetHints":{"allow":["GET"]}}],"collection":[{"href":"https:\/\/roveyayinevi.com.tr\/index.php\/wp-json\/wp\/v2\/product"}],"about":[{"href":"https:\/\/roveyayinevi.com.tr\/index.php\/wp-json\/wp\/v2\/types\/product"}],"wp:attachment":[{"href":"https:\/\/roveyayinevi.com.tr\/index.php\/wp-json\/wp\/v2\/media?parent=705748"}],"wp:term":[{"taxonomy":"product_brand","embeddable":true,"href":"https:\/\/roveyayinevi.com.tr\/index.php\/wp-json\/wp\/v2\/product_brand?post=705748"},{"taxonomy":"product_cat","embeddable":true,"href":"https:\/\/roveyayinevi.com.tr\/index.php\/wp-json\/wp\/v2\/product_cat?post=705748"},{"taxonomy":"product_tag","embeddable":true,"href":"https:\/\/roveyayinevi.com.tr\/index.php\/wp-json\/wp\/v2\/product_tag?post=705748"}],"curies":[{"name":"wp","href":"https:\/\/api.w.org\/{rel}","templated":true}]}}