{"id":705743,"date":"2025-08-27T15:48:55","date_gmt":"2025-08-27T12:48:55","guid":{"rendered":"https:\/\/roveyayinevi.com.tr\/index.php\/urun\/solak-defterler\/"},"modified":"2026-04-16T02:14:29","modified_gmt":"2026-04-15T23:14:29","slug":"solak-defterler","status":"publish","type":"product","link":"https:\/\/roveyayinevi.com.tr\/index.php\/urun\/solak-defterler\/","title":{"rendered":"Solak Defterler"},"content":{"rendered":"<p>\u201cPek \u00e7ok yeni \u015fiirimin yan\u0131 s\u0131ra, eski tarihli ama g\u00fcn \u0131\u015f\u0131\u011f\u0131na \u00e7\u0131kmam\u0131\u015f \u015fiirlerimin de yer ald\u0131\u011f\u0131, kendi i\u00e7inde b\u00f6l\u00fcmlenmi\u015f bir toplam. Zamana yay\u0131lan defterlerin hem kendi i\u00e7inde hem birbirlerine ba\u011fland\u0131klar\u0131 yerdeki k\u00f6pr\u00fc aya\u011f\u0131&#8230; Farkl\u0131 y\u0131ld\u0131zlar\u0131n ayn\u0131 y\u00f6r\u00fcngede d\u00f6nd\u00fckleri bir g\u00f6kada.\u201d \u2013\u2013 Murathan Mungan <\/p>\n","protected":false},"excerpt":{"rendered":"<p>\u201cPek \u00e7ok yeni \u015fiirimin yan\u0131 s\u0131ra, eski tarihli ama g\u00fcn \u0131\u015f\u0131\u011f\u0131na \u00e7\u0131kmam\u0131\u015f \u015fiirlerimin de yer ald\u0131\u011f\u0131, kendi i\u00e7inde b\u00f6l\u00fcmlenmi\u015f bir toplam. Zamana yay\u0131lan defterlerin hem kendi<span class=\"excerpt-hellip\"> [\u2026]<\/span><\/p>\n","protected":false},"featured_media":0,"template":"","meta":{"_monsterinsights_skip_tracking":false,"_monsterinsights_sitenote_active":false,"_monsterinsights_sitenote_note":"","_monsterinsights_sitenote_category":0},"product_brand":[],"product_cat":[12291,12509],"product_tag":[],"class_list":{"0":"post-705743","1":"product","2":"type-product","3":"status-publish","5":"product_cat-edebiyat","6":"product_cat-siir","7":"pa_cilt-ciltsiz","8":"pa_tur-kitap","9":"pa_yayinevi-metis-yayinlari","10":"pa_yazar-murathan-mungan","12":"first","13":"instock","14":"sale","15":"shipping-taxable","16":"purchasable","17":"product-type-simple"},"_links":{"self":[{"href":"https:\/\/roveyayinevi.com.tr\/index.php\/wp-json\/wp\/v2\/product\/705743","targetHints":{"allow":["GET"]}}],"collection":[{"href":"https:\/\/roveyayinevi.com.tr\/index.php\/wp-json\/wp\/v2\/product"}],"about":[{"href":"https:\/\/roveyayinevi.com.tr\/index.php\/wp-json\/wp\/v2\/types\/product"}],"wp:attachment":[{"href":"https:\/\/roveyayinevi.com.tr\/index.php\/wp-json\/wp\/v2\/media?parent=705743"}],"wp:term":[{"taxonomy":"product_brand","embeddable":true,"href":"https:\/\/roveyayinevi.com.tr\/index.php\/wp-json\/wp\/v2\/product_brand?post=705743"},{"taxonomy":"product_cat","embeddable":true,"href":"https:\/\/roveyayinevi.com.tr\/index.php\/wp-json\/wp\/v2\/product_cat?post=705743"},{"taxonomy":"product_tag","embeddable":true,"href":"https:\/\/roveyayinevi.com.tr\/index.php\/wp-json\/wp\/v2\/product_tag?post=705743"}],"curies":[{"name":"wp","href":"https:\/\/api.w.org\/{rel}","templated":true}]}}