{"id":705737,"date":"2025-08-27T15:48:52","date_gmt":"2025-08-27T12:48:52","guid":{"rendered":"https:\/\/roveyayinevi.com.tr\/index.php\/urun\/icat-cikarma\/"},"modified":"2026-04-16T02:14:29","modified_gmt":"2026-04-15T23:14:29","slug":"icat-cikarma","status":"publish","type":"product","link":"https:\/\/roveyayinevi.com.tr\/index.php\/urun\/icat-cikarma\/","title":{"rendered":"\u0130cat \u00c7\u0131karma!"},"content":{"rendered":"<p>Telefon, icat edildi\u011fi d\u00f6nemde anlams\u0131z bir oyuncak diye k\u00fc\u00e7\u00fcmsenmi\u015ftir. Beatles\u2019a, gitar \u00e7alan m\u00fczik gruplar\u0131 d\u00f6neminin sona ermek \u00fczere oldu\u011fu s\u00f6ylenmi\u015ftir. Sandvi\u00e7, kumar ba\u011f\u0131ml\u0131s\u0131 bir Kont\u2019un oyun s\u0131ras\u0131nda ac\u0131kmas\u0131 sonucu bulunmu\u015ftur. Marilyn Monroe\u2019ya gidip nas\u0131l sekreter olunaca\u011f\u0131n\u0131 \u00f6\u011frenmesi tavsiye edilmi\u015ftir. Viagra, y\u00fcksek tansiyon ve bo\u011faz a\u011fr\u0131s\u0131n\u0131 tedavi etmek i\u00e7in \u00fcretilen bir ilac\u0131n yan etkileri sonucunda bulunmu\u015ftur. Fermuar, ad\u0131 tescil edilmeden \u00f6nce \u201cotomatik kesintisiz giysi kapat\u0131c\u0131s\u0131\u201d olarak an\u0131lm\u0131\u015ft\u0131r. Y\u0131ld\u0131z Sava\u015flar\u0131, gi\u015fede bir fiyasko olaca\u011f\u0131 gerek\u00e7esiyle uzun s\u00fcre rafta bekletilmi\u015ftir. Sezar salata, Amerika\u2019da ya\u015fayan \u0130talyan bir \u015fefin, mutfakta kalan ne varsa kar\u0131\u015ft\u0131r\u0131p m\u00fc\u015fterisine sunmas\u0131 sonucu ortaya \u00e7\u0131km\u0131\u015ft\u0131r. Patates cipsi, patates k\u0131zartmalar\u0131n\u0131n \u00e7ok kal\u0131n oldu\u011fu \u015fik\u00e2yeti \u00fczerine a\u015f\u00e7\u0131ba\u015f\u0131n\u0131n \u00f6fkelenmesi sonucu bulunmu\u015ftur. <\/p>\n","protected":false},"excerpt":{"rendered":"<p>Telefon, icat edildi\u011fi d\u00f6nemde anlams\u0131z bir oyuncak diye k\u00fc\u00e7\u00fcmsenmi\u015ftir. Beatles\u2019a, gitar \u00e7alan m\u00fczik gruplar\u0131 d\u00f6neminin sona ermek \u00fczere oldu\u011fu s\u00f6ylenmi\u015ftir. Sandvi\u00e7, kumar ba\u011f\u0131ml\u0131s\u0131 bir Kont\u2019un oyun<span class=\"excerpt-hellip\"> [\u2026]<\/span><\/p>\n","protected":false},"featured_media":0,"template":"","meta":{"_monsterinsights_skip_tracking":false,"_monsterinsights_sitenote_active":false,"_monsterinsights_sitenote_note":"","_monsterinsights_sitenote_category":0},"product_brand":[],"product_cat":[13005,13006],"product_tag":[],"class_list":{"0":"post-705737","1":"product","2":"type-product","3":"status-publish","5":"product_cat-bilim-muhendislik","6":"product_cat-populer-bilim","7":"pa_cilt-ciltsiz","8":"pa_tur-kitap","9":"pa_yayinevi-eksik-parca-yayinlari","10":"pa_yazar-albert-jack","12":"first","13":"instock","14":"sale","15":"shipping-taxable","16":"purchasable","17":"product-type-simple"},"_links":{"self":[{"href":"https:\/\/roveyayinevi.com.tr\/index.php\/wp-json\/wp\/v2\/product\/705737","targetHints":{"allow":["GET"]}}],"collection":[{"href":"https:\/\/roveyayinevi.com.tr\/index.php\/wp-json\/wp\/v2\/product"}],"about":[{"href":"https:\/\/roveyayinevi.com.tr\/index.php\/wp-json\/wp\/v2\/types\/product"}],"wp:attachment":[{"href":"https:\/\/roveyayinevi.com.tr\/index.php\/wp-json\/wp\/v2\/media?parent=705737"}],"wp:term":[{"taxonomy":"product_brand","embeddable":true,"href":"https:\/\/roveyayinevi.com.tr\/index.php\/wp-json\/wp\/v2\/product_brand?post=705737"},{"taxonomy":"product_cat","embeddable":true,"href":"https:\/\/roveyayinevi.com.tr\/index.php\/wp-json\/wp\/v2\/product_cat?post=705737"},{"taxonomy":"product_tag","embeddable":true,"href":"https:\/\/roveyayinevi.com.tr\/index.php\/wp-json\/wp\/v2\/product_tag?post=705737"}],"curies":[{"name":"wp","href":"https:\/\/api.w.org\/{rel}","templated":true}]}}