{"id":705710,"date":"2025-08-27T15:48:40","date_gmt":"2025-08-27T12:48:40","guid":{"rendered":"https:\/\/roveyayinevi.com.tr\/index.php\/urun\/agac-golgesi\/"},"modified":"2026-04-16T02:14:28","modified_gmt":"2026-04-15T23:14:28","slug":"agac-golgesi","status":"publish","type":"product","link":"https:\/\/roveyayinevi.com.tr\/index.php\/urun\/agac-golgesi\/","title":{"rendered":"A\u011fa\u00e7 G\u00f6lgesi"},"content":{"rendered":"<p>Merhaba&#8230;Kitab\u0131m\u0131 eline ald\u0131\u011f\u0131nda g\u00f6zlerinin parlad\u0131\u011f\u0131n\u0131 g\u00f6rd\u00fcm. Yoksa sen de mi bir kitap kurdusun? Okumay\u0131 \u00e7ok mu seviyorsun? \u00d6yleyse, Tomurcuk Kitaplar\u2019la arkada\u015f ol&#8230; Her birinde, yeni \u015feyler \u00f6\u011frenecek, de\u011fi\u015fik bir ser\u00fcvenle kar\u015f\u0131la\u015facaks\u0131n.G\u00f6kdelenler, AVM\u2019ler, k\u00f6pr\u00fcler, yapay parklar, araba konvoylar\u0131, gitgide yok olan do\u011fal ya\u015fam&#8230;Farkl\u0131 i\u015flevleri olan robotlar\u0131n\u0131n da yard\u0131m\u0131yla kentte hi\u00e7 ye\u015fil alan ve ger\u00e7ek a\u011fa\u00e7 b\u0131rakmayan Ba\u015fkan, bir g\u00fcn k\u0131z\u0131n\u0131n ani hastal\u0131\u011f\u0131yla sars\u0131l\u0131r. Fakat olduk\u00e7a zengin olan Ba\u015fkan t\u00fcm imk\u00e2nlar\u0131n\u0131 kullanarak k\u0131z\u0131n\u0131 bu hastal\u0131ktan kurtarabilece\u011fini d\u00fc\u015f\u00fcn\u00fcr. Oysa bu, d\u00fc\u015f\u00fcnd\u00fc\u011f\u00fc kadar kolay olmaz.Bakal\u0131m k\u00fc\u00e7\u00fck k\u0131z bu hastal\u0131ktan nas\u0131l kurtulacak? <\/p>\n","protected":false},"excerpt":{"rendered":"<p>Merhaba&#8230;Kitab\u0131m\u0131 eline ald\u0131\u011f\u0131nda g\u00f6zlerinin parlad\u0131\u011f\u0131n\u0131 g\u00f6rd\u00fcm. Yoksa sen de mi bir kitap kurdusun? Okumay\u0131 \u00e7ok mu seviyorsun? \u00d6yleyse, Tomurcuk Kitaplar\u2019la arkada\u015f ol&#8230; Her birinde, yeni \u015feyler<span class=\"excerpt-hellip\"> [\u2026]<\/span><\/p>\n","protected":false},"featured_media":0,"template":"","meta":{"_monsterinsights_skip_tracking":false,"_monsterinsights_sitenote_active":false,"_monsterinsights_sitenote_note":"","_monsterinsights_sitenote_category":0},"product_brand":[],"product_cat":[12274,12284],"product_tag":[],"class_list":{"0":"post-705710","1":"product","2":"type-product","3":"status-publish","5":"product_cat-cocuk-ve-genclik-kitaplari","6":"product_cat-hikayeler","7":"pa_cilt-ciltsiz","8":"pa_tur-kitap","9":"pa_yayinevi-say-cocuk","10":"pa_yazar-gulsum-cengiz","12":"first","13":"instock","14":"sale","15":"shipping-taxable","16":"purchasable","17":"product-type-simple"},"_links":{"self":[{"href":"https:\/\/roveyayinevi.com.tr\/index.php\/wp-json\/wp\/v2\/product\/705710","targetHints":{"allow":["GET"]}}],"collection":[{"href":"https:\/\/roveyayinevi.com.tr\/index.php\/wp-json\/wp\/v2\/product"}],"about":[{"href":"https:\/\/roveyayinevi.com.tr\/index.php\/wp-json\/wp\/v2\/types\/product"}],"wp:attachment":[{"href":"https:\/\/roveyayinevi.com.tr\/index.php\/wp-json\/wp\/v2\/media?parent=705710"}],"wp:term":[{"taxonomy":"product_brand","embeddable":true,"href":"https:\/\/roveyayinevi.com.tr\/index.php\/wp-json\/wp\/v2\/product_brand?post=705710"},{"taxonomy":"product_cat","embeddable":true,"href":"https:\/\/roveyayinevi.com.tr\/index.php\/wp-json\/wp\/v2\/product_cat?post=705710"},{"taxonomy":"product_tag","embeddable":true,"href":"https:\/\/roveyayinevi.com.tr\/index.php\/wp-json\/wp\/v2\/product_tag?post=705710"}],"curies":[{"name":"wp","href":"https:\/\/api.w.org\/{rel}","templated":true}]}}