{"id":705701,"date":"2025-08-27T15:48:37","date_gmt":"2025-08-27T12:48:37","guid":{"rendered":"https:\/\/roveyayinevi.com.tr\/index.php\/urun\/felsefece-dusunmenin-yollari\/"},"modified":"2026-04-16T02:14:28","modified_gmt":"2026-04-15T23:14:28","slug":"felsefece-dusunmenin-yollari","status":"publish","type":"product","link":"https:\/\/roveyayinevi.com.tr\/index.php\/urun\/felsefece-dusunmenin-yollari\/","title":{"rendered":"Felsefece D\u00fc\u015f\u00fcnmenin Yollar\u0131"},"content":{"rendered":"<p>Yasa, Bilgi, Do\u011fruluk, De\u011fer, \u0130nsan, Varl\u0131k, Toplum, Mutlak&#8230; Bu ba\u015fl\u0131klar felsefe dedi\u011fimiz d\u00fc\u015f\u00fcnsel u\u011fra\u015f\u0131n en temel soru(n)lar\u0131. Bochenski\u2019nin Felsefece D\u00fc\u015f\u00fcnmenin Yollar\u0131 adl\u0131 kitab\u0131 i\u015fte bu temel sorunlar\u0131 ve bu sorunlar\u0131n tarih boyunca nas\u0131l i\u015flendi\u011fini kar\u015f\u0131t g\u00f6r\u00fc\u015fleri yan yana getirerek tan\u0131t\u0131yor bize. Felsefece D\u00fc\u015f\u00fcnmenin Yollar\u0131 bir \u00e7\u0131rp\u0131da okunabilecek bir kitap olmas\u0131na kar\u015f\u0131n okuyucuya uzun ve zahmetli bir yolun, felsefenin kap\u0131lar\u0131n\u0131 a\u00e7\u0131yor; yaln\u0131zca kimi g\u00f6r\u00fc\u015flerine de\u011finerek tan\u0131tt\u0131\u011f\u0131 filozoflar\u0131n yap\u0131tlar\u0131na, d\u00fcnyalar\u0131na y\u00f6nlendiriyor onu, b\u00f6ylece okumas\u0131n\u0131, daha da \u00f6nemlisi d\u00fc\u015f\u00fcnmesini, okuyarak d\u00fc\u015f\u00fcnmesini, d\u00fc\u015f\u00fcnerek okumas\u0131n\u0131 istiyor ondan. <\/p>\n","protected":false},"excerpt":{"rendered":"<p>Yasa, Bilgi, Do\u011fruluk, De\u011fer, \u0130nsan, Varl\u0131k, Toplum, Mutlak&#8230; Bu ba\u015fl\u0131klar felsefe dedi\u011fimiz d\u00fc\u015f\u00fcnsel u\u011fra\u015f\u0131n en temel soru(n)lar\u0131. Bochenski\u2019nin Felsefece D\u00fc\u015f\u00fcnmenin Yollar\u0131 adl\u0131 kitab\u0131 i\u015fte bu temel<span class=\"excerpt-hellip\"> [\u2026]<\/span><\/p>\n","protected":false},"featured_media":0,"template":"","meta":{"_monsterinsights_skip_tracking":false,"_monsterinsights_sitenote_active":false,"_monsterinsights_sitenote_note":"","_monsterinsights_sitenote_category":0},"product_brand":[],"product_cat":[12388,13555],"product_tag":[],"class_list":{"0":"post-705701","1":"product","2":"type-product","3":"status-publish","5":"product_cat-felsefe","6":"product_cat-genel-felsefe","7":"pa_cilt-ciltsiz","8":"pa_tur-kitap","9":"pa_yayinevi-pharmakon-kitap","10":"pa_yazar-j-m-bochenski","12":"first","13":"instock","14":"sale","15":"shipping-taxable","16":"purchasable","17":"product-type-simple"},"_links":{"self":[{"href":"https:\/\/roveyayinevi.com.tr\/index.php\/wp-json\/wp\/v2\/product\/705701","targetHints":{"allow":["GET"]}}],"collection":[{"href":"https:\/\/roveyayinevi.com.tr\/index.php\/wp-json\/wp\/v2\/product"}],"about":[{"href":"https:\/\/roveyayinevi.com.tr\/index.php\/wp-json\/wp\/v2\/types\/product"}],"wp:attachment":[{"href":"https:\/\/roveyayinevi.com.tr\/index.php\/wp-json\/wp\/v2\/media?parent=705701"}],"wp:term":[{"taxonomy":"product_brand","embeddable":true,"href":"https:\/\/roveyayinevi.com.tr\/index.php\/wp-json\/wp\/v2\/product_brand?post=705701"},{"taxonomy":"product_cat","embeddable":true,"href":"https:\/\/roveyayinevi.com.tr\/index.php\/wp-json\/wp\/v2\/product_cat?post=705701"},{"taxonomy":"product_tag","embeddable":true,"href":"https:\/\/roveyayinevi.com.tr\/index.php\/wp-json\/wp\/v2\/product_tag?post=705701"}],"curies":[{"name":"wp","href":"https:\/\/api.w.org\/{rel}","templated":true}]}}