{"id":705699,"date":"2025-08-27T15:48:36","date_gmt":"2025-08-27T12:48:36","guid":{"rendered":"https:\/\/roveyayinevi.com.tr\/index.php\/urun\/donusum-8\/"},"modified":"2026-04-16T02:14:28","modified_gmt":"2026-04-15T23:14:28","slug":"donusum-8","status":"publish","type":"product","link":"https:\/\/roveyayinevi.com.tr\/index.php\/urun\/donusum-8\/","title":{"rendered":"D\u00f6n\u00fc\u015f\u00fcm"},"content":{"rendered":"<p>D\u00f6n\u00fc\u015f\u00fcm, bir sabah uyand\u0131\u011f\u0131nda kendini kocaman bir b\u00f6ce\u011fe d\u00f6n\u00fc\u015fm\u00fc\u015f olarak bulan gen\u00e7 pazarlamac\u0131 Gregor Samsa\u2019n\u0131n \u00f6yk\u00fcs\u00fcd\u00fcr. Samsa y\u0131llarca k\u00f6le gibi \u00e7al\u0131\u015farak anne-babas\u0131na ve k\u0131z karde\u015fine bakm\u0131\u015ft\u0131r. Ancak o talihsiz sabah\u0131n ard\u0131ndan herkes taraf\u0131ndan d\u0131\u015flanacak, art\u0131k bir par\u00e7as\u0131 olmad\u0131\u011f\u0131 bir d\u00fcnyada bulacakt\u0131r kendini.Franz Kafka\u2019n\u0131n en pop\u00fcler eserlerinden olan D\u00f6n\u00fc\u015f\u00fcm; herkesin okumas\u0131 gereken, tuhaf, n\u00fckteli ve etkileyici bir dram.<\/p>\n","protected":false},"excerpt":{"rendered":"<p>D\u00f6n\u00fc\u015f\u00fcm, bir sabah uyand\u0131\u011f\u0131nda kendini kocaman bir b\u00f6ce\u011fe d\u00f6n\u00fc\u015fm\u00fc\u015f olarak bulan gen\u00e7 pazarlamac\u0131 Gregor Samsa\u2019n\u0131n \u00f6yk\u00fcs\u00fcd\u00fcr. Samsa y\u0131llarca k\u00f6le gibi \u00e7al\u0131\u015farak anne-babas\u0131na ve k\u0131z karde\u015fine bakm\u0131\u015ft\u0131r.<span class=\"excerpt-hellip\"> [\u2026]<\/span><\/p>\n","protected":false},"featured_media":0,"template":"","meta":{"_monsterinsights_skip_tracking":false,"_monsterinsights_sitenote_active":false,"_monsterinsights_sitenote_note":"","_monsterinsights_sitenote_category":0},"product_brand":[],"product_cat":[12782,12291],"product_tag":[],"class_list":{"0":"post-705699","1":"product","2":"type-product","3":"status-publish","5":"product_cat-alman-edebiyati","6":"product_cat-edebiyat","7":"pa_cilt-ciltsiz","8":"pa_tur-kitap","9":"pa_yayinevi-bilgi-yayinevi","10":"pa_yazar-franz-kafka","12":"first","13":"instock","14":"sale","15":"shipping-taxable","16":"purchasable","17":"product-type-simple"},"_links":{"self":[{"href":"https:\/\/roveyayinevi.com.tr\/index.php\/wp-json\/wp\/v2\/product\/705699","targetHints":{"allow":["GET"]}}],"collection":[{"href":"https:\/\/roveyayinevi.com.tr\/index.php\/wp-json\/wp\/v2\/product"}],"about":[{"href":"https:\/\/roveyayinevi.com.tr\/index.php\/wp-json\/wp\/v2\/types\/product"}],"wp:attachment":[{"href":"https:\/\/roveyayinevi.com.tr\/index.php\/wp-json\/wp\/v2\/media?parent=705699"}],"wp:term":[{"taxonomy":"product_brand","embeddable":true,"href":"https:\/\/roveyayinevi.com.tr\/index.php\/wp-json\/wp\/v2\/product_brand?post=705699"},{"taxonomy":"product_cat","embeddable":true,"href":"https:\/\/roveyayinevi.com.tr\/index.php\/wp-json\/wp\/v2\/product_cat?post=705699"},{"taxonomy":"product_tag","embeddable":true,"href":"https:\/\/roveyayinevi.com.tr\/index.php\/wp-json\/wp\/v2\/product_tag?post=705699"}],"curies":[{"name":"wp","href":"https:\/\/api.w.org\/{rel}","templated":true}]}}