{"id":705692,"date":"2025-08-27T15:48:33","date_gmt":"2025-08-27T12:48:33","guid":{"rendered":"https:\/\/roveyayinevi.com.tr\/index.php\/urun\/kutul-amare\/"},"modified":"2025-12-30T10:00:03","modified_gmt":"2025-12-30T07:00:03","slug":"kutul-amare","status":"publish","type":"product","link":"https:\/\/roveyayinevi.com.tr\/index.php\/urun\/kutul-amare\/","title":{"rendered":"Kut&#8217;\u00fcl Amare"},"content":{"rendered":"<p>Birinci D\u00fcnya Sava\u015f\u0131 s\u0131ras\u0131nda Charles Townshend komutas\u0131ndaki \u0130ngiliz kuvvetleri, Osmanl\u0131 kuvvetlerinden ka\u00e7arak surlarla \u00e7evrili Kut \u015fehrine s\u0131\u011f\u0131n\u0131r. Alt\u0131nc\u0131 Hint Taburu bu ku\u015fatman\u0131n ba\u015flang\u0131c\u0131nda, bunun \u0130ngiltere tarihindeki en zorlu ku\u015fatmalardan biri olaca\u011f\u0131ndan habersizdir. Kar\u015f\u0131lar\u0131nda yaln\u0131zca inat\u00e7\u0131 Osmanl\u0131 birlikleri ve zorlu Mezopotamya ko\u015fullar\u0131 de\u011fil, ayn\u0131 zamanda s\u00fcrekli \u015f\u00fcphelenilen yerli halk ve Halife\u2019nin askerlerine kar\u015f\u0131 sava\u015fmakta isteksiz davranan M\u00fcsl\u00fcman Hint askerleri vard\u0131r.Mezopotamya Cephesi, Birinci D\u00fcnya Sava\u015f\u0131\u2019n\u0131n di\u011fer cephelerine nazaran Bat\u0131l\u0131 tarih\u00e7iler taraf\u0131ndan yeterli ilgiyi g\u00f6rmemi\u015ftir.Nikolas Gardner\u2019\u0131n Kut\u2019\u00fcl Amare Ku\u015fatmas\u0131\u2019n\u0131 anlatan ve ilk kaynaklardan besleyerek ak\u0131c\u0131 bir \u00fcslupla kaleme ald\u0131\u011f\u0131 bu kitap, bize \u0130ngilizlerin g\u00f6z\u00fcyle bir Osmanl\u0131 zaferini okuma imkan\u0131 vermesi a\u00e7\u0131s\u0131ndan \u00f6nemlidir. <\/p>\n","protected":false},"excerpt":{"rendered":"<p>Birinci D\u00fcnya Sava\u015f\u0131 s\u0131ras\u0131nda Charles Townshend komutas\u0131ndaki \u0130ngiliz kuvvetleri, Osmanl\u0131 kuvvetlerinden ka\u00e7arak surlarla \u00e7evrili Kut \u015fehrine s\u0131\u011f\u0131n\u0131r. Alt\u0131nc\u0131 Hint Taburu bu ku\u015fatman\u0131n ba\u015flang\u0131c\u0131nda, bunun \u0130ngiltere tarihindeki<span class=\"excerpt-hellip\"> [\u2026]<\/span><\/p>\n","protected":false},"featured_media":0,"template":"","meta":{"_monsterinsights_skip_tracking":false,"_monsterinsights_sitenote_active":false,"_monsterinsights_sitenote_note":"","_monsterinsights_sitenote_category":0},"product_brand":[],"product_cat":[12370,12304],"product_tag":[],"class_list":{"0":"post-705692","1":"product","2":"type-product","3":"status-publish","5":"product_cat-arastirma-inceleme","6":"product_cat-tarih","7":"pa_cilt-ciltsiz","8":"pa_tur-kitap","9":"pa_yayinevi-etkilesim-yayinlari","10":"pa_yazar-nikolas-gardner","12":"first","13":"instock","14":"sale","15":"shipping-taxable","16":"purchasable","17":"product-type-simple"},"_links":{"self":[{"href":"https:\/\/roveyayinevi.com.tr\/index.php\/wp-json\/wp\/v2\/product\/705692","targetHints":{"allow":["GET"]}}],"collection":[{"href":"https:\/\/roveyayinevi.com.tr\/index.php\/wp-json\/wp\/v2\/product"}],"about":[{"href":"https:\/\/roveyayinevi.com.tr\/index.php\/wp-json\/wp\/v2\/types\/product"}],"wp:attachment":[{"href":"https:\/\/roveyayinevi.com.tr\/index.php\/wp-json\/wp\/v2\/media?parent=705692"}],"wp:term":[{"taxonomy":"product_brand","embeddable":true,"href":"https:\/\/roveyayinevi.com.tr\/index.php\/wp-json\/wp\/v2\/product_brand?post=705692"},{"taxonomy":"product_cat","embeddable":true,"href":"https:\/\/roveyayinevi.com.tr\/index.php\/wp-json\/wp\/v2\/product_cat?post=705692"},{"taxonomy":"product_tag","embeddable":true,"href":"https:\/\/roveyayinevi.com.tr\/index.php\/wp-json\/wp\/v2\/product_tag?post=705692"}],"curies":[{"name":"wp","href":"https:\/\/api.w.org\/{rel}","templated":true}]}}