{"id":705687,"date":"2025-08-27T15:48:31","date_gmt":"2025-08-27T12:48:31","guid":{"rendered":"https:\/\/roveyayinevi.com.tr\/index.php\/urun\/grinin-elli-tonu\/"},"modified":"2026-04-16T02:14:28","modified_gmt":"2026-04-15T23:14:28","slug":"grinin-elli-tonu","status":"publish","type":"product","link":"https:\/\/roveyayinevi.com.tr\/index.php\/urun\/grinin-elli-tonu\/","title":{"rendered":"Grinin Elli Tonu"},"content":{"rendered":"<p>Edebiyat \u00f6\u011frencisi Ana Steele gen\u00e7 giri\u015fimci Christian Grey ile r\u00f6portaj yapmaya gitti\u011finde kar\u015f\u0131s\u0131nda yak\u0131\u015f\u0131kl\u0131, zeki ve h\u00fckmedici bir adam bulur. Toy ve masum Ana bir anda bu adama kar\u015f\u0131 arzu duymaya ba\u015flad\u0131\u011f\u0131n\u0131 \u015fa\u015fk\u0131nl\u0131kla fark eder. Grey\u2019in gizemli hali ona yak\u0131nla\u015fma arzusunu daha da alevlendirir. Ana\u2019n\u0131n g\u00fczelli\u011fine, zekas\u0131na ve \u00f6zg\u00fcr ruhuna kar\u015f\u0131 koyamayan Grey de onu istedi\u011fini itiraf eder ama kendi \u015fartlar\u0131 vard\u0131r\u2026Grey\u2019in kendine has erotik istekleri kar\u015f\u0131s\u0131nda \u015foke olan Ana bir yandan da heyecan\u0131na engel olamaz ama teredd\u00fctleri vard\u0131r. B\u00fcy\u00fck ba\u015far\u0131s\u0131na ra\u011fmen \u00e7okuluslu \u015firketler, inan\u0131lmaz bir servet ve sevgi dolu bir aile Grey kendi canavarlar\u0131na esir olmu\u015f ve h\u00fckmetme tak\u0131nt\u0131s\u0131 olan bir adamd\u0131r. Ana ve Grey c\u00fcretkar, tutkulu bir tensel ili\u015fkiye yelken a\u00e7arken Ana, Christian Grey\u2019in s\u0131rlar\u0131n\u0131 ve kendi karanl\u0131k arzular\u0131n\u0131 da ke\u015ffedecektir.<\/p>\n","protected":false},"excerpt":{"rendered":"<p>Edebiyat \u00f6\u011frencisi Ana Steele gen\u00e7 giri\u015fimci Christian Grey ile r\u00f6portaj yapmaya gitti\u011finde kar\u015f\u0131s\u0131nda yak\u0131\u015f\u0131kl\u0131, zeki ve h\u00fckmedici bir adam bulur. Toy ve masum Ana bir anda<span class=\"excerpt-hellip\"> [\u2026]<\/span><\/p>\n","protected":false},"featured_media":0,"template":"","meta":{"_monsterinsights_skip_tracking":false,"_monsterinsights_sitenote_active":false,"_monsterinsights_sitenote_note":"","_monsterinsights_sitenote_category":0},"product_brand":[],"product_cat":[12291,12711],"product_tag":[],"class_list":{"0":"post-705687","1":"product","2":"type-product","3":"status-publish","5":"product_cat-edebiyat","6":"product_cat-roman-oyku","7":"pa_cilt-ciltsiz","8":"pa_tur-kitap","9":"pa_yayinevi-dogan-kitap","10":"pa_yazar-e-l-james","12":"first","13":"instock","14":"sale","15":"shipping-taxable","16":"purchasable","17":"product-type-simple"},"_links":{"self":[{"href":"https:\/\/roveyayinevi.com.tr\/index.php\/wp-json\/wp\/v2\/product\/705687","targetHints":{"allow":["GET"]}}],"collection":[{"href":"https:\/\/roveyayinevi.com.tr\/index.php\/wp-json\/wp\/v2\/product"}],"about":[{"href":"https:\/\/roveyayinevi.com.tr\/index.php\/wp-json\/wp\/v2\/types\/product"}],"wp:attachment":[{"href":"https:\/\/roveyayinevi.com.tr\/index.php\/wp-json\/wp\/v2\/media?parent=705687"}],"wp:term":[{"taxonomy":"product_brand","embeddable":true,"href":"https:\/\/roveyayinevi.com.tr\/index.php\/wp-json\/wp\/v2\/product_brand?post=705687"},{"taxonomy":"product_cat","embeddable":true,"href":"https:\/\/roveyayinevi.com.tr\/index.php\/wp-json\/wp\/v2\/product_cat?post=705687"},{"taxonomy":"product_tag","embeddable":true,"href":"https:\/\/roveyayinevi.com.tr\/index.php\/wp-json\/wp\/v2\/product_tag?post=705687"}],"curies":[{"name":"wp","href":"https:\/\/api.w.org\/{rel}","templated":true}]}}