{"id":705679,"date":"2025-08-27T15:48:29","date_gmt":"2025-08-27T12:48:29","guid":{"rendered":"https:\/\/roveyayinevi.com.tr\/index.php\/urun\/guncel-ekonomik-sorunlar\/"},"modified":"2025-09-15T10:36:28","modified_gmt":"2025-09-15T07:36:28","slug":"guncel-ekonomik-sorunlar","status":"publish","type":"product","link":"https:\/\/roveyayinevi.com.tr\/index.php\/urun\/guncel-ekonomik-sorunlar\/","title":{"rendered":"G\u00fcncel Ekonomik Sorunlar"},"content":{"rendered":"<p>\u0130\u00e7indekiler1-Tar\u0131m Sekt\u00f6r\u00fcn\u00fcn g\u00fcncel sorunlar\u0131 ve reform \u00f6nerileri2-Tar\u0131m\u0131n g\u00f6r\u00fcnen fakat istenmeyen ger\u00e7ekleri3-T\u00fcrkiyede K\u0131rsal Kad\u0131nlar\u0131n i\u015fg\u00fcc\u00fcne kat\u0131l\u0131m\u0131 ve istihdam\u01314-T\u00fcrkiyede k\u0131rsal alanda yoksulluk ve m\u00fccadele stratejlieri5-S\u00fcrd\u00fcr\u00fclebilir kalk\u0131nma ve \u00f6l\u00e7\u00fctleri6-2000 li Y\u0131llarda T\u00fcrkiye Ekonomisinin cari a\u00e7\u0131k sorunu7-Do\u011frudan yabanc\u0131 sermaye ve yat\u0131r\u0131mlar\u0131 ve t\u00fcrkiye uygulamas\u01318-Kur Sava\u015flar\u01319-Ekonomik b\u00fcy\u00fcmeye teorik bir bak\u0131\u015f10-kay\u0131td\u0131\u015f\u0131 ekonomi kavram\u0131na bir bak\u0131\u015f11-ekonomik a\u00e7\u0131dan t\u00fcrkiyenin enerji arz g\u00fcvenli\u011fi ve yenilenebilir enerji12-Sermaye Hareketleri ,finansal krizler ve t\u00fcrkiye13-\u0130\u015fg\u00fcc\u00fc i\u015fsizlik ve istihdam yap\u0131s\u0131na kavramsal bir yakla\u015f\u0131m14-Uluslararas\u0131 politika ve uluslararas\u0131 politik ekonomi <\/p>\n","protected":false},"excerpt":{"rendered":"<p>\u0130\u00e7indekiler1-Tar\u0131m Sekt\u00f6r\u00fcn\u00fcn g\u00fcncel sorunlar\u0131 ve reform \u00f6nerileri2-Tar\u0131m\u0131n g\u00f6r\u00fcnen fakat istenmeyen ger\u00e7ekleri3-T\u00fcrkiyede K\u0131rsal Kad\u0131nlar\u0131n i\u015fg\u00fcc\u00fcne kat\u0131l\u0131m\u0131 ve istihdam\u01314-T\u00fcrkiyede k\u0131rsal alanda yoksulluk ve m\u00fccadele stratejlieri5-S\u00fcrd\u00fcr\u00fclebilir kalk\u0131nma ve \u00f6l\u00e7\u00fctleri6-2000<span class=\"excerpt-hellip\"> [\u2026]<\/span><\/p>\n","protected":false},"featured_media":0,"template":"","meta":{"_monsterinsights_skip_tracking":false,"_monsterinsights_sitenote_active":false,"_monsterinsights_sitenote_note":"","_monsterinsights_sitenote_category":0},"product_brand":[],"product_cat":[12573,12566],"product_tag":[],"class_list":{"0":"post-705679","1":"product","2":"type-product","3":"status-publish","5":"product_cat-akademik-kitaplar","6":"product_cat-egitim","7":"pa_cilt-ciltsiz","8":"pa_tur-kitap","9":"pa_yayinevi-gazi-kitabevi","10":"pa_yazar-yesim-kubar","12":"first","13":"instock","14":"sale","15":"shipping-taxable","16":"purchasable","17":"product-type-simple"},"_links":{"self":[{"href":"https:\/\/roveyayinevi.com.tr\/index.php\/wp-json\/wp\/v2\/product\/705679","targetHints":{"allow":["GET"]}}],"collection":[{"href":"https:\/\/roveyayinevi.com.tr\/index.php\/wp-json\/wp\/v2\/product"}],"about":[{"href":"https:\/\/roveyayinevi.com.tr\/index.php\/wp-json\/wp\/v2\/types\/product"}],"wp:attachment":[{"href":"https:\/\/roveyayinevi.com.tr\/index.php\/wp-json\/wp\/v2\/media?parent=705679"}],"wp:term":[{"taxonomy":"product_brand","embeddable":true,"href":"https:\/\/roveyayinevi.com.tr\/index.php\/wp-json\/wp\/v2\/product_brand?post=705679"},{"taxonomy":"product_cat","embeddable":true,"href":"https:\/\/roveyayinevi.com.tr\/index.php\/wp-json\/wp\/v2\/product_cat?post=705679"},{"taxonomy":"product_tag","embeddable":true,"href":"https:\/\/roveyayinevi.com.tr\/index.php\/wp-json\/wp\/v2\/product_tag?post=705679"}],"curies":[{"name":"wp","href":"https:\/\/api.w.org\/{rel}","templated":true}]}}