{"id":705675,"date":"2025-08-27T15:48:27","date_gmt":"2025-08-27T12:48:27","guid":{"rendered":"https:\/\/roveyayinevi.com.tr\/index.php\/urun\/ders-ders-bulmaca-2\/"},"modified":"2026-04-16T02:14:27","modified_gmt":"2026-04-15T23:14:27","slug":"ders-ders-bulmaca-2","status":"publish","type":"product","link":"https:\/\/roveyayinevi.com.tr\/index.php\/urun\/ders-ders-bulmaca-2\/","title":{"rendered":"Ders Ders Bulmaca 2"},"content":{"rendered":"<p>Sen derslerini tekrar etmek, yeni bilgiler \u00f6\u011frenmek istedi\u011finde bu kitab\u0131n i\u00e7indeki birbirinden e\u011flenceli bulmacalar seni bekliyor olacak. Tu\u0308rk\u00e7e, Matematik, Sosyal Bilgiler, Fen Bilimleri ve  \u0130ngilizce derslerinde \u00f6\u011frendi\u011fin konular\u0131 bulmaca \u00e7\u00f6zerek peki\u015ftirme f\u0131rsat\u0131 bulacaks\u0131n. \u00c7engel bulmacadan labirente, boyama yapabilece\u011fin alanlardan rakam oyunlar\u0131na kadar keyifle \u00e7\u00f6zece\u011fin sorular g\u00f6receksin. 4. ve 5. s\u0131n\u0131f tema ve kazan\u0131mlar\u0131na uygun olarak haz\u0131rlanm\u0131\u015f olan bilmeceler sayesinde ders \u00e7al\u0131\u015fmak art\u0131k \u00e7ok daha e\u011flenceli! Haydi ne duruyorsun, kitab\u0131 a\u00e7 ve \u00e7\u00f6zmeye ba\u015fla. <\/p>\n","protected":false},"excerpt":{"rendered":"<p>Sen derslerini tekrar etmek, yeni bilgiler \u00f6\u011frenmek istedi\u011finde bu kitab\u0131n i\u00e7indeki birbirinden e\u011flenceli bulmacalar seni bekliyor olacak. Tu\u0308rk\u00e7e, Matematik, Sosyal Bilgiler, Fen Bilimleri ve \u0130ngilizce derslerinde<span class=\"excerpt-hellip\"> [\u2026]<\/span><\/p>\n","protected":false},"featured_media":0,"template":"","meta":{"_monsterinsights_skip_tracking":false,"_monsterinsights_sitenote_active":false,"_monsterinsights_sitenote_note":"","_monsterinsights_sitenote_category":0},"product_brand":[],"product_cat":[12492,12274],"product_tag":[],"class_list":{"0":"post-705675","1":"product","2":"type-product","3":"status-publish","5":"product_cat-bilmece-bulmaca","6":"product_cat-cocuk-ve-genclik-kitaplari","7":"pa_tur-kitap","8":"pa_yayinevi-yediveren-cocuk","9":"pa_yazar-asena-meric","11":"first","12":"instock","13":"sale","14":"shipping-taxable","15":"purchasable","16":"product-type-simple"},"_links":{"self":[{"href":"https:\/\/roveyayinevi.com.tr\/index.php\/wp-json\/wp\/v2\/product\/705675","targetHints":{"allow":["GET"]}}],"collection":[{"href":"https:\/\/roveyayinevi.com.tr\/index.php\/wp-json\/wp\/v2\/product"}],"about":[{"href":"https:\/\/roveyayinevi.com.tr\/index.php\/wp-json\/wp\/v2\/types\/product"}],"wp:attachment":[{"href":"https:\/\/roveyayinevi.com.tr\/index.php\/wp-json\/wp\/v2\/media?parent=705675"}],"wp:term":[{"taxonomy":"product_brand","embeddable":true,"href":"https:\/\/roveyayinevi.com.tr\/index.php\/wp-json\/wp\/v2\/product_brand?post=705675"},{"taxonomy":"product_cat","embeddable":true,"href":"https:\/\/roveyayinevi.com.tr\/index.php\/wp-json\/wp\/v2\/product_cat?post=705675"},{"taxonomy":"product_tag","embeddable":true,"href":"https:\/\/roveyayinevi.com.tr\/index.php\/wp-json\/wp\/v2\/product_tag?post=705675"}],"curies":[{"name":"wp","href":"https:\/\/api.w.org\/{rel}","templated":true}]}}