{"id":705651,"date":"2025-08-27T15:48:18","date_gmt":"2025-08-27T12:48:18","guid":{"rendered":"https:\/\/roveyayinevi.com.tr\/index.php\/urun\/doppler\/"},"modified":"2026-04-12T02:17:20","modified_gmt":"2026-04-11T23:17:20","slug":"doppler","status":"publish","type":"product","link":"https:\/\/roveyayinevi.com.tr\/index.php\/urun\/doppler\/","title":{"rendered":"Doppler"},"content":{"rendered":"<p>\u201cMerak uyand\u0131ran, huzursuz eden, duygu y\u00fckl\u00fc bir metin; yazar i\u00e7in yeni bir sanatsal ba\u015far\u0131.\u201dStein Roll, Adresseavisen\u201cLoe\u2019nun Naif. S\u00fcper\u2019den bu yana yazd\u0131\u011f\u0131 en iyi kitap.\u201dSindre Hovdenak, VG\u201cUzun zamand\u0131r yay\u0131mlanan en komik kitap.\u201dMichael Nilsen, PolitikenBabam \u00f6ld\u00fc.D\u00fcn bir geyik avlad\u0131m.Ne diyebilirim.Ya o ya ben, birimiz can\u0131ndan olacakt\u0131.Andreas Doppler: Bir ba\u015far\u0131 abidesi! \u0130ki \u00e7ocuklu ba\u015far\u0131l\u0131 bir aile babas\u0131; ba\u015far\u0131l\u0131 bir tadilattan ge\u00e7mi\u015f g\u00fczel bir evi ve \u00e7ok ba\u015far\u0131l\u0131 oldu\u011fu iyi bir i\u015fi var. Bir g\u00fcn ormanda dola\u015f\u0131rken bisikletten d\u00fc\u015f\u00fcyor. Otlar\u0131n aras\u0131nda yar\u0131 bayg\u0131n bir halde uzan\u0131rken, uzun zamand\u0131r hissetmedi\u011fi bir huzur doluyor i\u00e7ine: Neredeyse hi\u00e7 tan\u0131mad\u0131\u011f\u0131n\u0131 fark etti\u011fi babas\u0131n\u0131n \u00f6l\u00fcm\u00fc iyiden iyiye i\u00e7ine otururken, yeni banyo i\u00e7in fayans se\u00e7imi gibi banal d\u00fc\u015f\u00fcncelerden ve beynini kemiren o anlams\u0131z \u00e7ocuk \u015fark\u0131lar\u0131ndan kurtuluveriyor.Birka\u00e7 g\u00fcn sonra i\u015fini, evini ve ailesini terk edip ormana ta\u015f\u0131n\u0131yor. Do\u011fa g\u00fczel, karanl\u0131k ve derin; ayr\u0131ca Bongo var: Kendini geyikten ba\u015fka her \u015fey sanan ve kart oyunlar\u0131ndan zerre kadar anlamayan bu afacanla bir \u201cavc\u0131 toplay\u0131c\u0131\u201d gibi ya\u015famaya \u00e7al\u0131\u015fan Doppler, ya\u011fs\u0131z s\u00fct krizine girince, bir ad\u0131m daha ileri gidip takas ekonomisine ge\u00e7iyor&#8230;Norve\u00e7\u2019in en \u00e7ok okunan yazarlar\u0131ndan Erland Loe, 1969&#8217;da, Norve\u00e7\u2019in kuzeyindeki Trondheim \u015fehrinde do\u011fdu. Normal bir Norve\u00e7li \u00e7ocu\u011fun gitmesi gereken b\u00fct\u00fcn okullara ve birka\u00e7 tane de \u00e7ocuk yuvas\u0131na devam etti. \u00d6\u011frenci de\u011fi\u015fim program\u0131 \u00e7er\u00e7evesinde Fransa\u2019da bulundu. Ayr\u0131ca \u00fcniversitede sinema ve edebiyat e\u011fitim g\u00f6rd\u00fc. Askere gitmeyi reddedip sivil kurulu\u015flarda zorunlu hizmette yer ald\u0131. \u201cStella Polaris\u201d tiyatro toplulu\u011funda her i\u015fe ko\u015fan adam olarak \u00e7al\u0131\u015ft\u0131. Kurt Kudurdu adl\u0131 \u00e7ocuk kitab\u0131 2001&#8217;de, Kad\u0131n\u0131n Fendi adl\u0131 roman\u0131 2007&#8217;de beyazperdeye aktar\u0131ld\u0131. Senaryosunu yazd\u0131\u011f\u0131 \u201cVarolu\u015f M\u00fccadelesi\u201d adl\u0131 dizi film, NRK kanal\u0131nda halen g\u00f6sterilmektedir.(Aschehoug \u00d6d\u00fcl\u00fc, 2013) <\/p>\n","protected":false},"excerpt":{"rendered":"<p>\u201cMerak uyand\u0131ran, huzursuz eden, duygu y\u00fckl\u00fc bir metin; yazar i\u00e7in yeni bir sanatsal ba\u015far\u0131.\u201dStein Roll, Adresseavisen\u201cLoe\u2019nun Naif. S\u00fcper\u2019den bu yana yazd\u0131\u011f\u0131 en iyi kitap.\u201dSindre Hovdenak, VG\u201cUzun<span class=\"excerpt-hellip\"> [\u2026]<\/span><\/p>\n","protected":false},"featured_media":0,"template":"","meta":{"_monsterinsights_skip_tracking":false,"_monsterinsights_sitenote_active":false,"_monsterinsights_sitenote_note":"","_monsterinsights_sitenote_category":0},"product_brand":[],"product_cat":[12291,12711],"product_tag":[],"class_list":{"0":"post-705651","1":"product","2":"type-product","3":"status-publish","5":"product_cat-edebiyat","6":"product_cat-roman-oyku","7":"pa_cilt-ciltsiz","8":"pa_tur-kitap","9":"pa_yayinevi-yapi-kredi-yayinlari","10":"pa_yazar-erlend-loe","12":"first","13":"instock","14":"sale","15":"shipping-taxable","16":"purchasable","17":"product-type-simple"},"_links":{"self":[{"href":"https:\/\/roveyayinevi.com.tr\/index.php\/wp-json\/wp\/v2\/product\/705651","targetHints":{"allow":["GET"]}}],"collection":[{"href":"https:\/\/roveyayinevi.com.tr\/index.php\/wp-json\/wp\/v2\/product"}],"about":[{"href":"https:\/\/roveyayinevi.com.tr\/index.php\/wp-json\/wp\/v2\/types\/product"}],"wp:attachment":[{"href":"https:\/\/roveyayinevi.com.tr\/index.php\/wp-json\/wp\/v2\/media?parent=705651"}],"wp:term":[{"taxonomy":"product_brand","embeddable":true,"href":"https:\/\/roveyayinevi.com.tr\/index.php\/wp-json\/wp\/v2\/product_brand?post=705651"},{"taxonomy":"product_cat","embeddable":true,"href":"https:\/\/roveyayinevi.com.tr\/index.php\/wp-json\/wp\/v2\/product_cat?post=705651"},{"taxonomy":"product_tag","embeddable":true,"href":"https:\/\/roveyayinevi.com.tr\/index.php\/wp-json\/wp\/v2\/product_tag?post=705651"}],"curies":[{"name":"wp","href":"https:\/\/api.w.org\/{rel}","templated":true}]}}