{"id":705644,"date":"2025-08-27T15:48:15","date_gmt":"2025-08-27T12:48:15","guid":{"rendered":"https:\/\/roveyayinevi.com.tr\/index.php\/urun\/1-haftada-5-kg-nasil-verilir\/"},"modified":"2026-04-06T12:35:46","modified_gmt":"2026-04-06T09:35:46","slug":"1-haftada-5-kg-nasil-verilir","status":"publish","type":"product","link":"https:\/\/roveyayinevi.com.tr\/index.php\/urun\/1-haftada-5-kg-nasil-verilir\/","title":{"rendered":"1 Haftada 5 kg \u2018Nas\u0131l\u2019 Verilir?"},"content":{"rendered":"<p>Sa\u011fl\u0131k ad\u0131na verilen yanl\u0131\u015f bilgiler sa\u011fl\u0131\u011f\u0131m\u0131z\u0131 tehdit eder hale geldi. Uzman Diyetisyen Turgay K\u00f6se&#8217;nin bu kitab\u0131, bilimsel bir yakla\u015f\u0131mla kaleme al\u0131nm\u0131\u015f olup bu bak\u0131mdan \u00e7ok \u00f6nemli bir bo\u015flu\u011fu dolduracak niteliktedir. Do\u011fru ve \u00f6l\u00e7\u00fcl\u00fc beslenmenin p\u00fcf noktalar\u0131, zay\u0131flama konusunda s\u0131k\u00e7a sorulan sorulara bilimsel yan\u0131tlar bu kitapta. <\/p>\n","protected":false},"excerpt":{"rendered":"<p>Sa\u011fl\u0131k ad\u0131na verilen yanl\u0131\u015f bilgiler sa\u011fl\u0131\u011f\u0131m\u0131z\u0131 tehdit eder hale geldi. Uzman Diyetisyen Turgay K\u00f6se&#8217;nin bu kitab\u0131, bilimsel bir yakla\u015f\u0131mla kaleme al\u0131nm\u0131\u015f olup bu bak\u0131mdan \u00e7ok \u00f6nemli<span class=\"excerpt-hellip\"> [\u2026]<\/span><\/p>\n","protected":false},"featured_media":0,"template":"","meta":{"_monsterinsights_skip_tracking":false,"_monsterinsights_sitenote_active":false,"_monsterinsights_sitenote_note":"","_monsterinsights_sitenote_category":0},"product_brand":[],"product_cat":[13402,13365],"product_tag":[],"class_list":{"0":"post-705644","1":"product","2":"type-product","3":"status-publish","5":"product_cat-beslenme-ve-diyet","6":"product_cat-saglik","7":"pa_tur-kitap","8":"pa_yayinevi-boyalikus-yayinlari","9":"pa_yazar-m-turgay-kose","11":"first","12":"instock","13":"sale","14":"shipping-taxable","15":"purchasable","16":"product-type-simple"},"_links":{"self":[{"href":"https:\/\/roveyayinevi.com.tr\/index.php\/wp-json\/wp\/v2\/product\/705644","targetHints":{"allow":["GET"]}}],"collection":[{"href":"https:\/\/roveyayinevi.com.tr\/index.php\/wp-json\/wp\/v2\/product"}],"about":[{"href":"https:\/\/roveyayinevi.com.tr\/index.php\/wp-json\/wp\/v2\/types\/product"}],"wp:attachment":[{"href":"https:\/\/roveyayinevi.com.tr\/index.php\/wp-json\/wp\/v2\/media?parent=705644"}],"wp:term":[{"taxonomy":"product_brand","embeddable":true,"href":"https:\/\/roveyayinevi.com.tr\/index.php\/wp-json\/wp\/v2\/product_brand?post=705644"},{"taxonomy":"product_cat","embeddable":true,"href":"https:\/\/roveyayinevi.com.tr\/index.php\/wp-json\/wp\/v2\/product_cat?post=705644"},{"taxonomy":"product_tag","embeddable":true,"href":"https:\/\/roveyayinevi.com.tr\/index.php\/wp-json\/wp\/v2\/product_tag?post=705644"}],"curies":[{"name":"wp","href":"https:\/\/api.w.org\/{rel}","templated":true}]}}