{"id":705636,"date":"2025-08-27T15:47:28","date_gmt":"2025-08-27T12:47:28","guid":{"rendered":"https:\/\/roveyayinevi.com.tr\/index.php\/urun\/mevlana-sevgi-gunesi\/"},"modified":"2026-04-16T02:14:26","modified_gmt":"2026-04-15T23:14:26","slug":"mevlana-sevgi-gunesi","status":"publish","type":"product","link":"https:\/\/roveyayinevi.com.tr\/index.php\/urun\/mevlana-sevgi-gunesi\/","title":{"rendered":"Mevlana Sevgi G\u00fcne\u015fi"},"content":{"rendered":"<p>Kimi insanlar vard\u0131r ki y\u00fczy\u0131llar \u00f6nce ya\u015fam\u0131\u015f olduklar\u0131 h\u00e2lde g\u00f6n\u00fcllere co\u015fku vermeye devam ederler.\u0130\u015fte Mevlana onlardan biri\u2026Bu d\u00fcnyadan ayr\u0131lmas\u0131n\u0131n \u00fczerinden yedi y\u00fczy\u0131l ge\u00e7ti\u011fi h\u00e2lde o, milyonlarca insana pozitif enerji vermeye, insanlar\u0131n g\u00f6n\u00fcllerini sevgi, ne\u015fe ve co\u015fkuyla doldurmaya devam ediyor.Bu kitapta onun sevgi dolu d\u00fcnyas\u0131na muhte\u015fem bir yolculuk yapacak, d\u00f6nemindeki pek \u00e7ok insan\u0131 tan\u0131yacak, eskiden kitaplar\u0131n nas\u0131l yaz\u0131ld\u0131\u011f\u0131na tan\u0131kl\u0131k edecek, \u015fiir yazman\u0131n gizli \u015fifrelerini ve daha pek \u00e7ok e\u011flenceli tarih bilgisini \u00f6\u011freneceksin.Tarihin gizemli d\u00fcnyas\u0131nda e\u011flenceli bir yolculu\u011fa var m\u0131s\u0131n?<\/p>\n","protected":false},"excerpt":{"rendered":"<p>Kimi insanlar vard\u0131r ki y\u00fczy\u0131llar \u00f6nce ya\u015fam\u0131\u015f olduklar\u0131 h\u00e2lde g\u00f6n\u00fcllere co\u015fku vermeye devam ederler.\u0130\u015fte Mevlana onlardan biri\u2026Bu d\u00fcnyadan ayr\u0131lmas\u0131n\u0131n \u00fczerinden yedi y\u00fczy\u0131l ge\u00e7ti\u011fi h\u00e2lde o, milyonlarca<span class=\"excerpt-hellip\"> [\u2026]<\/span><\/p>\n","protected":false},"featured_media":0,"template":"","meta":{"_monsterinsights_skip_tracking":false,"_monsterinsights_sitenote_active":false,"_monsterinsights_sitenote_note":"","_monsterinsights_sitenote_category":0},"product_brand":[],"product_cat":[12312,12304],"product_tag":[],"class_list":{"0":"post-705636","1":"product","2":"type-product","3":"status-publish","5":"product_cat-diger","6":"product_cat-tarih","7":"pa_cilt-ciltsiz","8":"pa_tur-kitap","9":"pa_yayinevi-eglenceli-bilgi-yayinlari","10":"pa_yazar-nefise-atcakarlar","12":"first","13":"instock","14":"sale","15":"shipping-taxable","16":"purchasable","17":"product-type-simple"},"_links":{"self":[{"href":"https:\/\/roveyayinevi.com.tr\/index.php\/wp-json\/wp\/v2\/product\/705636","targetHints":{"allow":["GET"]}}],"collection":[{"href":"https:\/\/roveyayinevi.com.tr\/index.php\/wp-json\/wp\/v2\/product"}],"about":[{"href":"https:\/\/roveyayinevi.com.tr\/index.php\/wp-json\/wp\/v2\/types\/product"}],"wp:attachment":[{"href":"https:\/\/roveyayinevi.com.tr\/index.php\/wp-json\/wp\/v2\/media?parent=705636"}],"wp:term":[{"taxonomy":"product_brand","embeddable":true,"href":"https:\/\/roveyayinevi.com.tr\/index.php\/wp-json\/wp\/v2\/product_brand?post=705636"},{"taxonomy":"product_cat","embeddable":true,"href":"https:\/\/roveyayinevi.com.tr\/index.php\/wp-json\/wp\/v2\/product_cat?post=705636"},{"taxonomy":"product_tag","embeddable":true,"href":"https:\/\/roveyayinevi.com.tr\/index.php\/wp-json\/wp\/v2\/product_tag?post=705636"}],"curies":[{"name":"wp","href":"https:\/\/api.w.org\/{rel}","templated":true}]}}