{"id":705623,"date":"2025-08-27T15:47:22","date_gmt":"2025-08-27T12:47:22","guid":{"rendered":"https:\/\/roveyayinevi.com.tr\/index.php\/urun\/milenaya-mektuplar-3\/"},"modified":"2026-04-16T02:14:26","modified_gmt":"2026-04-15T23:14:26","slug":"milenaya-mektuplar-3","status":"publish","type":"product","link":"https:\/\/roveyayinevi.com.tr\/index.php\/urun\/milenaya-mektuplar-3\/","title":{"rendered":"Milena\u2019ya Mektuplar"},"content":{"rendered":"<p>\u201cVe gece yazd\u0131\u011f\u0131n mektup orada i\u015fte, nas\u0131l okunabilece\u011fini akl\u0131m alm\u0131yor, bir g\u00f6\u011f\u00fcs havay\u0131 solumak i\u00e7in b\u00f6yle nas\u0131l daral\u0131p geni\u015fliyor, akl\u0131m alm\u0131yor, senden nas\u0131l uzak kal\u0131n\u0131r, akl\u0131m alm\u0131yor.\u201d Milena Jajensk\u00e1\u2019n\u0131n, Franz Kafka\u2019n\u0131n \u00f6yk\u00fclerini \u00c7ek diline \u00e7evirmesiyle ba\u015flayan ili\u015fkileri; Kafka\u2019n\u0131n \u00f6l\u00fcm\u00fcnden k\u0131sa s\u00fcre \u00f6ncesine kadar devam eden mektuplarla b\u00fcy\u00fcyen bir a\u015fka d\u00f6n\u00fc\u015f\u00fcr. \u0130kilinin ya\u015famlar\u0131na, d\u00fc\u015flerine, kalplerine kap\u0131 aralayan bu mektuplar, d\u00f6nemin edebiyat d\u00fcnyas\u0131na da \u0131\u015f\u0131k tutuyor. Franz Kafka\u2019n\u0131n Milena Jajensk\u00e1\u2019ya ve Milena Jajensk\u00e1\u2019n\u0131n da Kafka\u2019n\u0131n yak\u0131n dostu Max Brod\u2019a yazd\u0131\u011f\u0131 mektuplardan olu\u015fan Milena\u2019ya Mektuplar, bu \u00f6l\u00fcms\u00fcz ve keder y\u00fckl\u00fc a\u015fk\u0131 g\u00fcn\u00fcm\u00fcze ta\u015f\u0131yor.<\/p>\n","protected":false},"excerpt":{"rendered":"<p>\u201cVe gece yazd\u0131\u011f\u0131n mektup orada i\u015fte, nas\u0131l okunabilece\u011fini akl\u0131m alm\u0131yor, bir g\u00f6\u011f\u00fcs havay\u0131 solumak i\u00e7in b\u00f6yle nas\u0131l daral\u0131p geni\u015fliyor, akl\u0131m alm\u0131yor, senden nas\u0131l uzak kal\u0131n\u0131r, akl\u0131m<span class=\"excerpt-hellip\"> [\u2026]<\/span><\/p>\n","protected":false},"featured_media":0,"template":"","meta":{"_monsterinsights_skip_tracking":false,"_monsterinsights_sitenote_active":false,"_monsterinsights_sitenote_note":"","_monsterinsights_sitenote_category":0},"product_brand":[],"product_cat":[12782,12291],"product_tag":[],"class_list":{"0":"post-705623","1":"product","2":"type-product","3":"status-publish","5":"product_cat-alman-edebiyati","6":"product_cat-edebiyat","7":"pa_cilt-ciltsiz","8":"pa_tur-kitap","9":"pa_yayinevi-timas-yayinlari","10":"pa_yazar-franz-kafka","12":"first","13":"instock","14":"sale","15":"shipping-taxable","16":"purchasable","17":"product-type-simple"},"_links":{"self":[{"href":"https:\/\/roveyayinevi.com.tr\/index.php\/wp-json\/wp\/v2\/product\/705623","targetHints":{"allow":["GET"]}}],"collection":[{"href":"https:\/\/roveyayinevi.com.tr\/index.php\/wp-json\/wp\/v2\/product"}],"about":[{"href":"https:\/\/roveyayinevi.com.tr\/index.php\/wp-json\/wp\/v2\/types\/product"}],"wp:attachment":[{"href":"https:\/\/roveyayinevi.com.tr\/index.php\/wp-json\/wp\/v2\/media?parent=705623"}],"wp:term":[{"taxonomy":"product_brand","embeddable":true,"href":"https:\/\/roveyayinevi.com.tr\/index.php\/wp-json\/wp\/v2\/product_brand?post=705623"},{"taxonomy":"product_cat","embeddable":true,"href":"https:\/\/roveyayinevi.com.tr\/index.php\/wp-json\/wp\/v2\/product_cat?post=705623"},{"taxonomy":"product_tag","embeddable":true,"href":"https:\/\/roveyayinevi.com.tr\/index.php\/wp-json\/wp\/v2\/product_tag?post=705623"}],"curies":[{"name":"wp","href":"https:\/\/api.w.org\/{rel}","templated":true}]}}