{"id":705601,"date":"2025-08-27T15:47:13","date_gmt":"2025-08-27T12:47:13","guid":{"rendered":"https:\/\/roveyayinevi.com.tr\/index.php\/urun\/sosyalist-acidan-jonturk-hareketi\/"},"modified":"2026-04-16T02:14:26","modified_gmt":"2026-04-15T23:14:26","slug":"sosyalist-acidan-jonturk-hareketi","status":"publish","type":"product","link":"https:\/\/roveyayinevi.com.tr\/index.php\/urun\/sosyalist-acidan-jonturk-hareketi\/","title":{"rendered":"Sosyalist A\u00e7\u0131dan J\u00f6nt\u00fcrk Hareketi"},"content":{"rendered":"<p>Osmanl\u0131 \u0130mparatorlu\u011fu\u2019nun ilk \u00f6rg\u00fctl\u00fc muhalif hareketi olan J\u00f6nt\u00fcrkler kimlerdi? 1908 Devrimi\u2019ne giden yolda nas\u0131l bir rol oynad\u0131lar, siyasi hedefleri nelerdi? Cumhuriyet\u2019in ilan\u0131na ve sonras\u0131ndaki politik ve s\u0131n\u0131fsal m\u00fccadelelere nas\u0131l bir etkileri oldu? Yuriy A\u015fatovi\u00e7 Petrosyan, b\u00fct\u00fcn bu sorular ekseninde J\u00f6nt\u00fcrk hareketi tarihinin temel dinamiklerine \u0131\u015f\u0131k tutuyor. \ufffcTan\u0131t\u0131m Metni<\/p>\n","protected":false},"excerpt":{"rendered":"<p>Osmanl\u0131 \u0130mparatorlu\u011fu\u2019nun ilk \u00f6rg\u00fctl\u00fc muhalif hareketi olan J\u00f6nt\u00fcrkler kimlerdi? 1908 Devrimi\u2019ne giden yolda nas\u0131l bir rol oynad\u0131lar, siyasi hedefleri nelerdi? Cumhuriyet\u2019in ilan\u0131na ve sonras\u0131ndaki politik ve<span class=\"excerpt-hellip\"> [\u2026]<\/span><\/p>\n","protected":false},"featured_media":0,"template":"","meta":{"_monsterinsights_skip_tracking":false,"_monsterinsights_sitenote_active":false,"_monsterinsights_sitenote_note":"","_monsterinsights_sitenote_category":0},"product_brand":[],"product_cat":[12304,13650],"product_tag":[],"class_list":{"0":"post-705601","1":"product","2":"type-product","3":"status-publish","5":"product_cat-tarih","6":"product_cat-turk-tarihi-arastirmalari","7":"pa_cilt-ciltsiz","8":"pa_tur-kitap","9":"pa_yayinevi-yordam-kitap","10":"pa_yazar-yuriy-asatovic-petrosyan","12":"first","13":"instock","14":"sale","15":"shipping-taxable","16":"purchasable","17":"product-type-simple"},"_links":{"self":[{"href":"https:\/\/roveyayinevi.com.tr\/index.php\/wp-json\/wp\/v2\/product\/705601","targetHints":{"allow":["GET"]}}],"collection":[{"href":"https:\/\/roveyayinevi.com.tr\/index.php\/wp-json\/wp\/v2\/product"}],"about":[{"href":"https:\/\/roveyayinevi.com.tr\/index.php\/wp-json\/wp\/v2\/types\/product"}],"wp:attachment":[{"href":"https:\/\/roveyayinevi.com.tr\/index.php\/wp-json\/wp\/v2\/media?parent=705601"}],"wp:term":[{"taxonomy":"product_brand","embeddable":true,"href":"https:\/\/roveyayinevi.com.tr\/index.php\/wp-json\/wp\/v2\/product_brand?post=705601"},{"taxonomy":"product_cat","embeddable":true,"href":"https:\/\/roveyayinevi.com.tr\/index.php\/wp-json\/wp\/v2\/product_cat?post=705601"},{"taxonomy":"product_tag","embeddable":true,"href":"https:\/\/roveyayinevi.com.tr\/index.php\/wp-json\/wp\/v2\/product_tag?post=705601"}],"curies":[{"name":"wp","href":"https:\/\/api.w.org\/{rel}","templated":true}]}}