{"id":705570,"date":"2025-08-27T15:47:00","date_gmt":"2025-08-27T12:47:00","guid":{"rendered":"https:\/\/roveyayinevi.com.tr\/index.php\/urun\/zengin-hayaller-pesinde\/"},"modified":"2025-11-20T03:47:55","modified_gmt":"2025-11-20T00:47:55","slug":"zengin-hayaller-pesinde","status":"publish","type":"product","link":"https:\/\/roveyayinevi.com.tr\/index.php\/urun\/zengin-hayaller-pesinde\/","title":{"rendered":"Zengin Hayaller Pe\u015finde"},"content":{"rendered":"<p>Cahit Zarifo\u011flu \u015fiirden hik\u00e2yeye, g\u00fcnl\u00fckten \u00e7ocuk masallar\u0131na kadara bir\u00e7ok alanda at ko\u015fturmu\u015f bir \u015fairimizdir. Bununla beraber kalem oynatt\u0131\u011f\u0131 her alan\u0131n \u00f6n s\u0131ras\u0131nda yer alm\u0131\u015ft\u0131r. Her zaman Zengin Hay\u00e2ller Pe\u015finde ko\u015fan merhum \u015fairin, elinizde bulunan d\u00fc\u015f\u00fcnce ve sanat yaz\u0131lar\u0131, Onun bilinen y\u00f6nlerini daha bir zenginle\u015ftirirken, bilinmeyen y\u00f6nlerini ve \u00e7ok az tan\u0131d\u0131\u011f\u0131m\u0131z taraflar\u0131n\u0131 da ortaya koymaktad\u0131r. Cahit Zarifo\u011flu&#8217;nun sanat\u0131n teorik y\u00f6n\u00fc \u00fczerine &#8220;d\u00fc\u015f\u00fcnmekten de\u011fil ama, konu\u015fmaktan&#8221; fazla ho\u015flanmad\u0131\u011f\u0131 \u00f6ne s\u00fcr\u00fcl\u00fcr. Bu kitapta, Onun sanat ve edebiyat\u0131n teorik y\u00f6n\u00fcyle de ilgilendi\u011fini, d\u00fc\u015f\u00fcnd\u00fc\u011f\u00fcn\u00fc g\u00f6r\u00fcyoruz. \ufffcTan\u0131t\u0131m Metni<\/p>\n","protected":false},"excerpt":{"rendered":"<p>Cahit Zarifo\u011flu \u015fiirden hik\u00e2yeye, g\u00fcnl\u00fckten \u00e7ocuk masallar\u0131na kadara bir\u00e7ok alanda at ko\u015fturmu\u015f bir \u015fairimizdir. Bununla beraber kalem oynatt\u0131\u011f\u0131 her alan\u0131n \u00f6n s\u0131ras\u0131nda yer alm\u0131\u015ft\u0131r. Her zaman<span class=\"excerpt-hellip\"> [\u2026]<\/span><\/p>\n","protected":false},"featured_media":0,"template":"","meta":{"_monsterinsights_skip_tracking":false,"_monsterinsights_sitenote_active":false,"_monsterinsights_sitenote_note":"","_monsterinsights_sitenote_category":0},"product_brand":[],"product_cat":[12777,12291],"product_tag":[],"class_list":{"0":"post-705570","1":"product","2":"type-product","3":"status-publish","5":"product_cat-deneme","6":"product_cat-edebiyat","7":"pa_cilt-ciltsiz","8":"pa_tur-kitap","9":"pa_yayinevi-beyan-yayinlari","10":"pa_yazar-cahit-zarifoglu","12":"first","13":"instock","14":"sale","15":"shipping-taxable","16":"purchasable","17":"product-type-simple"},"_links":{"self":[{"href":"https:\/\/roveyayinevi.com.tr\/index.php\/wp-json\/wp\/v2\/product\/705570","targetHints":{"allow":["GET"]}}],"collection":[{"href":"https:\/\/roveyayinevi.com.tr\/index.php\/wp-json\/wp\/v2\/product"}],"about":[{"href":"https:\/\/roveyayinevi.com.tr\/index.php\/wp-json\/wp\/v2\/types\/product"}],"wp:attachment":[{"href":"https:\/\/roveyayinevi.com.tr\/index.php\/wp-json\/wp\/v2\/media?parent=705570"}],"wp:term":[{"taxonomy":"product_brand","embeddable":true,"href":"https:\/\/roveyayinevi.com.tr\/index.php\/wp-json\/wp\/v2\/product_brand?post=705570"},{"taxonomy":"product_cat","embeddable":true,"href":"https:\/\/roveyayinevi.com.tr\/index.php\/wp-json\/wp\/v2\/product_cat?post=705570"},{"taxonomy":"product_tag","embeddable":true,"href":"https:\/\/roveyayinevi.com.tr\/index.php\/wp-json\/wp\/v2\/product_tag?post=705570"}],"curies":[{"name":"wp","href":"https:\/\/api.w.org\/{rel}","templated":true}]}}