{"id":705567,"date":"2025-08-27T15:46:59","date_gmt":"2025-08-27T12:46:59","guid":{"rendered":"https:\/\/roveyayinevi.com.tr\/index.php\/urun\/turk-zeka-oyunlari-1-kocurme-mangala\/"},"modified":"2026-04-16T02:14:25","modified_gmt":"2026-04-15T23:14:25","slug":"turk-zeka-oyunlari-1-kocurme-mangala","status":"publish","type":"product","link":"https:\/\/roveyayinevi.com.tr\/index.php\/urun\/turk-zeka-oyunlari-1-kocurme-mangala\/","title":{"rendered":"T\u00fcrk Zeka Oyunlar\u0131 1 &#8211; K\u00f6\u00e7\u00fcrme \/ Mangala"},"content":{"rendered":"<p>Elinizdeki eser, seviyesi satranca yak\u0131n bir zeka oyunu olan K\u00f6\u00e7\u00fcrme oyunu hakk\u0131ndad\u0131r. T\u00fcrkiye&#8217;de Mangala ad\u0131yla da bilinen K\u00f6\u00e7\u00fcrme oyunu, T\u00fcrkler taraf\u0131ndan bulunup geli\u015ftirilmi\u015ftir. Binlerce y\u0131ll\u0131k bir oyundur. T\u00fcrk zeka oyunlar\u0131 i\u00e7inde \u00f6nemli bir yeri vard\u0131r. Ka\u015fgarl\u0131 Mahmut, Divan\u00fc L\u00fcgat&#8217;it-T\u00fcrk adl\u0131 kitab\u0131nda oyunun en eski ad\u0131n\u0131   K\u00f6\u00e7\u00fcrme   olarak vermektedir. K\u00f6\u00e7\u00fcrme oyunu, d\u00fcnyada Mankala ad\u0131yla, T\u00fcrk d\u00fcnyas\u0131nda ise Dokuz Kumalak, Dokuz Korgol, Mangala gibi y\u00fczlerce adla tan\u0131nmaktad\u0131r. K\u00f6\u00e7\u00fcrme Oyunu&#8217;nun, T\u00fcrk D\u00fcnyas\u0131nda ve T\u00fcrkiye&#8217;nin 64 ilinde 225 ad ve 150&#8217;den fazla kuralla; farkl\u0131 ta\u015f ve kuyu say\u0131lar\u0131 ile oynand\u0131\u011f\u0131 tespit edilmi\u015ftir. D\u00fcnyadaki en zengin oyun \u00e7e\u015fitlili\u011fi T\u00fcrkiye&#8217;dedir. Oyun, k\u0131rda yere kar\u015f\u0131l\u0131kl\u0131 olarak a\u00e7\u0131lan belli say\u0131da k\u00fc\u00e7\u00fck kuyulara belli say\u0131daki ta\u015flar s\u0131rayla g\u00f6\u00e7\u00fcr\u00fclerek, da\u011f\u0131t\u0131larak oynan\u0131r. <\/p>\n","protected":false},"excerpt":{"rendered":"<p>Elinizdeki eser, seviyesi satranca yak\u0131n bir zeka oyunu olan K\u00f6\u00e7\u00fcrme oyunu hakk\u0131ndad\u0131r. T\u00fcrkiye&#8217;de Mangala ad\u0131yla da bilinen K\u00f6\u00e7\u00fcrme oyunu, T\u00fcrkler taraf\u0131ndan bulunup geli\u015ftirilmi\u015ftir. Binlerce y\u0131ll\u0131k bir<span class=\"excerpt-hellip\"> [\u2026]<\/span><\/p>\n","protected":false},"featured_media":0,"template":"","meta":{"_monsterinsights_skip_tracking":false,"_monsterinsights_sitenote_active":false,"_monsterinsights_sitenote_note":"","_monsterinsights_sitenote_category":0},"product_brand":[],"product_cat":[15563,24020],"product_tag":[],"class_list":{"0":"post-705567","1":"product","2":"type-product","3":"status-publish","5":"product_cat-hobi","6":"product_cat-kultur","7":"pa_cilt-ciltsiz","8":"pa_tur-kitap","9":"pa_yayinevi-delta-kultur-yayinevi","10":"pa_yazar-arslan-kucukyildiz","12":"first","13":"instock","14":"sale","15":"shipping-taxable","16":"purchasable","17":"product-type-simple"},"_links":{"self":[{"href":"https:\/\/roveyayinevi.com.tr\/index.php\/wp-json\/wp\/v2\/product\/705567","targetHints":{"allow":["GET"]}}],"collection":[{"href":"https:\/\/roveyayinevi.com.tr\/index.php\/wp-json\/wp\/v2\/product"}],"about":[{"href":"https:\/\/roveyayinevi.com.tr\/index.php\/wp-json\/wp\/v2\/types\/product"}],"wp:attachment":[{"href":"https:\/\/roveyayinevi.com.tr\/index.php\/wp-json\/wp\/v2\/media?parent=705567"}],"wp:term":[{"taxonomy":"product_brand","embeddable":true,"href":"https:\/\/roveyayinevi.com.tr\/index.php\/wp-json\/wp\/v2\/product_brand?post=705567"},{"taxonomy":"product_cat","embeddable":true,"href":"https:\/\/roveyayinevi.com.tr\/index.php\/wp-json\/wp\/v2\/product_cat?post=705567"},{"taxonomy":"product_tag","embeddable":true,"href":"https:\/\/roveyayinevi.com.tr\/index.php\/wp-json\/wp\/v2\/product_tag?post=705567"}],"curies":[{"name":"wp","href":"https:\/\/api.w.org\/{rel}","templated":true}]}}