{"id":705549,"date":"2025-08-27T15:46:52","date_gmt":"2025-08-27T12:46:52","guid":{"rendered":"https:\/\/roveyayinevi.com.tr\/index.php\/urun\/yerinden-edilenlerin-cografyalari-filistin-koy-tarihleri\/"},"modified":"2026-04-16T02:14:25","modified_gmt":"2026-04-15T23:14:25","slug":"yerinden-edilenlerin-cografyalari-filistin-koy-tarihleri","status":"publish","type":"product","link":"https:\/\/roveyayinevi.com.tr\/index.php\/urun\/yerinden-edilenlerin-cografyalari-filistin-koy-tarihleri\/","title":{"rendered":"Yerinden Edilenlerin Co\u011frafyalar\u0131: Filistin K\u00f6y Tarihleri"},"content":{"rendered":"<p>1948 Arap-\u0130srail Sava\u015f\u0131 sonucunda Filistin\u2019de ya\u015fayan binlerce Arap yerinden oldu, onlarca k\u00f6y yok edildi. Filistinlilerin \u00f6nemli bir k\u0131sm\u0131 L\u00fcbnan, Suriye, \u00dcrd\u00fcn, M\u0131s\u0131r ve Gazze \u015eeridi\u2019nde m\u00fclteci stat\u00fcs\u00fcnde ya\u015famaya ba\u015flad\u0131. Filistinliler t\u00fcm bu olaylar\u0131 nekbe (felaket) olarak adland\u0131rd\u0131. Nekbe s\u00fcrecinde bo\u015falt\u0131lan ve b\u00fcy\u00fck \u00f6l\u00e7\u00fcde yok edilen 400\u2019\u00fc a\u015fk\u0131n Filistin k\u00f6y\u00fc hakk\u0131nda 120\u2019den fazla \u201ck\u00f6y anma kitab\u0131\u201d yay\u0131mland\u0131. Bug\u00fcn bu kitaplar, Filistinlilerin ya\u015fad\u0131\u011f\u0131 bu k\u00f6ylerin bir zamanlar haritada var oldu\u011funa dair kan\u0131t dosyalar olarak sunuluyor. <\/p>\n","protected":false},"excerpt":{"rendered":"<p>1948 Arap-\u0130srail Sava\u015f\u0131 sonucunda Filistin\u2019de ya\u015fayan binlerce Arap yerinden oldu, onlarca k\u00f6y yok edildi. Filistinlilerin \u00f6nemli bir k\u0131sm\u0131 L\u00fcbnan, Suriye, \u00dcrd\u00fcn, M\u0131s\u0131r ve Gazze \u015eeridi\u2019nde m\u00fclteci<span class=\"excerpt-hellip\"> [\u2026]<\/span><\/p>\n","protected":false},"featured_media":0,"template":"","meta":{"_monsterinsights_skip_tracking":false,"_monsterinsights_sitenote_active":false,"_monsterinsights_sitenote_note":"","_monsterinsights_sitenote_category":0},"product_brand":[],"product_cat":[12312,12304],"product_tag":[],"class_list":{"0":"post-705549","1":"product","2":"type-product","3":"status-publish","5":"product_cat-diger","6":"product_cat-tarih","7":"pa_tur-kitap","8":"pa_yayinevi-koc-universitesi-yayinlari","9":"pa_yazar-rochelle-a-davis","11":"first","12":"instock","13":"sale","14":"shipping-taxable","15":"purchasable","16":"product-type-simple"},"_links":{"self":[{"href":"https:\/\/roveyayinevi.com.tr\/index.php\/wp-json\/wp\/v2\/product\/705549","targetHints":{"allow":["GET"]}}],"collection":[{"href":"https:\/\/roveyayinevi.com.tr\/index.php\/wp-json\/wp\/v2\/product"}],"about":[{"href":"https:\/\/roveyayinevi.com.tr\/index.php\/wp-json\/wp\/v2\/types\/product"}],"wp:attachment":[{"href":"https:\/\/roveyayinevi.com.tr\/index.php\/wp-json\/wp\/v2\/media?parent=705549"}],"wp:term":[{"taxonomy":"product_brand","embeddable":true,"href":"https:\/\/roveyayinevi.com.tr\/index.php\/wp-json\/wp\/v2\/product_brand?post=705549"},{"taxonomy":"product_cat","embeddable":true,"href":"https:\/\/roveyayinevi.com.tr\/index.php\/wp-json\/wp\/v2\/product_cat?post=705549"},{"taxonomy":"product_tag","embeddable":true,"href":"https:\/\/roveyayinevi.com.tr\/index.php\/wp-json\/wp\/v2\/product_tag?post=705549"}],"curies":[{"name":"wp","href":"https:\/\/api.w.org\/{rel}","templated":true}]}}