{"id":705545,"date":"2025-08-27T15:46:50","date_gmt":"2025-08-27T12:46:50","guid":{"rendered":"https:\/\/roveyayinevi.com.tr\/index.php\/urun\/evren-kac-yasinda\/"},"modified":"2026-04-16T02:14:24","modified_gmt":"2026-04-15T23:14:24","slug":"evren-kac-yasinda","status":"publish","type":"product","link":"https:\/\/roveyayinevi.com.tr\/index.php\/urun\/evren-kac-yasinda\/","title":{"rendered":"Evren Ka\u00e7 Ya\u015f\u0131nda?"},"content":{"rendered":"<p>G\u00f6kbilimciler y\u0131ld\u0131zlar\u0131 laboratuarlar\u0131na getiremezler, s\u0131cakl\u0131klar\u0131 de\u011fi\u015fti\u011finde nas\u0131l davrand\u0131klar\u0131n\u0131 g\u00f6rmek i\u00e7in y\u0131ld\u0131zlar\u0131 \u0131s\u0131t\u0131p so\u011futamazlar, g\u00f6kadalar\u0131 kesip a\u00e7arak \u00e7ekirdeklerine bakamazlar. G\u00f6kbilimciler yaln\u0131zca evrenin sunduklar\u0131n\u0131  al\u0131p bundan en iyi \u015fekilde yararlanabilirler.   En sonunda 20. y\u00fczy\u0131l\u0131n son \u00e7eyre\u011finde bilim insanlar\u0131 Doppler kaymalar\u0131, radyoaktivite ve n\u00fckleer f\u00fczyon gibi son modern kavramlarla ilgili bilgilerini y\u0131ld\u0131zlar\u0131n \u00f6l\u00e7\u00fclm\u00fc\u015f \u00f6zelliklerine uygulayabildiler ve daha \u00f6nce yan\u0131tlanamayan \u00e7ok \u00e7e\u015fitli sorular\u0131n yan\u0131tlar\u0131 g\u00f6ky\u00fcz\u00fcnden ya\u011fmaya ba\u015flad\u0131. Bu kan\u0131t seli sonunda d\u00fc\u015f\u00fcn\u00fclebilecek en b\u00fcy\u00fck \u00f6l\u00e7ekteki hayret uyand\u0131r\u0131c\u0131 ve zorlukla kazan\u0131lan bir entelekt\u00fcel zafere yol a\u00e7t\u0131. Bu insanl\u0131\u011f\u0131n zihnini me\u015fgul etmi\u015f en temel sorulardan birinin cevab\u0131yd\u0131: Evren ka\u00e7 ya\u015f\u0131nda?  Art\u0131k bu sorunun cevab\u0131n\u0131n 13,7 milyar y\u0131l oldu\u011funu biliyoruz.  Bu kitap bu muhte\u015fem bilginin \u00f6yk\u00fcs\u00fcn\u00fc anlat\u0131yor.   \u201cKozmosun ya\u015f\u0131na dair ortaya at\u0131lan kuramlar y\u00fczy\u0131llar boyunca \u015fekillendi. Weintraub\u2019un kitab\u0131 bu s\u00fcrecin bilimsel anlat\u0131m\u0131n\u0131 harika bir \u015fekilde sunuyor.\u201d \u2013Nature   \u201cWeintraub modern astronomiyi herkesin anlayabilece\u011fi bir d\u00fczeye \u00e7ekmi\u015f.\u201d  \u2013Alastair Gunn, BBC Sky at Night Magazine   \u201cBu harika dedektiflik \u00f6yk\u00fcs\u00fc astronomideki en zorlu gizemi a\u00e7\u0131kl\u0131\u011fa kavu\u015fturuyor.\u201d \u2013Choice   \u201cBelki yan\u0131t\u0131 biliyorsunuz, ama bu yan\u0131ta nas\u0131l ula\u015f\u0131ld\u0131\u011f\u0131n\u0131 konunun uzman\u0131 David Weintraub ola\u011fan\u00fcst\u00fc bir a\u00e7\u0131kl\u0131kla anlatm\u0131\u015f.\u201d \u2013Michael Brooks, New Scientist <\/p>\n","protected":false},"excerpt":{"rendered":"<p>G\u00f6kbilimciler y\u0131ld\u0131zlar\u0131 laboratuarlar\u0131na getiremezler, s\u0131cakl\u0131klar\u0131 de\u011fi\u015fti\u011finde nas\u0131l davrand\u0131klar\u0131n\u0131 g\u00f6rmek i\u00e7in y\u0131ld\u0131zlar\u0131 \u0131s\u0131t\u0131p so\u011futamazlar, g\u00f6kadalar\u0131 kesip a\u00e7arak \u00e7ekirdeklerine bakamazlar. G\u00f6kbilimciler yaln\u0131zca evrenin sunduklar\u0131n\u0131 al\u0131p bundan en iyi<span class=\"excerpt-hellip\"> [\u2026]<\/span><\/p>\n","protected":false},"featured_media":0,"template":"","meta":{"_monsterinsights_skip_tracking":false,"_monsterinsights_sitenote_active":false,"_monsterinsights_sitenote_note":"","_monsterinsights_sitenote_category":0},"product_brand":[],"product_cat":[13005,13006],"product_tag":[],"class_list":{"0":"post-705545","1":"product","2":"type-product","3":"status-publish","5":"product_cat-bilim-muhendislik","6":"product_cat-populer-bilim","7":"pa_cilt-ciltsiz","8":"pa_tur-kitap","9":"pa_yayinevi-alfa-yayinlari","10":"pa_yazar-david-a-weintraub","12":"first","13":"instock","14":"sale","15":"shipping-taxable","16":"purchasable","17":"product-type-simple"},"_links":{"self":[{"href":"https:\/\/roveyayinevi.com.tr\/index.php\/wp-json\/wp\/v2\/product\/705545","targetHints":{"allow":["GET"]}}],"collection":[{"href":"https:\/\/roveyayinevi.com.tr\/index.php\/wp-json\/wp\/v2\/product"}],"about":[{"href":"https:\/\/roveyayinevi.com.tr\/index.php\/wp-json\/wp\/v2\/types\/product"}],"wp:attachment":[{"href":"https:\/\/roveyayinevi.com.tr\/index.php\/wp-json\/wp\/v2\/media?parent=705545"}],"wp:term":[{"taxonomy":"product_brand","embeddable":true,"href":"https:\/\/roveyayinevi.com.tr\/index.php\/wp-json\/wp\/v2\/product_brand?post=705545"},{"taxonomy":"product_cat","embeddable":true,"href":"https:\/\/roveyayinevi.com.tr\/index.php\/wp-json\/wp\/v2\/product_cat?post=705545"},{"taxonomy":"product_tag","embeddable":true,"href":"https:\/\/roveyayinevi.com.tr\/index.php\/wp-json\/wp\/v2\/product_tag?post=705545"}],"curies":[{"name":"wp","href":"https:\/\/api.w.org\/{rel}","templated":true}]}}