{"id":705539,"date":"2025-08-27T15:46:48","date_gmt":"2025-08-27T12:46:48","guid":{"rendered":"https:\/\/roveyayinevi.com.tr\/index.php\/urun\/zaman-aynasi-namaz\/"},"modified":"2026-04-16T02:14:24","modified_gmt":"2026-04-15T23:14:24","slug":"zaman-aynasi-namaz","status":"publish","type":"product","link":"https:\/\/roveyayinevi.com.tr\/index.php\/urun\/zaman-aynasi-namaz\/","title":{"rendered":"Zaman Aynas\u0131 Namaz"},"content":{"rendered":"<p>Said Nursi, vaktin kalbine day\u0131yor can kula\u011f\u0131n\u0131. Varl\u0131\u011f\u0131n g\u00f6\u011fs\u00fcnden hayat\u0131n bile\u011fine vuran nab\u0131zda tutuyor ba\u015fparma\u011f\u0131n\u0131. \u0130nsan\u0131n varolu\u015f sanc\u0131s\u0131n\u0131 uyand\u0131rarak, namaz\u0131n g\u00f6lgesine \u00e7a\u011f\u0131r\u0131yor kalbi. Kalbin gizli a\u011flay\u0131\u015flar\u0131n\u0131 duyarak, sonsuzlu\u011fun g\u00f6\u011f\u00fcne uzat\u0131yor \u00fcmitleri.  Ali Mermer ve Senai Demirci, yar\u0131m y\u00fczy\u0131la varan ders halkas\u0131 birikimleriyle, Dokuzuncu S\u00f6z\u2019\u00fcn dip seslerine kulak kesiliyor, Kur\u2019ani g\u00f6ndermelerini yokluyor, Risale-i Nur\u2019un g\u00f6z gezdirdi\u011fi ufka a\u00e7\u0131l\u0131yorlar. Said Nursi\u2019nin ard\u0131 s\u0131ra b\u0131rakt\u0131\u011f\u0131 \u2018n\u00fcve\u2019 metnin ne\u015fv\u00fcnemas\u0131na \u015fahitlik ediyorlar. Risale-i Nur\u2019un, vahye tutunan ve esmaya uzanan metnine refakat ederek, namaz\u0131 \u201czaman aynas\u0131\u201d olarak okuyorlar. <\/p>\n","protected":false},"excerpt":{"rendered":"<p>Said Nursi, vaktin kalbine day\u0131yor can kula\u011f\u0131n\u0131. Varl\u0131\u011f\u0131n g\u00f6\u011fs\u00fcnden hayat\u0131n bile\u011fine vuran nab\u0131zda tutuyor ba\u015fparma\u011f\u0131n\u0131. \u0130nsan\u0131n varolu\u015f sanc\u0131s\u0131n\u0131 uyand\u0131rarak, namaz\u0131n g\u00f6lgesine \u00e7a\u011f\u0131r\u0131yor kalbi. Kalbin gizli a\u011flay\u0131\u015flar\u0131n\u0131<span class=\"excerpt-hellip\"> [\u2026]<\/span><\/p>\n","protected":false},"featured_media":0,"template":"","meta":{"_monsterinsights_skip_tracking":false,"_monsterinsights_sitenote_active":false,"_monsterinsights_sitenote_note":"","_monsterinsights_sitenote_category":0},"product_brand":[],"product_cat":[16789,12718,12719],"product_tag":[],"class_list":{"0":"post-705539","1":"product","2":"type-product","3":"status-publish","5":"product_cat-diger-islam","6":"product_cat-din","7":"product_cat-islam","8":"pa_tur-kitap","9":"pa_yayinevi-nesil-yayinlari","10":"pa_yazar-ali-mermer","12":"first","13":"instock","14":"sale","15":"shipping-taxable","16":"purchasable","17":"product-type-simple"},"_links":{"self":[{"href":"https:\/\/roveyayinevi.com.tr\/index.php\/wp-json\/wp\/v2\/product\/705539","targetHints":{"allow":["GET"]}}],"collection":[{"href":"https:\/\/roveyayinevi.com.tr\/index.php\/wp-json\/wp\/v2\/product"}],"about":[{"href":"https:\/\/roveyayinevi.com.tr\/index.php\/wp-json\/wp\/v2\/types\/product"}],"wp:attachment":[{"href":"https:\/\/roveyayinevi.com.tr\/index.php\/wp-json\/wp\/v2\/media?parent=705539"}],"wp:term":[{"taxonomy":"product_brand","embeddable":true,"href":"https:\/\/roveyayinevi.com.tr\/index.php\/wp-json\/wp\/v2\/product_brand?post=705539"},{"taxonomy":"product_cat","embeddable":true,"href":"https:\/\/roveyayinevi.com.tr\/index.php\/wp-json\/wp\/v2\/product_cat?post=705539"},{"taxonomy":"product_tag","embeddable":true,"href":"https:\/\/roveyayinevi.com.tr\/index.php\/wp-json\/wp\/v2\/product_tag?post=705539"}],"curies":[{"name":"wp","href":"https:\/\/api.w.org\/{rel}","templated":true}]}}