{"id":705503,"date":"2025-08-27T15:46:35","date_gmt":"2025-08-27T12:46:35","guid":{"rendered":"https:\/\/roveyayinevi.com.tr\/index.php\/urun\/harley-quinn-cilt-1-sehrin-ateslisi\/"},"modified":"2026-04-16T02:14:23","modified_gmt":"2026-04-15T23:14:23","slug":"harley-quinn-cilt-1-sehrin-ateslisi","status":"publish","type":"product","link":"https:\/\/roveyayinevi.com.tr\/index.php\/urun\/harley-quinn-cilt-1-sehrin-ateslisi\/","title":{"rendered":"Harley Quinn Cilt 1 &#8211; \u015eehrin Ate\u015flisi"},"content":{"rendered":"<p>Harley&#8217;ini gazla! Coney Adas\u0131&#8217;nda H\u0131zla Savrulan Tek \u015eey Siklon De\u011fil&#8230; En az\u0131ndan Harley Quinn \u015fehre geldikten sonra. Gotham&#8217;\u0131n en g\u00f6zde sosyopat\u0131na i\u015flek bir cadde \u00fczerinde bir bina miras kal\u0131nca, Harley ucube g\u00f6sterilerinin yap\u0131ld\u0131\u011f\u0131 bu yerde kendini (tam anlam\u0131yla) evinde hisseder. Ne yaz\u0131k ki, Harley&#8217;nin ba\u015f\u0131na konan \u00f6d\u00fcl\u00fcn pe\u015finde olan kiral\u0131k katiller de bunun fark\u0131ndad\u0131r. Harley Quinn&#8217;den ba\u015fka kim su\u00e7lar\u0131n damgas\u0131n\u0131 vurdu\u011fu korunaks\u0131z Brooklyn&#8217;in beraberinde getirdikleriyle -Rus ajanlar\u0131yla, ya\u015fl\u0131larla ve k\u0131yas\u0131ya oynanan paten ma\u00e7lar\u0131yla- u\u011fra\u015f\u0131rken yine de duble ac\u0131l\u0131 sosisli sandvi\u00e7 yemeye f\u0131rsat bulabilir ki? HARLEY QUINN: \u015eEHR\u0130N ATE\u015eL\u0130S\u0130&#8217;NDE yazarlar JIMMY PALMIOTTI &amp; AMANDA CONNER, \u00e7izer CHAD HARDIN ve \u00e7izgi roman sekt\u00f6r\u00fcn\u00fcn en b\u00fcy\u00fck yeteneklerinden olu\u015fan bir tak\u0131m ile beraber \u00e7ok daha fazlas\u0131 var. Aya\u011fa kalk\u0131n ve b\u00fcy\u00fck Quinn&#8217;i selamlay\u0131n. Bu ciltte Harley Quinn #0-8 aras\u0131ndaki say\u0131lar bir araya getirilmi\u015ftir. (Tan\u0131t\u0131m B\u00fclteninden)<\/p>\n","protected":false},"excerpt":{"rendered":"<p>Harley&#8217;ini gazla! Coney Adas\u0131&#8217;nda H\u0131zla Savrulan Tek \u015eey Siklon De\u011fil&#8230; En az\u0131ndan Harley Quinn \u015fehre geldikten sonra. Gotham&#8217;\u0131n en g\u00f6zde sosyopat\u0131na i\u015flek bir cadde \u00fczerinde bir<span class=\"excerpt-hellip\"> [\u2026]<\/span><\/p>\n","protected":false},"featured_media":0,"template":"","meta":{"_monsterinsights_skip_tracking":false,"_monsterinsights_sitenote_active":false,"_monsterinsights_sitenote_note":"","_monsterinsights_sitenote_category":0},"product_brand":[],"product_cat":[12416,12291],"product_tag":[],"class_list":{"0":"post-705503","1":"product","2":"type-product","3":"status-publish","5":"product_cat-cizgi-roman","6":"product_cat-edebiyat","7":"pa_cilt-ciltsiz","8":"pa_tur-kitap","9":"pa_yayinevi-jbc-yayincilik","10":"pa_yazar-jimmy-palmiotti-amanda-conner","12":"first","13":"instock","14":"sale","15":"shipping-taxable","16":"purchasable","17":"product-type-simple"},"_links":{"self":[{"href":"https:\/\/roveyayinevi.com.tr\/index.php\/wp-json\/wp\/v2\/product\/705503","targetHints":{"allow":["GET"]}}],"collection":[{"href":"https:\/\/roveyayinevi.com.tr\/index.php\/wp-json\/wp\/v2\/product"}],"about":[{"href":"https:\/\/roveyayinevi.com.tr\/index.php\/wp-json\/wp\/v2\/types\/product"}],"wp:attachment":[{"href":"https:\/\/roveyayinevi.com.tr\/index.php\/wp-json\/wp\/v2\/media?parent=705503"}],"wp:term":[{"taxonomy":"product_brand","embeddable":true,"href":"https:\/\/roveyayinevi.com.tr\/index.php\/wp-json\/wp\/v2\/product_brand?post=705503"},{"taxonomy":"product_cat","embeddable":true,"href":"https:\/\/roveyayinevi.com.tr\/index.php\/wp-json\/wp\/v2\/product_cat?post=705503"},{"taxonomy":"product_tag","embeddable":true,"href":"https:\/\/roveyayinevi.com.tr\/index.php\/wp-json\/wp\/v2\/product_tag?post=705503"}],"curies":[{"name":"wp","href":"https:\/\/api.w.org\/{rel}","templated":true}]}}