{"id":705487,"date":"2025-08-27T15:46:29","date_gmt":"2025-08-27T12:46:29","guid":{"rendered":"https:\/\/roveyayinevi.com.tr\/index.php\/urun\/imgelerin-olaylarin-sembolik-sakli-mesaji\/"},"modified":"2026-04-16T02:14:23","modified_gmt":"2026-04-15T23:14:23","slug":"imgelerin-olaylarin-sembolik-sakli-mesaji","status":"publish","type":"product","link":"https:\/\/roveyayinevi.com.tr\/index.php\/urun\/imgelerin-olaylarin-sembolik-sakli-mesaji\/","title":{"rendered":"\u0130mgelerin Olaylar\u0131n Sembolik Sakl\u0131 Mesaj\u0131"},"content":{"rendered":"<p>G\u00fcnl\u00fck hayatta dikkatinizi \u00e7eken imgelerin, olaylar\u0131n izini s\u00fcrd\u00fc\u011f\u00fcn\u00fczde, semboller size evrensel anlamla- r\u0131n\u0131n yan\u0131 s\u0131ra size \u00f6zel bireysel anlam\u0131n\u0131 da f\u0131s\u0131ldayacakt\u0131r. Bu f\u0131s\u0131ldanan mesajlar\u0131 duyabilmek ve anlaya- bilmek i\u00e7in belli bir \u00e7aba g\u00f6sterilmesi gerekebilir. \ufffcTan\u0131t\u0131m Metni<\/p>\n","protected":false},"excerpt":{"rendered":"<p>G\u00fcnl\u00fck hayatta dikkatinizi \u00e7eken imgelerin, olaylar\u0131n izini s\u00fcrd\u00fc\u011f\u00fcn\u00fczde, semboller size evrensel anlamla- r\u0131n\u0131n yan\u0131 s\u0131ra size \u00f6zel bireysel anlam\u0131n\u0131 da f\u0131s\u0131ldayacakt\u0131r. Bu f\u0131s\u0131ldanan mesajlar\u0131 duyabilmek ve<span class=\"excerpt-hellip\"> [\u2026]<\/span><\/p>\n","protected":false},"featured_media":0,"template":"","meta":{"_monsterinsights_skip_tracking":false,"_monsterinsights_sitenote_active":false,"_monsterinsights_sitenote_note":"","_monsterinsights_sitenote_category":0},"product_brand":[],"product_cat":[12777,12291],"product_tag":[],"class_list":{"0":"post-705487","1":"product","2":"type-product","3":"status-publish","5":"product_cat-deneme","6":"product_cat-edebiyat","7":"pa_cilt-ciltsiz","8":"pa_tur-kitap","9":"pa_yayinevi-sinir-otesi-yayinlari","10":"pa_yazar-sezaver-secki","12":"first","13":"instock","14":"sale","15":"shipping-taxable","16":"purchasable","17":"product-type-simple"},"_links":{"self":[{"href":"https:\/\/roveyayinevi.com.tr\/index.php\/wp-json\/wp\/v2\/product\/705487","targetHints":{"allow":["GET"]}}],"collection":[{"href":"https:\/\/roveyayinevi.com.tr\/index.php\/wp-json\/wp\/v2\/product"}],"about":[{"href":"https:\/\/roveyayinevi.com.tr\/index.php\/wp-json\/wp\/v2\/types\/product"}],"wp:attachment":[{"href":"https:\/\/roveyayinevi.com.tr\/index.php\/wp-json\/wp\/v2\/media?parent=705487"}],"wp:term":[{"taxonomy":"product_brand","embeddable":true,"href":"https:\/\/roveyayinevi.com.tr\/index.php\/wp-json\/wp\/v2\/product_brand?post=705487"},{"taxonomy":"product_cat","embeddable":true,"href":"https:\/\/roveyayinevi.com.tr\/index.php\/wp-json\/wp\/v2\/product_cat?post=705487"},{"taxonomy":"product_tag","embeddable":true,"href":"https:\/\/roveyayinevi.com.tr\/index.php\/wp-json\/wp\/v2\/product_tag?post=705487"}],"curies":[{"name":"wp","href":"https:\/\/api.w.org\/{rel}","templated":true}]}}