{"id":705484,"date":"2025-08-27T15:46:28","date_gmt":"2025-08-27T12:46:28","guid":{"rendered":"https:\/\/roveyayinevi.com.tr\/index.php\/urun\/dunya-solu-ve-cinin-konumu\/"},"modified":"2026-04-16T02:14:23","modified_gmt":"2026-04-15T23:14:23","slug":"dunya-solu-ve-cinin-konumu","status":"publish","type":"product","link":"https:\/\/roveyayinevi.com.tr\/index.php\/urun\/dunya-solu-ve-cinin-konumu\/","title":{"rendered":"D\u00fcnya Solu ve \u00c7in\u2019in Konumu"},"content":{"rendered":"<p>Elinizdeki kitap ilklerden biri, son 20 y\u0131l i\u00e7inde T\u00fcrkiye\u2019de K\u0131ta \u00c7in\u2019li yazarlar\u0131n kaleminden \u00e7\u0131kan bir kitap yay\u0131nlanmam\u0131\u015ft\u0131. Kitap, g\u00fcn\u00fcm\u00fcz d\u00fcnyas\u0131n\u0131n en tart\u0131\u015fmal\u0131 s\u00fcre\u00e7lerinden olan k\u00fcreselle\u015fmeyi, k\u00fcreselle\u015fme \u00e7a\u011f\u0131nda kapitalizm ve sosyalizm aras\u0131ndaki ili\u015fkileri, fakat ayn\u0131 zamanda \u00e7eli\u015fkileri i\u00e7inde ele alan \u00f6zg\u00fcn bir yakla\u015f\u0131m sunuyor. Yazarlar, olduk\u00e7a zengin somut veri sunumunun yan\u0131 s\u0131ra, k\u00fcreselle\u015fme ile kapitalizm aras\u0131ndaki ili\u015fkileri Marksist bir model i\u00e7inde analiz ederek, s\u00fcre\u00e7 i\u00e7inde d\u00fcnya sosyalizminin geli\u015fmesi i\u00e7in do\u011fan ko\u015fullara ve f\u0131rsatlara dikkat \u00e7ekiyorlar. \ufffcTan\u0131t\u0131m Metni<\/p>\n","protected":false},"excerpt":{"rendered":"<p>Elinizdeki kitap ilklerden biri, son 20 y\u0131l i\u00e7inde T\u00fcrkiye\u2019de K\u0131ta \u00c7in\u2019li yazarlar\u0131n kaleminden \u00e7\u0131kan bir kitap yay\u0131nlanmam\u0131\u015ft\u0131. Kitap, g\u00fcn\u00fcm\u00fcz d\u00fcnyas\u0131n\u0131n en tart\u0131\u015fmal\u0131 s\u00fcre\u00e7lerinden olan k\u00fcreselle\u015fmeyi, k\u00fcreselle\u015fme<span class=\"excerpt-hellip\"> [\u2026]<\/span><\/p>\n","protected":false},"featured_media":0,"template":"","meta":{"_monsterinsights_skip_tracking":false,"_monsterinsights_sitenote_active":false,"_monsterinsights_sitenote_note":"","_monsterinsights_sitenote_category":0},"product_brand":[],"product_cat":[13059,12337],"product_tag":[],"class_list":{"0":"post-705484","1":"product","2":"type-product","3":"status-publish","5":"product_cat-diger-politika-siyaset","6":"product_cat-politika-siyaset","7":"pa_tur-kitap","8":"pa_yayinevi-canut-yayinlari","9":"pa_yazar-pu-guoliang","11":"first","12":"instock","13":"sale","14":"shipping-taxable","15":"purchasable","16":"product-type-simple"},"_links":{"self":[{"href":"https:\/\/roveyayinevi.com.tr\/index.php\/wp-json\/wp\/v2\/product\/705484","targetHints":{"allow":["GET"]}}],"collection":[{"href":"https:\/\/roveyayinevi.com.tr\/index.php\/wp-json\/wp\/v2\/product"}],"about":[{"href":"https:\/\/roveyayinevi.com.tr\/index.php\/wp-json\/wp\/v2\/types\/product"}],"wp:attachment":[{"href":"https:\/\/roveyayinevi.com.tr\/index.php\/wp-json\/wp\/v2\/media?parent=705484"}],"wp:term":[{"taxonomy":"product_brand","embeddable":true,"href":"https:\/\/roveyayinevi.com.tr\/index.php\/wp-json\/wp\/v2\/product_brand?post=705484"},{"taxonomy":"product_cat","embeddable":true,"href":"https:\/\/roveyayinevi.com.tr\/index.php\/wp-json\/wp\/v2\/product_cat?post=705484"},{"taxonomy":"product_tag","embeddable":true,"href":"https:\/\/roveyayinevi.com.tr\/index.php\/wp-json\/wp\/v2\/product_tag?post=705484"}],"curies":[{"name":"wp","href":"https:\/\/api.w.org\/{rel}","templated":true}]}}